000
CDUS43 KGRR 122126
CLILAN


CLIMATE REPORT
NATIONAL WEATHER SERVICE GRAND RAPIDS, MI
526 PM EDT TUE AUG 12 2014


...................................

...THE LANSING MI CLIMATE SUMMARY FOR AUGUST 12 2014...
VALID TODAY AS OF 0500 PM LOCAL TIME.

CLIMATE NORMAL PERIOD 1981 TO 2010
CLIMATE RECORD PERIOD 1864 TO 2014


WEATHER ITEM   OBSERVED TIME   RECORD YEAR NORMAL DEPARTURE LAST
                VALUE   (LST)  VALUE       VALUE  FROM      YEAR
                                                  NORMAL
..................................................................
TEMPERATURE (F)
 TODAY
  MAXIMUM         73   1210 PM  96    1864  81     -8       70
  MINIMUM         61    248 AM  37    1868  60      1       63
  AVERAGE         67                        70     -3       67

PRECIPITATION (IN)
  TODAY            0.03          1.40 1990   0.11  -0.08     1.03
  MONTH TO DATE    2.96                      1.25   1.71     1.30
  SINCE JUN 1     14.22                      7.54   6.68    11.45
  SINCE JAN 1     25.43                     19.11   6.32    29.45

SNOWFALL (IN)
  TODAY            0.0           0.0    MM   0.0    0.0      0.0
  MONTH TO DATE    0.0                       0.0    0.0      0.0
  SINCE JUN 1      0.0                       0.0    0.0      0.0
  SINCE JUL 1      0.0                       0.0    0.0      0.0
  SNOW DEPTH       0

DEGREE DAYS
 HEATING
  TODAY            0                         1     -1        0
  MONTH TO DATE    0                         8     -8        4
  SINCE JUN 1     53                        74    -21       70
  SINCE JUL 1     29                        19     10       20

 COOLING
  TODAY            2                         6     -4        2
  MONTH TO DATE   49                        72    -23       38
  SINCE JUN 1    300                       417   -117      397
  SINCE JAN 1    339                       458   -119      470
..................................................................


WIND (MPH)
  RESULTANT WIND SPEED   6   RESULTANT WIND DIRECTION   W (270)
  HIGHEST WIND SPEED    17   HIGHEST WIND DIRECTION     W (260)
  HIGHEST GUST SPEED    22   HIGHEST GUST DIRECTION     W (250)
  AVERAGE WIND SPEED     6.4


SKY COVER
  AVERAGE SKY COVER 0.8


WEATHER CONDITIONS
 THE FOLLOWING WEATHER WAS RECORDED TODAY.
  LIGHT RAIN
  FOG
  HAZE


RELATIVE HUMIDITY (PERCENT)
 HIGHEST   100           500 AM
 LOWEST     68          1200 PM
 AVERAGE    84

..........................................................


THE LANSING MI CLIMATE NORMALS FOR TOMORROW
                         NORMAL    RECORD    YEAR
 MAXIMUM TEMPERATURE (F)   81        96      1918
 MINIMUM TEMPERATURE (F)   60        41      1967


SUNRISE AND SUNSET
AUGUST 12 2014........SUNRISE   641 AM EDT   SUNSET   845 PM EDT
AUGUST 13 2014........SUNRISE   643 AM EDT   SUNSET   843 PM EDT


-  INDICATES NEGATIVE NUMBERS.
R  INDICATES RECORD WAS SET OR TIED.
MM INDICATES DATA IS MISSING.
T  INDICATES TRACE AMOUNT.




$$
