000
CDUS43 KGRR 101347
CLILAN


CLIMATE REPORT
NATIONAL WEATHER SERVICE GRAND RAPIDS, MI
947 AM EDT WED MAY 10 2017


...................................

...THE LANSING MI CLIMATE SUMMARY FOR MAY 10 2017...
VALID AS OF 0900 AM LOCAL TIME.

CLIMATE NORMAL PERIOD 1981 TO 2010
CLIMATE RECORD PERIOD 1864 TO 2017


WEATHER ITEM   OBSERVED TIME   RECORD YEAR NORMAL DEPARTURE LAST
                VALUE   (LST)  VALUE       VALUE  FROM      YEAR
                                                  NORMAL
..................................................................
TEMPERATURE (F)
 TODAY
  MAXIMUM         53    759 AM  91    1895  67    -14       54
  MINIMUM         46    151 AM  19    1966  45      1       48
  AVERAGE         50                        56     -6       51

PRECIPITATION (IN)
  TODAY            0.00          1.72 1981   0.11  -0.11     0.54
  MONTH TO DATE    0.84                      1.04  -0.20     1.42
  SINCE MAR 1      9.13                      6.13   3.00     8.18
  SINCE JAN 1     15.41                      9.25   6.16    11.34

SNOWFALL (IN)
  TODAY            0.0           2.0  1902   0.0    0.0      0.0
  MONTH TO DATE    0.0                       0.0    0.0      0.0
  SINCE MAR 1      2.6                       8.9   -6.3     16.4
  SINCE JUL 1     30.2                      51.1  -20.9     50.0
  SNOW DEPTH       0

DEGREE DAYS
 HEATING
  TODAY           15                        10      5       14
  MONTH TO DATE  168                       110     58      124
  SINCE MAR 1   1467                      1573   -106     1489
  SINCE JUL 1   5512                      6508   -996     5649

 COOLING
  TODAY            0                         1     -1        0
  MONTH TO DATE    0                         4     -4        0
  SINCE MAR 1      8                        11     -3        1
  SINCE JAN 1      8                        11     -3        1
..................................................................


WIND (MPH)
  RESULTANT WIND SPEED   8   RESULTANT WIND DIRECTION  SE (150)
  HIGHEST WIND SPEED    12   HIGHEST WIND DIRECTION     S (160)
  HIGHEST GUST SPEED    14   HIGHEST GUST DIRECTION    SE (150)
  AVERAGE WIND SPEED     7.9


SKY COVER
  AVERAGE SKY COVER 0.5


WEATHER CONDITIONS
 THE FOLLOWING WEATHER WAS RECORDED TODAY.
  NO SIGNIFICANT WEATHER WAS OBSERVED.


RELATIVE HUMIDITY (PERCENT)
 HIGHEST    65           200 AM
 LOWEST     41           800 AM
 AVERAGE    53

..........................................................


THE LANSING MI CLIMATE NORMALS FOR TOMORROW
                         NORMAL    RECORD    YEAR
 MAXIMUM TEMPERATURE (F)   67        88      1896
 MINIMUM TEMPERATURE (F)   45        27      1907
                                             1865


SUNRISE AND SUNSET
MAY 10 2017...........SUNRISE   621 AM EDT   SUNSET   849 PM EDT
MAY 11 2017...........SUNRISE   620 AM EDT   SUNSET   850 PM EDT


-  INDICATES NEGATIVE NUMBERS.
R  INDICATES RECORD WAS SET OR TIED.
MM INDICATES DATA IS MISSING.
T  INDICATES TRACE AMOUNT.




$$
