000
CDUS43 KGRR 250605
CLILAN


CLIMATE REPORT
NATIONAL WEATHER SERVICE GRAND RAPIDS, MI
105 AM EST FRI NOV 25 2016


...................................

...THE LANSING MI CLIMATE SUMMARY FOR NOVEMBER 24 2016...

CLIMATE NORMAL PERIOD 1981 TO 2010
CLIMATE RECORD PERIOD 1864 TO 2016


WEATHER ITEM   OBSERVED TIME   RECORD YEAR NORMAL DEPARTURE LAST
                VALUE   (LST)  VALUE       VALUE  FROM      YEAR
                                                  NORMAL
..................................................................
TEMPERATURE (F)
 YESTERDAY
  MAXIMUM         44    127 PM  64    1931  43      1       41
  MINIMUM         38    524 AM  -1    1950  30      8       24
                                      1869
  AVERAGE         41                        36      5       33

PRECIPITATION (IN)
  YESTERDAY        0.05          1.01 2014   0.09  -0.04     0.00
  MONTH TO DATE    2.40                      2.28   0.12     1.18
  SINCE SEP 1      8.95                      8.31   0.64     4.72
  SINCE JAN 1     32.43                     29.40   3.03    31.05

SNOWFALL (IN)
  YESTERDAY       MM             7.8  1949   0.1   MM        0.0
  MONTH TO DATE    T                         2.1   -2.1      8.2
  SINCE SEP 1      T                         2.5   -2.5      8.2
  SINCE JUL 1      T                         2.5   -2.5      8.2
  SNOW DEPTH       0

DEGREE DAYS
 HEATING
  YESTERDAY       24                        29     -5       32
  MONTH TO DATE  447                       582   -135      447
  SINCE SEP 1    837                      1197   -360      918
  SINCE JUL 1    840                      1232   -392      949

 COOLING
  YESTERDAY        0                         0      0        0
  MONTH TO DATE    0                         0      0        0
  SINCE SEP 1    103                        68     35      122
  SINCE JAN 1    869                       625    244      615
..................................................................


WIND (MPH)
  RESULTANT WIND SPEED   7   RESULTANT WIND DIRECTION  SW (240)
  HIGHEST WIND SPEED    16   HIGHEST WIND DIRECTION     W (270)
  HIGHEST GUST SPEED    21   HIGHEST GUST DIRECTION     W (260)
  AVERAGE WIND SPEED     8.6


SKY COVER
  AVERAGE SKY COVER 1.0


WEATHER CONDITIONS
 THE FOLLOWING WEATHER WAS RECORDED YESTERDAY.
  LIGHT RAIN
  FOG
  HAZE


RELATIVE HUMIDITY (PERCENT)
 HIGHEST    93           800 AM
 LOWEST     82           100 PM
 AVERAGE    88

..........................................................


THE LANSING MI CLIMATE NORMALS FOR TODAY
                         NORMAL    RECORD    YEAR
 MAXIMUM TEMPERATURE (F)   42        63      1908
 MINIMUM TEMPERATURE (F)   29        -2      1950


SUNRISE AND SUNSET
NOVEMBER 25 2016......SUNRISE   743 AM EST   SUNSET   508 PM EST
NOVEMBER 26 2016......SUNRISE   744 AM EST   SUNSET   507 PM EST


-  INDICATES NEGATIVE NUMBERS.
R  INDICATES RECORD WAS SET OR TIED.
MM INDICATES DATA IS MISSING.
T  INDICATES TRACE AMOUNT.




$$
