000
CDUS43 KGRR 220513
CLILAN


CLIMATE REPORT
NATIONAL WEATHER SERVICE GRAND RAPIDS, MI
112 AM EDT TUE APR 22 2014


...................................

...THE LANSING MI CLIMATE SUMMARY FOR APRIL 21 2014...

CLIMATE NORMAL PERIOD 1981 TO 2010
CLIMATE RECORD PERIOD 1864 TO 2014


WEATHER ITEM   OBSERVED TIME   RECORD YEAR NORMAL DEPARTURE LAST
                VALUE   (LST)  VALUE       VALUE  FROM      YEAR
                                                  NORMAL
..................................................................
TEMPERATURE (F)
 YESTERDAY
  MAXIMUM         78    142 PM  84    1985  60     18       50
  MINIMUM         56   1012 PM  15    1875  39     17       25
  AVERAGE         67                        50     17       38

PRECIPITATION (IN)
  YESTERDAY        0.16          1.20 1905   0.10   0.06     0.00
  MONTH TO DATE    0.98                      2.15  -1.17     6.76
  SINCE MAR 1      2.67                      4.21  -1.54     7.72
  SINCE JAN 1      6.59                      7.33  -0.74    12.94

SNOWFALL (IN)
  YESTERDAY        0.0           3.0  1868   0.0    0.0      0.0
  MONTH TO DATE    0.7                       1.7   -1.0      0.5
  SINCE MAR 1     11.1                       8.7    2.4      5.7
  SINCE JUL 1     69.1                      50.9   18.2     30.2
  SNOW DEPTH       0

DEGREE DAYS
 HEATING
  YESTERDAY        0                        16    -16       27
  MONTH TO DATE  392                       408    -16      499
  SINCE MAR 1   1602                      1337    265     1547
  SINCE JUL 1   7143                      6272    871     6225

 COOLING
  YESTERDAY        2                         0      2        0
  MONTH TO DATE    2                         0      2        0
  SINCE MAR 1      2                         1      1        0
  SINCE JAN 1      2                         1      1        0
..................................................................


WIND (MPH)
  RESULTANT WIND SPEED   7   RESULTANT WIND DIRECTION  SW (230)
  HIGHEST WIND SPEED    23   HIGHEST WIND DIRECTION     W (260)
  HIGHEST GUST SPEED    27   HIGHEST GUST DIRECTION    NW (300)
  AVERAGE WIND SPEED     8.6


SKY COVER
  AVERAGE SKY COVER 0.7


WEATHER CONDITIONS
 THE FOLLOWING WEATHER WAS RECORDED YESTERDAY.
  RAIN
  LIGHT RAIN
  FOG


RELATIVE HUMIDITY (PERCENT)
 HIGHEST    93          1000 PM
 LOWEST     28           100 PM
 AVERAGE    61

..........................................................


THE LANSING MI CLIMATE NORMALS FOR TODAY
                         NORMAL    RECORD    YEAR
 MAXIMUM TEMPERATURE (F)   61        86      1980
 MINIMUM TEMPERATURE (F)   39        21      1875


SUNRISE AND SUNSET
APRIL 22 2014.........SUNRISE   646 AM EDT   SUNSET   829 PM EDT
APRIL 23 2014.........SUNRISE   644 AM EDT   SUNSET   830 PM EDT


-  INDICATES NEGATIVE NUMBERS.
R  INDICATES RECORD WAS SET OR TIED.
MM INDICATES DATA IS MISSING.
T  INDICATES TRACE AMOUNT.




$$
