000
CDUS43 KGRR 011359
CLILAN


CLIMATE REPORT
NATIONAL WEATHER SERVICE GRAND RAPIDS, MI
958 AM EDT SUN OCT 1 2017


...................................

...THE LANSING MI CLIMATE SUMMARY FOR OCTOBER 1 2017...
VALID AS OF 0900 AM LOCAL TIME.

CLIMATE NORMAL PERIOD 1981 TO 2010
CLIMATE RECORD PERIOD 1864 TO 2017


WEATHER ITEM   OBSERVED TIME   RECORD YEAR NORMAL DEPARTURE LAST
                VALUE   (LST)  VALUE       VALUE  FROM      YEAR
                                                  NORMAL
..................................................................
TEMPERATURE (F)
 TODAY
  MAXIMUM         49    759 AM  89    1897  66    -17       68
  MINIMUM         39    652 AM  27    1960  45     -6       50
  AVERAGE         44                        56    -12       59

PRECIPITATION (IN)
  TODAY            0.00          1.91 1911   0.09  -0.09     0.24
  MONTH TO DATE    0.00                      0.09  -0.09     0.24
  SINCE SEP 1      0.94                      3.59  -2.65     3.59
  SINCE JAN 1     26.24                     24.68   1.56    27.07

SNOWFALL (IN)
  TODAY            0.0           T    2003   0.0    0.0      0.0
                                      1974
  MONTH TO DATE    0.0                       0.0    0.0      0.0
  SINCE SEP 1      0.0                       0.0    0.0      0.0
  SINCE JUL 1      0.0                       0.0    0.0      0.0
  SNOW DEPTH       0

DEGREE DAYS
 HEATING
  TODAY           21                        10     11        6
  MONTH TO DATE   21                        10     11        6
  SINCE SEP 1    124                       163    -39       56
  SINCE JUL 1    153                       198    -45       59

 COOLING
  TODAY            0                         1     -1        0
  MONTH TO DATE    0                         1     -1        0
  SINCE SEP 1    130                        62     68       89
  SINCE JAN 1    764                       619    145      855
..................................................................


WIND (MPH)
  RESULTANT WIND SPEED   2   RESULTANT WIND DIRECTION  SE (130)
  HIGHEST WIND SPEED     7   HIGHEST WIND DIRECTION    SE (150)
  HIGHEST GUST SPEED     8   HIGHEST GUST DIRECTION     S (160)
  AVERAGE WIND SPEED     2.0


SKY COVER
  AVERAGE SKY COVER 0.0


WEATHER CONDITIONS
 THE FOLLOWING WEATHER WAS RECORDED TODAY.
  NO SIGNIFICANT WEATHER WAS OBSERVED.


RELATIVE HUMIDITY (PERCENT)
 HIGHEST    85           700 AM
 LOWEST     76          1200 AM
 AVERAGE    81

..........................................................


THE LANSING MI CLIMATE NORMALS FOR TOMORROW
                         NORMAL    RECORD    YEAR
 MAXIMUM TEMPERATURE (F)   66        86      1922
 MINIMUM TEMPERATURE (F)   45        25      1974


SUNRISE AND SUNSET
OCTOBER  1 2017.......SUNRISE   736 AM EDT   SUNSET   719 PM EDT
OCTOBER  2 2017.......SUNRISE   737 AM EDT   SUNSET   717 PM EDT


-  INDICATES NEGATIVE NUMBERS.
R  INDICATES RECORD WAS SET OR TIED.
MM INDICATES DATA IS MISSING.
T  INDICATES TRACE AMOUNT.




$$

JAM
