033
CDUS43 KGRR 162136
CLILAN


CLIMATE REPORT
NATIONAL WEATHER SERVICE GRAND RAPIDS, MI
535 PM EDT THU MAR 16 2017


...................................

...THE LANSING MI CLIMATE SUMMARY FOR MARCH 16 2017...
VALID TODAY AS OF 0500 PM LOCAL TIME.

CLIMATE NORMAL PERIOD 1981 TO 2010
CLIMATE RECORD PERIOD 1864 TO 2017


WEATHER ITEM   OBSERVED TIME   RECORD YEAR NORMAL DEPARTURE LAST
                VALUE   (LST)  VALUE       VALUE  FROM      YEAR
                                                  NORMAL
..................................................................
TEMPERATURE (F)
 TODAY
  MAXIMUM         40    354 PM  78    2012  44     -4       56
  MINIMUM         15    637 AM -14    1877  26    -11       46
  AVERAGE         28                        35     -7       51

PRECIPITATION (IN)
  TODAY            0.00          1.94 1942   0.06  -0.06     0.08
  MONTH TO DATE    0.61                      0.97  -0.36     1.89
  SINCE MAR 1      0.61                      0.97  -0.36     1.89
  SINCE JAN 1      6.89                      4.09   2.80     5.05

SNOWFALL (IN)
  TODAY            0.0           2.6  1973   0.3   -0.3      0.0
  MONTH TO DATE    1.6                       4.5   -2.9      8.9
  SINCE MAR 1      1.6                       4.5   -2.9      8.9
  SINCE JUL 1     29.2                      46.7  -17.5     42.5
  SNOW DEPTH       0

DEGREE DAYS
 HEATING
  TODAY           37                        30      7       14
  MONTH TO DATE  555                       528     27      399
  SINCE MAR 1    555                       528     27      399
  SINCE JUL 1   4600                      5463   -863     4559

 COOLING
  TODAY            0                         0      0        0
  MONTH TO DATE    0                         0      0        0
  SINCE MAR 1      0                         0      0        0
  SINCE JAN 1      0                         0      0        0
..................................................................


WIND (MPH)
  RESULTANT WIND SPEED   7   RESULTANT WIND DIRECTION   W (280)
  HIGHEST WIND SPEED    16   HIGHEST WIND DIRECTION     W (280)
  HIGHEST GUST SPEED    23   HIGHEST GUST DIRECTION     W (260)
  AVERAGE WIND SPEED     7.2


SKY COVER
  AVERAGE SKY COVER 0.1


WEATHER CONDITIONS
 THE FOLLOWING WEATHER WAS RECORDED TODAY.
  NO SIGNIFICANT WEATHER WAS OBSERVED.


RELATIVE HUMIDITY (PERCENT)
 HIGHEST    80           600 AM
 LOWEST     33           400 PM
 AVERAGE    57

..........................................................


THE LANSING MI CLIMATE NORMALS FOR TOMORROW
                         NORMAL    RECORD    YEAR
 MAXIMUM TEMPERATURE (F)   44        78      2012
 MINIMUM TEMPERATURE (F)   26       -10      1877


SUNRISE AND SUNSET
MARCH 16 2017.........SUNRISE   748 AM EDT   SUNSET   746 PM EDT
MARCH 17 2017.........SUNRISE   746 AM EDT   SUNSET   747 PM EDT


-  INDICATES NEGATIVE NUMBERS.
R  INDICATES RECORD WAS SET OR TIED.
MM INDICATES DATA IS MISSING.
T  INDICATES TRACE AMOUNT.




$$
