000
CDUS43 KGRR 290518
CLILAN


CLIMATE REPORT
NATIONAL WEATHER SERVICE GRAND RAPIDS, MI
1217 AM EST FRI JAN 29 2016


...................................

...THE LANSING MI CLIMATE SUMMARY FOR JANUARY 28 2016...

CLIMATE NORMAL PERIOD 1981 TO 2010
CLIMATE RECORD PERIOD 1864 TO 2016


WEATHER ITEM   OBSERVED TIME   RECORD YEAR NORMAL DEPARTURE LAST
                VALUE   (LST)  VALUE       VALUE  FROM      YEAR
                                                  NORMAL
..................................................................
TEMPERATURE (F)
 YESTERDAY
  MAXIMUM         34    430 PM  60    1864  30      4       31
  MINIMUM         26   1159 PM -22    1885  17      9        8
  AVERAGE         30                        23      7       20

PRECIPITATION (IN)
  YESTERDAY        0.04          0.60 1994   0.05  -0.01     0.00
  MONTH TO DATE    1.33                      1.52  -0.19     1.30
  SINCE DEC 1      4.05                      3.39   0.66     2.86
  SINCE JAN 1      1.33                      1.52  -0.19     1.30

SNOWFALL (IN)
  YESTERDAY        0.1           3.0  1875   0.4   -0.3      0.0
  MONTH TO DATE    7.8                      12.5   -4.7     10.7
  SINCE DEC 1      9.7                      25.5  -15.8     12.2
  SINCE JUL 1     17.9                      29.3  -11.4     18.4
  SNOW DEPTH       1

DEGREE DAYS
 HEATING
  YESTERDAY       35                        42     -7       45
  MONTH TO DATE 1123                      1167    -44     1256
  SINCE DEC 1   1920                      2305   -385     2285
  SINCE JUL 1   3028                      3719   -691     3881

 COOLING
  YESTERDAY        0                         0      0        0
  MONTH TO DATE    0                         0      0        0
  SINCE DEC 1      0                         0      0        0
  SINCE JAN 1      0                         0      0        0
..................................................................


WIND (MPH)
  RESULTANT WIND SPEED  11   RESULTANT WIND DIRECTION  SW (230)
  HIGHEST WIND SPEED    23   HIGHEST WIND DIRECTION    SW (220)
  HIGHEST GUST SPEED    32   HIGHEST GUST DIRECTION     S (200)
  AVERAGE WIND SPEED    14.1


SKY COVER
  AVERAGE SKY COVER 0.9


WEATHER CONDITIONS
 THE FOLLOWING WEATHER WAS RECORDED YESTERDAY.
  LIGHT SNOW
  FOG
  HAZE


RELATIVE HUMIDITY (PERCENT)
 HIGHEST    89           400 PM
 LOWEST     68          1100 PM
 AVERAGE    79

..........................................................


THE LANSING MI CLIMATE NORMALS FOR TODAY
                         NORMAL    RECORD    YEAR
 MAXIMUM TEMPERATURE (F)   30        57      2013
 MINIMUM TEMPERATURE (F)   17       -28      1867


SUNRISE AND SUNSET
JANUARY 29 2016.......SUNRISE   756 AM EST   SUNSET   547 PM EST
JANUARY 30 2016.......SUNRISE   755 AM EST   SUNSET   548 PM EST


-  INDICATES NEGATIVE NUMBERS.
R  INDICATES RECORD WAS SET OR TIED.
MM INDICATES DATA IS MISSING.
T  INDICATES TRACE AMOUNT.




$$
