000
CDUS43 KGRR 170516
CLILAN


CLIMATE REPORT
NATIONAL WEATHER SERVICE GRAND RAPIDS, MI
116 AM EDT THU JUL 17 2014


...................................

...THE LANSING MI CLIMATE SUMMARY FOR JULY 16 2014...

CLIMATE NORMAL PERIOD 1981 TO 2010
CLIMATE RECORD PERIOD 1864 TO 2014


WEATHER ITEM   OBSERVED TIME   RECORD YEAR NORMAL DEPARTURE LAST
                VALUE   (LST)  VALUE       VALUE  FROM      YEAR
                                                  NORMAL
..................................................................
TEMPERATURE (F)
 YESTERDAY
  MAXIMUM         70    231 PM  98    1988  83    -13       92
                                      1895
  MINIMUM         51    208 AM  39    1896  61    -10       73
                                      1865
  AVERAGE         61                        72    -11       83

PRECIPITATION (IN)
  YESTERDAY        T             1.33 1988   0.09  -0.09      T
  MONTH TO DATE    4.40                      1.46   2.94     0.66
  SINCE JUN 1     10.80                      4.91   5.89     9.06
  SINCE JAN 1     22.01                     16.48   5.53    27.06

SNOWFALL (IN)
  YESTERDAY        0.0           0.0    MM   0.0    0.0      0.0
  MONTH TO DATE    0.0                       0.0    0.0      0.0
  SINCE JUN 1      0.0                       0.0    0.0      0.0
  SINCE JUL 1      0.0                       0.0    0.0      0.0
  SNOW DEPTH       0

DEGREE DAYS
 HEATING
  YESTERDAY        4                         0      4        0
  MONTH TO DATE   14                         2     12        2
  SINCE JUN 1     38                        57    -19       52
  SINCE JUL 1     14                         2     12        2

 COOLING
  YESTERDAY        0                         7     -7       18
  MONTH TO DATE   59                       112    -53      128
  SINCE JUN 1    206                       244    -38      261
  SINCE JAN 1    245                       285    -40      334
..................................................................


WIND (MPH)
  RESULTANT WIND SPEED   6   RESULTANT WIND DIRECTION   W (290)
  HIGHEST WIND SPEED    16   HIGHEST WIND DIRECTION     N (350)
  HIGHEST GUST SPEED    23   HIGHEST GUST DIRECTION     W (270)
  AVERAGE WIND SPEED     6.7


SKY COVER
  AVERAGE SKY COVER 0.8


WEATHER CONDITIONS
 THE FOLLOWING WEATHER WAS RECORDED YESTERDAY.
  LIGHT RAIN
  FOG


RELATIVE HUMIDITY (PERCENT)
 HIGHEST    93          1200 AM
 LOWEST     52           300 PM
 AVERAGE    73

..........................................................


THE LANSING MI CLIMATE NORMALS FOR TODAY
                         NORMAL    RECORD    YEAR
 MAXIMUM TEMPERATURE (F)   83       101      1868
 MINIMUM TEMPERATURE (F)   61        41      1863


SUNRISE AND SUNSET
JULY 17 2014..........SUNRISE   615 AM EDT   SUNSET   913 PM EDT
JULY 18 2014..........SUNRISE   616 AM EDT   SUNSET   913 PM EDT


-  INDICATES NEGATIVE NUMBERS.
R  INDICATES RECORD WAS SET OR TIED.
MM INDICATES DATA IS MISSING.
T  INDICATES TRACE AMOUNT.




$$
