000
CDUS43 KGRR 250528
CLILAN


CLIMATE REPORT
NATIONAL WEATHER SERVICE GRAND RAPIDS, MI
127 AM EDT TUE JUL 25 2017


...................................

...THE LANSING MI CLIMATE SUMMARY FOR JULY 24 2017...

CLIMATE NORMAL PERIOD 1981 TO 2010
CLIMATE RECORD PERIOD 1864 TO 2017


WEATHER ITEM   OBSERVED TIME   RECORD YEAR NORMAL DEPARTURE LAST
                VALUE   (LST)  VALUE       VALUE  FROM      YEAR
                                                  NORMAL
..................................................................
TEMPERATURE (F)
 YESTERDAY
  MAXIMUM         76    442 PM 102    1934  82     -6       87
  MINIMUM         60   1159 PM  43    1891  61     -1       70
  AVERAGE         68                        72     -4       79

PRECIPITATION (IN)
  YESTERDAY        0.00          1.96 2005   0.09  -0.09     0.88
  MONTH TO DATE    2.70                      2.17   0.53     3.16
  SINCE JUN 1      6.45                      5.62   0.83     3.75
  SINCE JAN 1     23.51                     17.19   6.32    16.66

SNOWFALL (IN)
  YESTERDAY        0.0           0.0    MM   0.0    0.0      0.0
  MONTH TO DATE    0.0                       0.0    0.0      0.0
  SINCE JUN 1      0.0                       0.0    0.0      0.0
  SINCE JUL 1      0.0                       0.0    0.0      0.0
  SNOW DEPTH       0

DEGREE DAYS
 HEATING
  YESTERDAY        0                         0      0        0
  MONTH TO DATE    0                         2     -2        3
  SINCE JUN 1     13                        57    -44       37
  SINCE JUL 1      0                         2     -2        3

 COOLING
  YESTERDAY        3                         7     -4       14
  MONTH TO DATE  227                       168     59      215
  SINCE JUN 1    432                       300    132      363
  SINCE JAN 1    467                       341    126      425
..................................................................


WIND (MPH)
  RESULTANT WIND SPEED   6   RESULTANT WIND DIRECTION   N (10)
  HIGHEST WIND SPEED    17   HIGHEST WIND DIRECTION     N (10)
  HIGHEST GUST SPEED    23   HIGHEST GUST DIRECTION    NE (30)
  AVERAGE WIND SPEED     7.2


SKY COVER
  AVERAGE SKY COVER 0.6


WEATHER CONDITIONS
 THE FOLLOWING WEATHER WAS RECORDED YESTERDAY.
  NO SIGNIFICANT WEATHER WAS OBSERVED.


RELATIVE HUMIDITY (PERCENT)
 HIGHEST    87           300 AM
 LOWEST     46           400 PM
 AVERAGE    67

..........................................................


THE LANSING MI CLIMATE NORMALS FOR TODAY
                         NORMAL    RECORD    YEAR
 MAXIMUM TEMPERATURE (F)   82        97      1966
                                             1940
                                             1934
 MINIMUM TEMPERATURE (F)   61        45      1913
                                             1895


SUNRISE AND SUNSET
JULY 25 2017..........SUNRISE   623 AM EDT   SUNSET   906 PM EDT
JULY 26 2017..........SUNRISE   624 AM EDT   SUNSET   905 PM EDT


-  INDICATES NEGATIVE NUMBERS.
R  INDICATES RECORD WAS SET OR TIED.
MM INDICATES DATA IS MISSING.
T  INDICATES TRACE AMOUNT.




$$
