000
CDUS43 KGRR 190516
CLILAN


CLIMATE REPORT
NATIONAL WEATHER SERVICE GRAND RAPIDS, MI
116 AM EDT TUE SEP 19 2017


...................................

...THE LANSING MI CLIMATE SUMMARY FOR SEPTEMBER 18 2017...

CLIMATE NORMAL PERIOD 1981 TO 2010
CLIMATE RECORD PERIOD 1864 TO 2017


WEATHER ITEM   OBSERVED TIME   RECORD YEAR NORMAL DEPARTURE LAST
                VALUE   (LST)  VALUE       VALUE  FROM      YEAR
                                                  NORMAL
..................................................................
TEMPERATURE (F)
 YESTERDAY
  MAXIMUM         79    323 PM  93    1955  72      7       78
                                      1906
  MINIMUM         58   1110 PM  25    1863  50      8       57
  AVERAGE         69                        61      8       68

PRECIPITATION (IN)
  YESTERDAY        0.00          0.89 1949   0.13  -0.13     0.00
  MONTH TO DATE    0.29                      2.07  -1.78     1.43
  SINCE SEP 1      0.29                      2.07  -1.78     1.43
  SINCE JAN 1     25.59                     23.16   2.43    24.91

SNOWFALL (IN)
  YESTERDAY        0.0           0.0    MM   0.0    0.0      0.0
  MONTH TO DATE    0.0                       0.0    0.0      0.0
  SINCE SEP 1      0.0                       0.0    0.0      0.0
  SINCE JUL 1      0.0                       0.0    0.0      0.0
  SNOW DEPTH       0

DEGREE DAYS
 HEATING
  YESTERDAY        0                         6     -6        0
  MONTH TO DATE   75                        61     14       10
  SINCE SEP 1     75                        61     14       10
  SINCE JUL 1    104                        96      8       13

 COOLING
  YESTERDAY        4                         2      2        3
  MONTH TO DATE   34                        49    -15       71
  SINCE SEP 1     34                        49    -15       71
  SINCE JAN 1    668                       606     62      837
..................................................................


WIND (MPH)
  RESULTANT WIND SPEED   3   RESULTANT WIND DIRECTION   N (20)
  HIGHEST WIND SPEED     9   HIGHEST WIND DIRECTION    NE (50)
  HIGHEST GUST SPEED    13   HIGHEST GUST DIRECTION     N (350)
  AVERAGE WIND SPEED     4.8


SKY COVER
  AVERAGE SKY COVER 0.4


WEATHER CONDITIONS
 THE FOLLOWING WEATHER WAS RECORDED YESTERDAY.
  FOG


RELATIVE HUMIDITY (PERCENT)
 HIGHEST    97           900 AM
 LOWEST     43           400 PM
 AVERAGE    70

..........................................................


THE LANSING MI CLIMATE NORMALS FOR TODAY
                         NORMAL    RECORD    YEAR
 MAXIMUM TEMPERATURE (F)   72        94      1895
 MINIMUM TEMPERATURE (F)   50        27      1896


SUNRISE AND SUNSET
SEPTEMBER 19 2017.....SUNRISE   723 AM EDT   SUNSET   741 PM EDT
SEPTEMBER 20 2017.....SUNRISE   724 AM EDT   SUNSET   739 PM EDT


-  INDICATES NEGATIVE NUMBERS.
R  INDICATES RECORD WAS SET OR TIED.
MM INDICATES DATA IS MISSING.
T  INDICATES TRACE AMOUNT.




$$
