000
CDUS43 KGRR 260515
CLILAN


CLIMATE REPORT
NATIONAL WEATHER SERVICE GRAND RAPIDS, MI
114 AM EDT TUE MAY 26 2015


...................................

...THE LANSING MI CLIMATE SUMMARY FOR MAY 25 2015...

CLIMATE NORMAL PERIOD 1981 TO 2010
CLIMATE RECORD PERIOD 1864 TO 2015


WEATHER ITEM   OBSERVED TIME   RECORD YEAR NORMAL DEPARTURE LAST
                VALUE   (LST)  VALUE       VALUE  FROM      YEAR
                                                  NORMAL
..................................................................
TEMPERATURE (F)
 YESTERDAY
  MAXIMUM         81    227 PM  89    1977  72      9       81
                                      1875
  MINIMUM         65   1143 PM  29    1992  50     15       51
  AVERAGE         73                        61     12       66

PRECIPITATION (IN)
  YESTERDAY        0.11          1.19 1950   0.11   0.00     0.00
  MONTH TO DATE    2.27                      2.68  -0.41     4.13
  SINCE MAR 1      4.30                      7.77  -3.47     7.18
  SINCE JAN 1      6.55                     10.89  -4.34    11.10

SNOWFALL (IN)
  YESTERDAY        0.0           T    1979   0.0    0.0      0.0
  MONTH TO DATE    0.0                       0.0    0.0      0.0
  SINCE MAR 1      1.9                       8.9   -7.0     11.1
  SINCE JUL 1     35.6                      51.1  -15.5     69.1
  SNOW DEPTH       0

DEGREE DAYS
 HEATING
  YESTERDAY        0                         6     -6        0
  MONTH TO DATE  150                       228    -78      227
  SINCE MAR 1   1662                      1691    -29     1971
  SINCE JUL 1   7156                      6626    530     7512

 COOLING
  YESTERDAY        8                         2      6        1
  MONTH TO DATE   39                        22     17       15
  SINCE MAR 1     39                        29     10       15
  SINCE JAN 1     39                        29     10       15
..................................................................


WIND (MPH)
  RESULTANT WIND SPEED  10   RESULTANT WIND DIRECTION   S (200)
  HIGHEST WIND SPEED    31   HIGHEST WIND DIRECTION    SW (240)
  HIGHEST GUST SPEED    44   HIGHEST GUST DIRECTION     W (250)
  AVERAGE WIND SPEED    12.7


SKY COVER
  AVERAGE SKY COVER 0.4


WEATHER CONDITIONS
 THE FOLLOWING WEATHER WAS RECORDED YESTERDAY.
  RAIN
  LIGHT RAIN
  FOG
  HAZE


RELATIVE HUMIDITY (PERCENT)
 HIGHEST    84           500 PM
 LOWEST     53          1200 AM
 AVERAGE    69

..........................................................


THE LANSING MI CLIMATE NORMALS FOR TODAY
                         NORMAL    RECORD    YEAR
 MAXIMUM TEMPERATURE (F)   72        90      1911
 MINIMUM TEMPERATURE (F)   50        31      1891


SUNRISE AND SUNSET
MAY 26 2015...........SUNRISE   606 AM EDT   SUNSET   905 PM EDT
MAY 27 2015...........SUNRISE   606 AM EDT   SUNSET   906 PM EDT


-  INDICATES NEGATIVE NUMBERS.
R  INDICATES RECORD WAS SET OR TIED.
MM INDICATES DATA IS MISSING.
T  INDICATES TRACE AMOUNT.




$$
