000
CDUS43 KGRR 030526
CLILAN


CLIMATE REPORT
NATIONAL WEATHER SERVICE GRAND RAPIDS, MI
126 AM EDT MON AUG 3 2015


...................................

...THE LANSING MI CLIMATE SUMMARY FOR AUGUST 2 2015...

CLIMATE NORMAL PERIOD 1981 TO 2010
CLIMATE RECORD PERIOD 1864 TO 2015


WEATHER ITEM   OBSERVED TIME   RECORD YEAR NORMAL DEPARTURE LAST
                VALUE   (LST)  VALUE       VALUE  FROM      YEAR
                                                  NORMAL
..................................................................
TEMPERATURE (F)
 YESTERDAY
  MAXIMUM         92    319 PM 100    1964  82     10       81
  MINIMUM         61    145 AM  40    1927  61      0       53
  AVERAGE         77                        71      6       67

PRECIPITATION (IN)
  YESTERDAY        0.70          0.86 1978   0.10   0.60      T
  MONTH TO DATE    0.70                      0.20   0.50     1.13
  SINCE JUN 1     12.16                      6.49   5.67    12.39
  SINCE JAN 1     20.21                     18.06   2.15    23.60

SNOWFALL (IN)
  YESTERDAY        0.0           0.0    MM   0.0    0.0      0.0
  MONTH TO DATE    0.0                       0.0    0.0      0.0
  SINCE JUN 1      0.0                       0.0    0.0      0.0
  SINCE JUL 1      0.0                       0.0    0.0      0.0
  SNOW DEPTH       0

DEGREE DAYS
 HEATING
  YESTERDAY        0                         0      0        0
  MONTH TO DATE    0                         0      0        0
  SINCE JUN 1     48                        66    -18       53
  SINCE JUL 1     12                        11      1       29

 COOLING
  YESTERDAY       12                         6      6        2
  MONTH TO DATE   19                        12      7        6
  SINCE JUN 1    286                       357    -71      257
  SINCE JAN 1    345                       398    -53      296
..................................................................


WIND (MPH)
  RESULTANT WIND SPEED  13   RESULTANT WIND DIRECTION  SW (230)
  HIGHEST WIND SPEED    32   HIGHEST WIND DIRECTION    SW (230)
  HIGHEST GUST SPEED    46   HIGHEST GUST DIRECTION    SW (220)
  AVERAGE WIND SPEED    13.7


SKY COVER
  AVERAGE SKY COVER 0.1


WEATHER CONDITIONS
 THE FOLLOWING WEATHER WAS RECORDED YESTERDAY.
  THUNDERSTORM
  HEAVY RAIN
  RAIN
  LIGHT RAIN
  FOG


RELATIVE HUMIDITY (PERCENT)
 HIGHEST   100          1000 PM
 LOWEST     36           300 PM
 AVERAGE    68

..........................................................


THE LANSING MI CLIMATE NORMALS FOR TODAY
                         NORMAL    RECORD    YEAR
 MAXIMUM TEMPERATURE (F)   81        98      1988
                                             1887
 MINIMUM TEMPERATURE (F)   61        32      1894


SUNRISE AND SUNSET
AUGUST  3 2015........SUNRISE   632 AM EDT   SUNSET   857 PM EDT
AUGUST  4 2015........SUNRISE   633 AM EDT   SUNSET   856 PM EDT


-  INDICATES NEGATIVE NUMBERS.
R  INDICATES RECORD WAS SET OR TIED.
MM INDICATES DATA IS MISSING.
T  INDICATES TRACE AMOUNT.




$$
