000
CDUS43 KGRR 190514
CLILAN


CLIMATE REPORT
NATIONAL WEATHER SERVICE GRAND RAPIDS, MI
112 AM EDT SAT APR 19 2014


...................................

...THE LANSING MI CLIMATE SUMMARY FOR APRIL 18 2014...

CLIMATE NORMAL PERIOD 1981 TO 2010
CLIMATE RECORD PERIOD 1864 TO 2014


WEATHER ITEM   OBSERVED TIME   RECORD YEAR NORMAL DEPARTURE LAST
                VALUE   (LST)  VALUE       VALUE  FROM      YEAR
                                                  NORMAL
..................................................................
TEMPERATURE (F)
 YESTERDAY
  MAXIMUM         61    434 PM  86    2002  59      2       72
  MINIMUM         38   1159 PM   8    1875  38      0       45
  AVERAGE         50                        48      2       59

PRECIPITATION (IN)
  YESTERDAY        0.01          2.53 1975   0.10  -0.09     0.97
  MONTH TO DATE    0.82                      1.84  -1.02     6.19
  SINCE MAR 1      2.51                      3.90  -1.39     7.15
  SINCE JAN 1      6.43                      7.02  -0.59    12.37

SNOWFALL (IN)
  YESTERDAY        0.0           1.0  1875   0.1   -0.1      0.0
  MONTH TO DATE    0.7                       1.6   -0.9       T
  SINCE MAR 1     11.1                       8.6    2.5      5.2
  SINCE JUL 1     69.1                      50.8   18.3     29.7
  SNOW DEPTH       0

DEGREE DAYS
 HEATING
  YESTERDAY       15                        17     -2        6
  MONTH TO DATE  363                       360      3      420
  SINCE MAR 1   1573                      1289    284     1468
  SINCE JUL 1   7114                      6224    890     6146

 COOLING
  YESTERDAY        0                         0      0        0
  MONTH TO DATE    0                         0      0        0
  SINCE MAR 1      0                         1     -1        0
  SINCE JAN 1      0                         1     -1        0
..................................................................


WIND (MPH)
  RESULTANT WIND SPEED   5   RESULTANT WIND DIRECTION  NW (310)
  HIGHEST WIND SPEED    21   HIGHEST WIND DIRECTION    NE (30)
  HIGHEST GUST SPEED    44   HIGHEST GUST DIRECTION    SE (150)
  AVERAGE WIND SPEED     6.0


SKY COVER
  AVERAGE SKY COVER 0.5


WEATHER CONDITIONS
 THE FOLLOWING WEATHER WAS RECORDED YESTERDAY.
  LIGHT RAIN
  FOG
  HAZE


RELATIVE HUMIDITY (PERCENT)
 HIGHEST    83           700 AM
 LOWEST     35           500 PM
 AVERAGE    59

..........................................................


THE LANSING MI CLIMATE NORMALS FOR TODAY
                         NORMAL    RECORD    YEAR
 MAXIMUM TEMPERATURE (F)   59        81      2005
                                             1985
                                             1958
 MINIMUM TEMPERATURE (F)   38        14      1897


SUNRISE AND SUNSET
APRIL 19 2014.........SUNRISE   651 AM EDT   SUNSET   825 PM EDT
APRIL 20 2014.........SUNRISE   649 AM EDT   SUNSET   826 PM EDT


-  INDICATES NEGATIVE NUMBERS.
R  INDICATES RECORD WAS SET OR TIED.
MM INDICATES DATA IS MISSING.
T  INDICATES TRACE AMOUNT.




$$
