000
CDUS43 KGRR 290521
CLILAN


CLIMATE REPORT
NATIONAL WEATHER SERVICE GRAND RAPIDS, MI
121 AM EDT FRI APR 29 2016


...................................

...THE LANSING MI CLIMATE SUMMARY FOR APRIL 28 2016...

CLIMATE NORMAL PERIOD 1981 TO 2010
CLIMATE RECORD PERIOD 1864 TO 2016


WEATHER ITEM   OBSERVED TIME   RECORD YEAR NORMAL DEPARTURE LAST
                VALUE   (LST)  VALUE       VALUE  FROM      YEAR
                                                  NORMAL
..................................................................
TEMPERATURE (F)
 YESTERDAY
  MAXIMUM         47   1230 AM  82    1990  63    -16       63
                                      1914
  MINIMUM         38    931 AM  20    1874  41     -3       33
  AVERAGE         43                        52     -9       48

PRECIPITATION (IN)
  YESTERDAY        0.31          2.51 1878   0.10   0.21     0.00
  MONTH TO DATE    2.06                      2.83  -0.77     1.27
  SINCE MAR 1      6.31                      4.89   1.42     2.01
  SINCE JAN 1      9.47                      8.01   1.46     4.26

SNOWFALL (IN)
  YESTERDAY        0.0           T    1961   0.0    0.0      0.0
                                      1926
                                      1920
  MONTH TO DATE    7.5                       1.9    5.6       T
  SINCE MAR 1     16.4                       8.9    7.5      1.9
  SINCE JUL 1     50.0                      51.1   -1.1     35.6
  SNOW DEPTH       0

DEGREE DAYS
 HEATING
  YESTERDAY       22                        13      9       17
  MONTH TO DATE  564                       508     56      491
  SINCE MAR 1   1327                      1437   -110     1482
  SINCE JUL 1   5487                      6372   -885     6976

 COOLING
  YESTERDAY        0                         0      0        0
  MONTH TO DATE    1                         0      1        0
  SINCE MAR 1      1                         1      0        0
  SINCE JAN 1      1                         1      0        0
..................................................................


WIND (MPH)
  RESULTANT WIND SPEED   9   RESULTANT WIND DIRECTION  NE (60)
  HIGHEST WIND SPEED    15   HIGHEST WIND DIRECTION     E (70)
  HIGHEST GUST SPEED    20   HIGHEST GUST DIRECTION     E (80)
  AVERAGE WIND SPEED     9.2


SKY COVER
  AVERAGE SKY COVER 0.8


WEATHER CONDITIONS
 THE FOLLOWING WEATHER WAS RECORDED YESTERDAY.
  LIGHT RAIN
  FOG


RELATIVE HUMIDITY (PERCENT)
 HIGHEST    89           500 PM
 LOWEST     33           200 AM
 AVERAGE    61

..........................................................


THE LANSING MI CLIMATE NORMALS FOR TODAY
                         NORMAL    RECORD    YEAR
 MAXIMUM TEMPERATURE (F)   63        86      1899
 MINIMUM TEMPERATURE (F)   41        22      1908


SUNRISE AND SUNSET
APRIL 29 2016.........SUNRISE   635 AM EDT   SUNSET   837 PM EDT
APRIL 30 2016.........SUNRISE   633 AM EDT   SUNSET   838 PM EDT


-  INDICATES NEGATIVE NUMBERS.
R  INDICATES RECORD WAS SET OR TIED.
MM INDICATES DATA IS MISSING.
T  INDICATES TRACE AMOUNT.




$$
