000
CDUS43 KGRR 180512
CLILAN


CLIMATE REPORT
NATIONAL WEATHER SERVICE GRAND RAPIDS, MI
111 AM EDT FRI APR 18 2014


...................................

...THE LANSING MI CLIMATE SUMMARY FOR APRIL 17 2014...

CLIMATE NORMAL PERIOD 1981 TO 2010
CLIMATE RECORD PERIOD 1864 TO 2014


WEATHER ITEM   OBSERVED TIME   RECORD YEAR NORMAL DEPARTURE LAST
                VALUE   (LST)  VALUE       VALUE  FROM      YEAR
                                                  NORMAL
..................................................................
TEMPERATURE (F)
 YESTERDAY
  MAXIMUM         66    410 PM  85    1964  59      7       57
  MINIMUM         32    545 AM   0    1875  38     -6       37
  AVERAGE         49                        48      1       47

PRECIPITATION (IN)
  YESTERDAY        0.00          1.37 1939   0.11  -0.11     0.98
  MONTH TO DATE    0.81                      1.74  -0.93     5.22
  SINCE MAR 1      2.50                      3.80  -1.30     6.18
  SINCE JAN 1      6.42                      6.92  -0.50    11.40

SNOWFALL (IN)
  YESTERDAY        0.0           2.7  1983   0.0    0.0      0.0
                                      1921
  MONTH TO DATE    0.7                       1.5   -0.8       T
  SINCE MAR 1     11.1                       8.5    2.6      5.2
  SINCE JUL 1     69.1                      50.7   18.4     29.7
  SNOW DEPTH       0

DEGREE DAYS
 HEATING
  YESTERDAY       16                        17     -1       18
  MONTH TO DATE  348                       343      5      414
  SINCE MAR 1   1558                      1272    286     1462
  SINCE JUL 1   7099                      6207    892     6140

 COOLING
  YESTERDAY        0                         0      0        0
  MONTH TO DATE    0                         0      0        0
  SINCE MAR 1      0                         1     -1        0
  SINCE JAN 1      0                         1     -1        0
..................................................................


WIND (MPH)
  RESULTANT WIND SPEED   9   RESULTANT WIND DIRECTION   S (170)
  HIGHEST WIND SPEED    23   HIGHEST WIND DIRECTION    SW (220)
  HIGHEST GUST SPEED    40   HIGHEST GUST DIRECTION     S (200)
  AVERAGE WIND SPEED    11.2


SKY COVER
  AVERAGE SKY COVER 0.0


WEATHER CONDITIONS
 THE FOLLOWING WEATHER WAS RECORDED YESTERDAY.
  NO SIGNIFICANT WEATHER WAS OBSERVED.


RELATIVE HUMIDITY (PERCENT)
 HIGHEST    69           500 AM
 LOWEST     27           200 PM
 AVERAGE    48

..........................................................


THE LANSING MI CLIMATE NORMALS FOR TODAY
                         NORMAL    RECORD    YEAR
 MAXIMUM TEMPERATURE (F)   59        86      2002
 MINIMUM TEMPERATURE (F)   38         8      1875


SUNRISE AND SUNSET
APRIL 18 2014.........SUNRISE   652 AM EDT   SUNSET   824 PM EDT
APRIL 19 2014.........SUNRISE   651 AM EDT   SUNSET   825 PM EDT


-  INDICATES NEGATIVE NUMBERS.
R  INDICATES RECORD WAS SET OR TIED.
MM INDICATES DATA IS MISSING.
T  INDICATES TRACE AMOUNT.




$$
