000
CDUS43 KGRR 262150
CLILAN


CLIMATE REPORT
NATIONAL WEATHER SERVICE GRAND RAPIDS, MI
549 PM EDT SAT JUL 26 2014


...................................

...THE LANSING MI CLIMATE SUMMARY FOR JULY 26 2014...
VALID TODAY AS OF 0500 PM LOCAL TIME.

CLIMATE NORMAL PERIOD 1981 TO 2010
CLIMATE RECORD PERIOD 1864 TO 2014


WEATHER ITEM   OBSERVED TIME   RECORD YEAR NORMAL DEPARTURE LAST
                VALUE   (LST)  VALUE       VALUE  FROM      YEAR
                                                  NORMAL
..................................................................
TEMPERATURE (F)
 TODAY
  MAXIMUM         79    312 PM  97    1966  82     -3       79
  MINIMUM         60    520 AM  42    1891  61     -1       61
  AVERAGE         70                        71     -1       70

PRECIPITATION (IN)
  TODAY            T             4.34 1897   0.10  -0.10      T
  MONTH TO DATE    4.40                      2.36   2.04     1.29
  SINCE JUN 1     10.80                      5.81   4.99     9.69
  SINCE JAN 1     22.01                     17.38   4.63    27.69

SNOWFALL (IN)
  TODAY            0.0           0.0    MM   0.0    0.0      0.0
  MONTH TO DATE    0.0                       0.0    0.0      0.0
  SINCE JUN 1      0.0                       0.0    0.0      0.0
  SINCE JUL 1      0.0                       0.0    0.0      0.0
  SNOW DEPTH       0

DEGREE DAYS
 HEATING
  TODAY            0                         0      0        0
  MONTH TO DATE   19                         2     17        6
  SINCE JUN 1     43                        57    -14       56
  SINCE JUL 1     19                         2     17        6

 COOLING
  TODAY            5                         7     -2        5
  MONTH TO DATE   98                       182    -84      225
  SINCE JUN 1    245                       314    -69      358
  SINCE JAN 1    284                       355    -71      431
..................................................................


WIND (MPH)
  RESULTANT WIND SPEED   6   RESULTANT WIND DIRECTION  SW (210)
  HIGHEST WIND SPEED    13   HIGHEST WIND DIRECTION    SW (230)
  HIGHEST GUST SPEED    17   HIGHEST GUST DIRECTION    SW (210)
  AVERAGE WIND SPEED     6.7


SKY COVER
  AVERAGE SKY COVER 0.3


WEATHER CONDITIONS
 THE FOLLOWING WEATHER WAS RECORDED TODAY.
  LIGHT RAIN


RELATIVE HUMIDITY (PERCENT)
 HIGHEST    90           300 AM
 LOWEST     58           100 PM
 AVERAGE    74

..........................................................


THE LANSING MI CLIMATE NORMALS FOR TOMORROW
                         NORMAL    RECORD    YEAR
 MAXIMUM TEMPERATURE (F)   82       100      1894
 MINIMUM TEMPERATURE (F)   61        42      1977


SUNRISE AND SUNSET
JULY 26 2014..........SUNRISE   624 AM EDT   SUNSET   906 PM EDT
JULY 27 2014..........SUNRISE   625 AM EDT   SUNSET   904 PM EDT


-  INDICATES NEGATIVE NUMBERS.
R  INDICATES RECORD WAS SET OR TIED.
MM INDICATES DATA IS MISSING.
T  INDICATES TRACE AMOUNT.




$$

63
