911
CXUS53 KGRR 011826
CLMLAN

CLIMATE REPORT
NATIONAL WEATHER SERVICE GRAND RAPIDS, MI
206 PM EDT SAT JUL 1 2017

...................................

...THE LANSING MI CLIMATE SUMMARY FOR THE MONTH OF JUNE 2017...

CLIMATE NORMAL PERIOD 1981 TO 2010
CLIMATE RECORD PERIOD 1864 TO 2017

WEATHER         OBSERVED          NORMAL  DEPART  LAST YEAR`S
                 VALUE   DATE(S)  VALUE   FROM    VALUE  DATE(S)
                                          NORMAL
................................................................
TEMPERATURE (F)
RECORD
 HIGH              99   06/25/1988
                        06/25/1895
                        06/25/1870
 LOW               27   06/05/1869
HIGHEST            95   06/12        91       4       91  06/19
                                                          06/11
LOWEST             47   06/02        39       8       44  06/09
AVG. MAXIMUM     82.8              78.4     4.4     80.8
AVG. MINIMUM     59.3              56.7     2.6     56.3
MEAN             71.1              67.6     3.5     68.6
DAYS MAX >= 90      6               1.7     4.3        5
DAYS MAX <= 32      0               0.0     0.0        0
DAYS MIN <= 32      0               0.0     0.0        0
DAYS MIN <= 0       0               0.0     0.0        0

PRECIPITATION (INCHES)
RECORD
 MAXIMUM        11.35   1883
 MINIMUM         0.20   1988
TOTALS           3.75              3.45    0.30     0.59
DAILY AVG.       0.12              0.12    0.00     0.02
DAYS >= .01        12              10.3     1.7        7
DAYS >= .10         5               6.2    -1.2        2
DAYS >= .50         2               2.3    -0.3        0
DAYS >= 1.00        1               0.8     0.2        0
GREATEST
 24 HR. TOTAL    2.07   06/17 TO 06/17

SNOWFALL (INCHES)
RECORDS
 TOTAL            0.0   MM
 24 HR TOTAL      0.0   MM
 SNOW DEPTH         0   MM
TOTALS            0.0               0.0     0.0      0.0
SINCE 7/1        30.2              51.1   -20.9     50.0
SNOWDEPTH AVG.      0                MM      MM        0
DAYS >= TRACE       0               0.0     0.0        0
DAYS >= 1.0         0               0.0     0.0        0
GREATEST
 SNOW DEPTH         0   MM                             0  MM
 24 HR TOTAL      0.0   06/30 TO 06/30

DEGREE_DAYS
HEATING TOTAL      13                55     -42       34
 SINCE 7/1       5602              6712   -1110     5806
COOLING TOTAL     205               132      73      148
 SINCE 1/1        240               173      67      210

FREEZE DATES
RECORD
 EARLIEST     08/03/1894
 LATEST       07/15/1863
EARLIEST      03/01             10/01
LATEST        05/09             05/10
.................................................................

WIND (MPH)
AVERAGE WIND SPEED              9.4
RESULTANT WIND SPEED/DIRECTION   6/247
HIGHEST WIND SPEED/DIRECTION    30/300    DATE  06/20
HIGHEST GUST SPEED/DIRECTION    39/300    DATE  06/20

SKY COVER
POSSIBLE SUNSHINE (PERCENT)   MM
AVERAGE SKY COVER           0.30
NUMBER OF DAYS FAIR           19
NUMBER OF DAYS PC             11
NUMBER OF DAYS CLOUDY          0

AVERAGE RH (PERCENT)     58

WEATHER CONDITIONS. NUMBER OF DAYS WITH
THUNDERSTORM              6     MIXED PRECIP               0
HEAVY RAIN                3     RAIN                       5
LIGHT RAIN               18     FREEZING RAIN              0
LT FREEZING RAIN          0     HAIL                       0
HEAVY SNOW                0     SNOW                       0
LIGHT SNOW                0     SLEET                      0
FOG                       6     FOG W/VIS <= 1/4 MILE      0
HAZE                      3

-  INDICATES NEGATIVE NUMBERS.
R  INDICATES RECORD WAS SET OR TIED.
MM INDICATES DATA IS MISSING.
T  INDICATES TRACE AMOUNT.

&&

THE AVERAGE TEMPERATURE FOR JUNE 2017 IN LANSING WAS 71.1 DEGREES
AND WAS TIED FOR FIFTH WARMEST JUNE ON RECORD WITH 1934. THE WARMEST
JUNE WAS 2005 WITH AN AVERAGE OF 72.7 DEGREES.

$$

63
