000
CXUS53 KGRR 021851 CCA
CLMLAN

CLIMATE REPORT...WITH NARRATIVE
NATIONAL WEATHER SERVICE GRAND RAPIDS, MI
150 PM EST WED MAR 2 2016

...................................

...THE LANSING MI CLIMATE SUMMARY FOR THE MONTH OF FEBRUARY 2016...

CLIMATE NORMAL PERIOD 1981 TO 2010
CLIMATE RECORD PERIOD 1864 TO 2016

WEATHER         OBSERVED          NORMAL  DEPART  LAST YEAR`S
                 VALUE   DATE(S)  VALUE   FROM    VALUE  DATE(S)
                                          NORMAL
................................................................
TEMPERATURE (F)
RECORD
 HIGH              69   02/11/1999
 LOW              -37   02/02/1868
HIGHEST            60   02/19        51       9       39  02/07
LOWEST              0   02/14        -6       6      -16  02/20
AVG. MAXIMUM     36.3              33.3     3.0     21.0
AVG. MINIMUM     21.1              18.5     2.6      1.8
MEAN             28.7              25.9     2.8     11.4
DAYS MAX >= 90      0               0.0     0.0        0
DAYS MAX <= 32     11              12.9    -1.9       26
DAYS MIN <= 32     26              24.7     1.3       28
DAYS MIN <= 0       1               2.1    -1.1       14

PRECIPITATION (INCHES)
RECORD
 MAXIMUM         7.46   1938
 MINIMUM         0.22   1969
TOTALS           1.71              1.47    0.24     0.90
DAILY AVG.       0.06                MM      MM     0.03
DAYS >= .01        12              10.6     1.4        9
DAYS >= .10         5               4.0     1.0        2
DAYS >= .50         1               0.6     0.4        1
DAYS >= 1.00        0               0.1    -0.1        0
GREATEST
 24 HR. TOTAL    0.65   02/24 TO 02/24

SNOWFALL (INCHES)
RECORDS
 TOTAL           29.1   2011
 24 HR TOTAL     13.0   02/28/1900 TO 02/28/1900
 SNOW DEPTH        23   02/07/1978
                        02/06/1978
                        02/05/1978
TOTALS           15.7              11.6     4.1     14.8
SINCE 7/1        33.6              42.2    -8.6     33.7
SNOWDEPTH AVG.      2                MM      MM        8
DAYS >= TRACE      19               9.8     9.2       19
DAYS >= 1.0         4               3.4     0.6        4
GREATEST
 SNOW DEPTH        10   02/25                         13  02/03
                                                          02/02
 24 HR TOTAL      7.0   02/24 TO 02/24

DEGREE_DAYS
HEATING TOTAL    1044              1095     -51     1491
 SINCE 7/1       4160              4971    -811     5494
COOLING TOTAL       0                 0       0        0
 SINCE 1/1          0                 0       0        0

FREEZE DATES
RECORD
 EARLIEST     08/03/1894
 LATEST       07/15/1863
EARLIEST                        10/01
LATEST                          05/10
..................................................

WIND (MPH)
AVERAGE WIND SPEED              11.0
RESULTANT WIND SPEED/DIRECTION   5/257
HIGHEST WIND SPEED/DIRECTION    47/240    DATE  02/19
HIGHEST GUST SPEED/DIRECTION    60/230    DATE  02/19

SKY COVER
POSSIBLE SUNSHINE (PERCENT)   MM
AVERAGE SKY COVER           0.60
NUMBER OF DAYS FAIR            6
NUMBER OF DAYS PC             10
NUMBER OF DAYS CLOUDY         12

AVERAGE RH (PERCENT)     71

WEATHER CONDITIONS. NUMBER OF DAYS WITH
THUNDERSTORM              0     MIXED PRECIP               1
HEAVY RAIN                0     RAIN                       2
LIGHT RAIN                5     FREEZING RAIN              0
LT FREEZING RAIN          1     HAIL                       1
HEAVY SNOW                1     SNOW                       4
LIGHT SNOW               18     SLEET                      1
FOG                      14     FOG W/VIS <= 1/4 MILE      3
HAZE                      7

-  INDICATES NEGATIVE NUMBERS.
R  INDICATES RECORD WAS SET OR TIED.
MM INDICATES DATA IS MISSING.
T  INDICATES TRACE AMOUNT.

&&

FEBRUARY 2016 WAS WARMER THAN NORMAL WITH NEAR TO ABOVE NORMAL
PRECIPITATION AND NEAR TO ABOVE NORMAL SNOWFALL AWAY FROM LAKE
MICHIGAN. LAKE EFFECT SNOW WAS VERY LIMITED THIS MONTH OUTSIDE OF
LOCALIZED HEAVY ACCUMULATIONS IN A NARROW REGION FROM HOLLAND TO
KALAMAZOO. FOR THIS REASON...LAKESHORE SITES WERE LARGELY BELOW OR
WELL BELOW NORMAL FOR SNOWFALL.

HEAVY RAIN IMPACTED CENTRAL AND WEST CENTRAL LOWER MICHIGAN ON
FEBRUARY 2 BRINGING AMOUNTS OF 1 TO 1.5 INCHES TO MANY AREAS. MILD
WEATHER PROHIBITED MUCH IN THE WAY OF SNOW FOR THE FIRST 10 DAYS OF
THE MONTH. THE MIDDLE OF FEBRUARY FEATURED MORE TYPICAL TEMPERATURES
WITH HIGHS RETREATING INTO THE TEENS AND 20S. LITTLE SNOWFALL WAS
RECEIVED DURING THIS STRETCH EXCEPT FOR THE 9TH AND 10TH ACROSS
MASON...OTTAWA...ALLEGAN...VAN BUREN...AND KALAMAZOO COUNTIES. A
LAKE EFFECT BAND SET UP THAT PRODUCED LOCAL ACCUMULATIONS OF 6 TO 13
INCHES.

WARM TEMPERATURES RETURNED FOR THE SECOND HALF OF THE MONTH
ACCOMPANIED BY VERY STRONG WIND GUSTS ON THE 19TH. NUMEROUS REPORTS
OF WIND GUSTS FROM 50 MPH TO 70 MPH WERE RECEIVED. THESE GUSTS
PRODUCED SOME SCATTERED POWER OUTAGES AND EVEN SOME DAMAGE TO TREES
AND ROOFS.

A SIGNIFICANT WINTER STORM IMPACTED MUCH OF CENTRAL AND SOUTHERN
LOWER MICHIGAN ON THE 24TH AND 25TH. HEAVY WET SNOW ACCUMULATED
BETWEEN 6 AND 12 INCHES FOR MOST COMMUNITIES. THIS LED TO SCHOOL
CLOSURES AND EVEN SOME GOVERNMENT OFFICE CLOSURES. SCATTERED POWER
OUTAGES WERE REPORTED AS WELL DUE TO THE WET NATURE OF THE SNOW
WEIGHING DOWN ON BRANCHES.

$$

HOVING
