000
CXUS53 KGRR 020957 CCA
CLMLAN

CLIMATE REPORT
NATIONAL WEATHER SERVICE GRAND RAPIDS, MI
705 AM EDT TUE NOV 1 2016

...................................

...THE LANSING MI CLIMATE SUMMARY FOR THE MONTH OF OCTOBER 2016...

CLIMATE NORMAL PERIOD 1981 TO 2010
CLIMATE RECORD PERIOD 1864 TO 2016

WEATHER         OBSERVED          NORMAL  DEPART  LAST YEAR`S
                 VALUE   DATE(S)  VALUE   FROM    VALUE  DATE(S)
                                          NORMAL
................................................................
TEMPERATURE (F)
RECORD
 HIGH              90   10/03/1898
 LOW               10   10/21/1895
                        10/22/1868
HIGHEST            82   10/07        79       3       75  10/11
                                                          10/08
LOWEST             30   10/31        23       7       29  10/18
                                                          10/17
AVG. MAXIMUM     64.2              59.9     4.3     60.7
AVG. MINIMUM     44.4              40.7     3.7     43.0
MEAN             54.3              50.3     4.0     51.9
DAYS MAX >= 90      0               0.0     0.0        0
DAYS MAX <= 32      0               0.0     0.0        0
DAYS MIN <= 32      3               5.2    -2.2        3
DAYS MIN <= 0       0               0.0     0.0        0

PRECIPITATION (INCHES)
RECORD
 MAXIMUM         7.32   1941
 MINIMUM         0.28   1956
TOTALS           3.20              2.53    0.67     2.20
DAILY AVG.       0.10              0.08    0.02     0.07
DAYS >= .01         9              10.9    -1.9       15
DAYS >= .10         7               6.2     0.8        6
DAYS >= .50         3               1.6     1.4        1
DAYS >= 1.00        1               0.2     0.8        0
GREATEST
 24 HR. TOTAL    1.01   10/16 TO 10/16

SNOWFALL (INCHES)
RECORDS
 TOTAL            7.5   1967
 24 HR TOTAL      7.5   MM
 SNOW DEPTH         4   MM
TOTALS              T               0.4    -0.4        T
SINCE 7/1           T               0.4    -0.4        T
SNOWDEPTH AVG.      0                MM      MM        0
DAYS >= TRACE       1               0.3     0.7        3
DAYS >= 1.0         0               0.2    -0.2        0
GREATEST
 SNOW DEPTH         0   MM                             0  MM
 24 HR TOTAL        T   10/26 TO 10/26

DEGREE_DAYS
HEATING TOTAL     340               462    -122      402
 SINCE 7/1        393               650    -257      502
COOLING TOTAL      14                 7       7        0
 SINCE 1/1        869               625     244      615

FREEZE DATES
RECORD
 EARLIEST     08/03/1894
 LATEST       07/15/1863
EARLIEST                        10/01
LATEST                          05/10
.................................................................

WIND (MPH)
AVERAGE WIND SPEED              7.9
RESULTANT WIND SPEED/DIRECTION   2/212
HIGHEST WIND SPEED/DIRECTION    33/260    DATE  10/05
HIGHEST GUST SPEED/DIRECTION    44/240    DATE  10/12

SKY COVER
POSSIBLE SUNSHINE (PERCENT)   MM
AVERAGE SKY COVER           0.50
NUMBER OF DAYS FAIR           13
NUMBER OF DAYS PC             13
NUMBER OF DAYS CLOUDY          5

AVERAGE RH (PERCENT)     73

WEATHER CONDITIONS. NUMBER OF DAYS WITH
THUNDERSTORM              4     MIXED PRECIP               1
HEAVY RAIN                2     RAIN                       7
LIGHT RAIN               14     FREEZING RAIN              0
LT FREEZING RAIN          0     HAIL                       0
HEAVY SNOW                0     SNOW                       0
LIGHT SNOW                0     SLEET                      0
FOG                      19     FOG W/VIS <= 1/4 MILE      4
HAZE                      4

-  INDICATES NEGATIVE NUMBERS.
R  INDICATES RECORD WAS SET OR TIED.
MM INDICATES DATA IS MISSING.
T  INDICATES TRACE AMOUNT.

&&

OCTOBER 2016 WAS MUCH WARMER THAN NORMAL ACROSS CENTRAL AND WESTERN
LOWER MICHIGAN. THE AVERAGE MONTHLY TEMPERATURE WAS IN THE MID
50S... AROUND 4 DEGREES ABOVE NORMAL. OCTOBER WAS ALSO A WET
MONTH... WITH MANY STATIONS RECORDING ABOVE NORMAL RAINFALL. THE
FIRST ACCUMULATING SNOW OF THE SEASON FELL IN MUCH OF CENTRAL
MICHIGAN ON OCTOBER 26TH... AND AREAS NORTH OF BIG RAPIDS AND MOUNT
PLEASANT RECEIVED GENERALLY 1 TO 2 INCHES. A MIX OF RAIN AND SNOW
WAS OBSERVED AT LANSING FOR THE FIRST TIME OF THE SEASON. THERE WERE
SEVERAL DAYS WITH THUNDERSTORMS... BUT NO SEVERE WEATHER OCCURRED IN
THIS PART OF MICHIGAN.

SEVERAL DAILY RECORDS WERE SET OR TIED DURING THE MONTH. GRAND
RAPIDS SET DAILY RAINFALL RECORDS ON OCTOBER 6TH... 16TH (TIED)...
AND 26TH. LANSING SET RAINFALL RECORDS ON THE 16TH AND 26TH. RECORD
WARM LOW TEMPERATURES OCCURRED AT GRAND RAPIDS... LANSING (TIED)...
AND MUSKEGON ON OCTOBER 17TH. LANSING ALSO TIED ITS RECORD WARM LOW
TEMPERATURE ON THE 16TH.

$$

CAS/EBW
