000
CXUS53 KGRR 011603
CLMLAN


CLIMATE REPORT
NATIONAL WEATHER SERVICE GRAND RAPIDS, MI
1145 AM EDT FRI AUG 1 2014

...................................

...THE LANSING MI CLIMATE SUMMARY FOR THE MONTH OF JULY 2014...

CLIMATE NORMAL PERIOD 1981 TO 2010
CLIMATE RECORD PERIOD 1864 TO 2014

WEATHER         OBSERVED          NORMAL  DEPART  LAST YEAR`S
                 VALUE   DATE(S)  VALUE   FROM    VALUE  DATE(S)
                                          NORMAL
................................................................
TEMPERATURE (F)
RECORD
 HIGH             103   07/06/2012
 LOW               31   07/15/1863
HIGHEST            87   07/22        93      -6       94  07/19
                                                          07/18
                                                          07/17
LOWEST             49   07/29        45       4       50  07/30
                                                          07/28
                                                          07/24
AVG. MAXIMUM     77.3              82.4    -5.1     81.6
AVG. MINIMUM     57.0              60.6    -3.6     61.6
MEAN             67.1              71.5    -4.4     71.6
DAYS MAX >= 90      0               3.3    -3.3        5
DAYS MAX <= 32      0               0.0     0.0        0
DAYS MIN <= 32      0               0.0     0.0        0
DAYS MIN <= 0       0               0.0     0.0        0

PRECIPITATION (INCHES)
RECORD
 MAXIMUM        11.25   1883
 MINIMUM         0.09   1916
TOTALS           4.86              2.84    2.02     1.75
DAILY AVG.       0.16              0.09    0.07     0.06
DAYS >= .01        11               9.5     1.5       13
DAYS >= .10         7               5.5     1.5        8
DAYS >= .50         2               1.9     0.1        0
DAYS >= 1.00        1               0.6     0.4        0
GREATEST
 24 HR. TOTAL    1.90   07/06 TO 07/07           07/30 TO 07/31

SNOWFALL (INCHES)
RECORDS
 TOTAL            0.0   MM
 24 HR TOTAL      0.0   MM
 SNOW DEPTH         0   MM
TOTALS            0.0               0.0     0.0      0.0
SINCE 7/1         0.0               0.0     0.0      0.0
SNOWDEPTH AVG.      0                MM      MM        0
DAYS >= TRACE       0               0.0     0.0        0
DAYS >= 1.0         0               0.0     0.0        0
GREATEST
 SNOW DEPTH         0   MM                             0  MM
 24 HR TOTAL      0.0   07/31 TO 07/31           07/31 TO 07/31
                                                          07/23 TO 07/23
                                                          07/23 TO 07/23

DEGREE_DAYS
HEATING TOTAL      29                11      18       16
 SINCE 7/1         29                11      18       16
COOLING TOTAL     104               213    -109      226
 SINCE 1/1        290               386     -96      432

FREEZE DATES
RECORD
 EARLIEST     08/03/1894
 LATEST       07/15/1863
EARLIEST                        10/01
LATEST                          05/10
....................................................

WIND (MPH)
AVERAGE WIND SPEED              6.9
RESULTANT WIND SPEED/DIRECTION   4/254
HIGHEST WIND SPEED/DIRECTION    26/320    DATE  07/27
HIGHEST GUST SPEED/DIRECTION    36/210    DATE  07/13

SKY COVER
POSSIBLE SUNSHINE (PERCENT)   MM
AVERAGE SKY COVER           0.40
NUMBER OF DAYS FAIR           14
NUMBER OF DAYS PC             15
NUMBER OF DAYS CLOUDY          2

AVERAGE RH (PERCENT)     70

WEATHER CONDITIONS. NUMBER OF DAYS WITH
THUNDERSTORM              3     MIXED PRECIP               0
HEAVY RAIN                5     RAIN                       5
LIGHT RAIN               13     FREEZING RAIN              0
LT FREEZING RAIN          0     HAIL                       0
HEAVY SNOW                0     SNOW                       0
LIGHT SNOW                0     SLEET                      0
FOG                      15     FOG W/VIS <= 1/4 MILE      4
HAZE                      6

-  INDICATES NEGATIVE NUMBERS.
R  INDICATES RECORD WAS SET OR TIED.
MM INDICATES DATA IS MISSING.
T  INDICATES TRACE AMOUNT.

$$

63
