000
CXUS53 KGRR 012226
CLMLAN


CLIMATE REPORT
NATIONAL WEATHER SERVICE GRAND RAPIDS, MI
616 PM EDT WED JUL 1 2015

...................................

...THE LANSING MI CLIMATE SUMMARY FOR THE MONTH OF JUNE 2015...

CLIMATE NORMAL PERIOD 1981 TO 2010
CLIMATE RECORD PERIOD 1864 TO 2015

WEATHER         OBSERVED          NORMAL  DEPART  LAST YEAR`S
                 VALUE   DATE(S)  VALUE   FROM    VALUE  DATE(S)
                                          NORMAL
................................................................
TEMPERATURE (F)
RECORD
 HIGH              99   06/25/1988
                        06/25/1895
                        06/25/1870
 LOW               27   06/05/1869
HIGHEST            85   06/10        91      -6       87  06/17
LOWEST             39   06/02        39       0       45  06/14
AVG. MAXIMUM     76.1              78.4    -2.3     78.7
AVG. MINIMUM     56.7              56.7     0.0     59.0
MEAN             66.4              67.6    -1.2     68.8
DAYS MAX >= 90      0               1.7    -1.7        0
DAYS MAX <= 32      0               0.0     0.0        0
DAYS MIN <= 32      0               0.0     0.0        0
DAYS MIN <= 0       0               0.0     0.0        0

PRECIPITATION (INCHES)
RECORD
 MAXIMUM        11.35   1883
 MINIMUM         0.20   1988
TOTALS           9.07              3.45    5.62     6.40
DAILY AVG.       0.30              0.12    0.18     0.21
DAYS >= .01        13              10.3     2.7       10
DAYS >= .10        10               6.2     3.8        8
DAYS >= .50         5               2.3     2.7        4
DAYS >= 1.00        3               0.8     2.2        2
GREATEST
 24 HR. TOTAL    3.04   06/14 TO 06/14

SNOWFALL (INCHES)
RECORDS
 TOTAL            0.0   MM
 24 HR TOTAL      0.0   MM
 SNOW DEPTH         0   MM
TOTALS            0.0               0.0     0.0      0.0
SINCE 7/1        35.6              51.1   -15.5     69.1
SNOWDEPTH AVG.      0                MM      MM        0
DAYS >= TRACE       0               0.0     0.0        0
DAYS >= 1.0         0               0.0     0.0        0
GREATEST
 SNOW DEPTH         0   MM                             0  MM
 24 HR TOTAL      0.0

DEGREE_DAYS
HEATING TOTAL      36                55     -19       24
 SINCE 7/1       7211              6712     499     7543
COOLING TOTAL      87               132     -45      147
 SINCE 1/1        146               173     -27      186

FREEZE DATES
RECORD
 EARLIEST     08/03/1894
 LATEST       07/15/1863
EARLIEST                        10/01
LATEST                          05/10
.................................................

WIND (MPH)
AVERAGE WIND SPEED              7.4
RESULTANT WIND SPEED/DIRECTION   1/275
HIGHEST WIND SPEED/DIRECTION    30/250    DATE  06/23
HIGHEST GUST SPEED/DIRECTION    40/200    DATE  06/22

SKY COVER
POSSIBLE SUNSHINE (PERCENT)   MM
AVERAGE SKY COVER           0.40
NUMBER OF DAYS FAIR           12
NUMBER OF DAYS PC             13
NUMBER OF DAYS CLOUDY          5

AVERAGE RH (PERCENT)     74

WEATHER CONDITIONS. NUMBER OF DAYS WITH
THUNDERSTORM              3     MIXED PRECIP               0
HEAVY RAIN                7     RAIN                      10
LIGHT RAIN               17     FREEZING RAIN              0
LT FREEZING RAIN          0     HAIL                       0
HEAVY SNOW                0     SNOW                       0
LIGHT SNOW                0     SLEET                      0
FOG                      17     FOG W/VIS <= 1/4 MILE      0
HAZE                      8

-  INDICATES NEGATIVE NUMBERS.
R  INDICATES RECORD WAS SET OR TIED.
MM INDICATES DATA IS MISSING.
T  INDICATES TRACE AMOUNT.

$$

EBW
