000
CXUS53 KGRR 031302
CLMLAN

CLIMATE REPORT
NATIONAL WEATHER SERVICE GRAND RAPIDS, MI
755 AM EST TUE FEB 3 2015

...................................

...THE LANSING MI CLIMATE SUMMARY FOR THE MONTH OF JANUARY 2015...

CLIMATE NORMAL PERIOD 1981 TO 2010
CLIMATE RECORD PERIOD 1864 TO 2015

WEATHER         OBSERVED          NORMAL  DEPART  LAST YEAR`S
                 VALUE   DATE(S)  VALUE   FROM    VALUE  DATE(S)
                                          NORMAL
................................................................
TEMPERATURE (F)
RECORD
 HIGH              66   01/24/1967
 LOW              -29   01/04/1981
HIGHEST            45   01/17        49      -4       44  01/13
LOWEST            -12   01/14        -8      -4      -13  01/07
AVG. MAXIMUM     27.5              30.1    -2.6     23.4
AVG. MINIMUM     13.2              16.8    -3.6      7.6
MEAN             20.3              23.4    -3.1     15.5
DAYS MAX >= 90      0               0.0     0.0        0
DAYS MAX <= 32     23              18.1     4.9       26
DAYS MIN <= 32     31              27.6     3.4       30
DAYS MIN <= 0       3               4.0    -1.0       12

PRECIPITATION (INCHES)
RECORD
 MAXIMUM         4.39   2005
 MINIMUM         0.24   2003
TOTALS           1.35              1.65   -0.30     2.16
DAILY AVG.       0.04              0.05   -0.01     0.07
DAYS >= .01        12              13.4    -1.4       16
DAYS >= .10         4               4.5    -0.5        5
DAYS >= .50         0               0.8    -0.8        1
DAYS >= 1.00        0               0.1    -0.1        0
GREATEST
 24 HR. TOTAL    0.52   01/03 TO 01/04

SNOWFALL (INCHES)
RECORDS
 TOTAL           34.6   1999
 24 HR TOTAL     20.4   01/26/1967 TO 01/27/1967
 SNOW DEPTH        24   01/28/1978
                        01/27/1978
TOTALS           11.2              13.8    -2.6     23.5
SINCE 7/1        18.9              30.6   -11.7     40.0
SNOWDEPTH AVG.      4                 4       0        8
DAYS >= TRACE      23              12.5    10.5       27
DAYS >= 1.0         5               4.5     0.5        7
GREATEST
 SNOW DEPTH         7   01/14                         17  01/08
                        01/13                             01/07
                        01/12
 24 HR TOTAL      2.2   01/21 TO 01/21

DEGREE_DAYS
HEATING TOTAL    1378              1288      90     1529
 SINCE 7/1       4003              3840     163     4192
COOLING TOTAL       0                 0       0        0
 SINCE 1/1          0                 0       0        0

FREEZE DATES
RECORD
 EARLIEST     08/03/1894
 LATEST       07/15/1863
EARLIEST                        10/01
LATEST                          05/10
......................................................

WIND (MPH)
AVERAGE WIND SPEED              9.9
RESULTANT WIND SPEED/DIRECTION   4/246
HIGHEST WIND SPEED/DIRECTION    28/270    DATE  01/09
HIGHEST GUST SPEED/DIRECTION    37/270    DATE  01/09

SKY COVER
POSSIBLE SUNSHINE (PERCENT)   MM
AVERAGE SKY COVER           0.70
NUMBER OF DAYS FAIR            5
NUMBER OF DAYS PC              9
NUMBER OF DAYS CLOUDY         17

AVERAGE RH (PERCENT)     74

WEATHER CONDITIONS. NUMBER OF DAYS WITH
THUNDERSTORM              0     MIXED PRECIP               0
HEAVY RAIN                0     RAIN                       0
LIGHT RAIN                2     FREEZING RAIN              0
LT FREEZING RAIN          4     HAIL                       0
HEAVY SNOW                0     SNOW                       5
LIGHT SNOW               22     SLEET                      0
FOG                      22     FOG W/VIS <= 1/4 MILE      3
HAZE                     20

-  INDICATES NEGATIVE NUMBERS.
R  INDICATES RECORD WAS SET OR TIED.
MM INDICATES DATA IS MISSING.
T  INDICATES TRACE AMOUNT.

&&

JANUARY 2015 IN SOUTHWEST LOWER MICHIGAN WAS COLDER THAN NORMAL...
WITH NEAR TO ABOVE NORMAL SNOWFALL AND BELOW AVERAGE WATER
EQUIVALENT PRECIPITATION.

THE MONTH STARTED OUT ACTIVE AS A LARGE SCALE TROUGH SETTLED OVER
THE GREAT LAKES... PROVIDING MICHIGAN WITH VERY COLD AIR AT TIMES
AND FREQUENT ALBERTA CLIPPER WEATHER SYSTEMS WITH LAKE EFFECT SNOW.
MEASURABLE SNOW WAS RECORDED AT MUSKEGON AND GRAND RAPIDS FOR EACH
OF THE FIRST 10 DAYS EXCEPT FOR JANUARY 2ND. THE MOST SIGNIFICANT
SNOW EVENT OCCURRED THE EVENING AND NIGHT OF JANUARY 8TH WHEN LAKE
MICHIGAN ENHANCED A STRONG CLIPPER SYSTEM. MANY LOCATIONS WITHIN 40
MILES EAST OF LAKE MICHIGAN RECEIVED 8 TO 14 INCHES OF SNOW... AND
WIND GUSTS OF 40 TO 55 MPH NEAR THE LAKESHORE RESULTED IN
SUBSTANTIAL BLOWING AND DRIFTING. BOTH GRAND RAPIDS AND MUSKEGON SET
DAILY RECORD SNOWFALLS ON THE 8TH.

ARCTIC AIR WITH WELL BELOW NORMAL TEMPERATURES SETTLED INTO THE
GREAT LAKES FOR MOST OF THE PERIOD FROM THE 5TH THROUGH THE 14TH.
HIGH TEMPERATURES WERE FREQUENTLY IN THE TEENS. CALM AND CLEAR
CONDITIONS ON THE MORNINGS OF THE 13TH AND 14TH RESULTED IN LOW
TEMPERATURES BELOW ZERO ACROSS THE AREA. MUSKEGON TIED AND GRAND
RAPIDS BROKE THEIR RECORD LOW TEMPERATURES ON THE 13TH. GRAND RAPIDS
FELL TO 13 DEGREES BELOW ZERO THE MORNING OF THE 14TH... ITS COLDEST
TEMPERATURE SINCE 17 BELOW ZERO WAS OBSERVED ON THE 4TH OF FEBRUARY
1996.

FROM THE MIDDLE OF THE MONTH ONWARD... CONDITIONS WARMED UP AND
QUIETED DOWN. TEMPERATURES WERE GENERALLY NEAR TO ABOVE NORMAL.
LIGHT SNOW OCCURRED PERIODICALLY... BUT THERE WERE ONLY A FEW
OCCASIONS WITH MEASURABLE SNOW.

$$

CAS/EBW
