000
CXUS53 KGRR 011324
CLMLAN


CLIMATE REPORT
NATIONAL WEATHER SERVICE GRAND RAPIDS, MI
815 AM EST TUE DEC 1 2015

...................................

...THE LANSING MI CLIMATE SUMMARY FOR THE MONTH OF NOVEMBER 2015...

CLIMATE NORMAL PERIOD 1981 TO 2010
CLIMATE RECORD PERIOD 1864 TO 2015

WEATHER         OBSERVED          NORMAL  DEPART  LAST YEAR`S
                 VALUE   DATE(S)  VALUE   FROM    VALUE  DATE(S)
                                          NORMAL
................................................................
TEMPERATURE (F)
RECORD
 HIGH              79   11/01/1950
 LOW               -5   11/26/1949
HIGHEST            77   11/03        67      10       58  11/04
LOWEST             18   11/29        14       4        6  11/21
AVG. MAXIMUM     54.0              46.7     7.3     40.9
AVG. MINIMUM     35.0              32.4     2.6     26.9
MEAN             44.5              39.6     4.9     33.9
DAYS MAX >= 90      0               0.0     0.0        0
DAYS MAX <= 32      2               2.3    -0.3       10
DAYS MIN <= 32     15              15.3    -0.3       21
DAYS MIN <= 0       0               0.0     0.0        0

PRECIPITATION (INCHES)
RECORD
 MAXIMUM         5.62   2003
 MINIMUM         0.04   1904
TOTALS           1.93              2.78   -0.85     2.61
DAILY AVG.       0.06              0.09   -0.03     0.09
DAYS >= .01        10              12.7    -2.7       12
DAYS >= .10         5               5.9    -0.9        5
DAYS >= .50         1               1.8    -0.8        2
DAYS >= 1.00        0               0.5    -0.5        1
GREATEST
 24 HR. TOTAL    0.59   11/21 TO 11/21           11/23 TO 11/24


SNOWFALL (INCHES)
RECORDS
 TOTAL           21.8   1865
 24 HR TOTAL     12.1   11/08/1921 TO 11/08/1921
 SNOW DEPTH        11   MM
TOTALS            8.2               3.4     4.8      6.2
SINCE 7/1         8.2               3.8     4.4      6.2
SNOWDEPTH AVG.      1                MM      MM        1
DAYS >= TRACE       5               3.7     1.3       19
DAYS >= 1.0         1               1.1    -0.1        2
GREATEST
 SNOW DEPTH         8   11/22                          5  11/21
                                                          11/20
 24 HR TOTAL      8.2   11/21 TO 11/21           11/19 TO 11/19


DEGREE_DAYS
HEATING TOTAL     606               764    -158      926
 SINCE 7/1       1108              1414    -306     1596
COOLING TOTAL       0                 0       0        0
 SINCE 1/1        615               625     -10      488

FREEZE DATES
RECORD
 EARLIEST     08/03/1894
 LATEST       07/15/1863
EARLIEST                        10/01
LATEST                          05/10
..........................................................

WIND (MPH)
AVERAGE WIND SPEED              10.2
RESULTANT WIND SPEED/DIRECTION   6/216
HIGHEST WIND SPEED/DIRECTION    38/270    DATE  11/06
HIGHEST GUST SPEED/DIRECTION    50/260    DATE  11/06

SKY COVER
AVERAGE SKY COVER           0.40
NUMBER OF DAYS FAIR           15
NUMBER OF DAYS PC              8
NUMBER OF DAYS CLOUDY          7

AVERAGE RH (PERCENT)     66

WEATHER CONDITIONS. NUMBER OF DAYS WITH
THUNDERSTORM              0     MIXED PRECIP               1
HEAVY RAIN                3     RAIN                       4
LIGHT RAIN               11     FREEZING RAIN              0
LT FREEZING RAIN          0     HAIL                       0
HEAVY SNOW                1     SNOW                       2
LIGHT SNOW                4     SLEET                      0
FOG                      16     FOG W/VIS <= 1/4 MILE      1
HAZE                      9

-  INDICATES NEGATIVE NUMBERS.
R  INDICATES RECORD WAS SET OR TIED.
MM INDICATES DATA IS MISSING.
T  INDICATES TRACE AMOUNT.

$$
