689
CXUS53 KGRR 011848 CCA
CLMLAN

CLIMATE REPORT
NATIONAL WEATHER SERVICE GRAND RAPIDS, MI
1002 AM EDT SAT OCT 1 2016

...................................

...THE LANSING MI CLIMATE SUMMARY FOR THE MONTH OF SEPTEMBER 2016...

CLIMATE NORMAL PERIOD 1981 TO 2010
CLIMATE RECORD PERIOD 1864 TO 2016

WEATHER         OBSERVED          NORMAL  DEPART  LAST YEAR`S
                 VALUE   DATE(S)  VALUE   FROM    VALUE  DATE(S)
                                          NORMAL
................................................................
TEMPERATURE (F)
RECORD
 HIGH              99   09/02/1894
 LOW               19   09/21/1863
HIGHEST            90   09/06        88       2       89  09/07
                                                          09/02
LOWEST             48   09/28        33      15       42  09/13
AVG. MAXIMUM     75.8              72.7     3.1     76.8
AVG. MINIMUM     56.2              51.2     5.0     56.2
MEAN             66.0              61.9     4.1     66.5
DAYS MAX >= 90      1               0.3     0.7        0
DAYS MAX <= 32      0               0.0     0.0        0
DAYS MIN <= 32      0               0.3    -0.3        0
DAYS MIN <= 0       0               0.0     0.0        0

PRECIPITATION (INCHES)
RECORD
 MAXIMUM         8.34   1986
 MINIMUM         0.00   1979
TOTALS           3.35              3.50   -0.15     1.34
DAILY AVG.       0.11              0.12   -0.01     0.05
DAYS >= .01        11              10.7     0.3        8
DAYS >= .10         7               5.9     1.1        4
DAYS >= .50         2               2.3    -0.3        1
DAYS >= 1.00        1               0.9     0.1        0
GREATEST
 24 HR. TOTAL    1.28   09/29 TO 09/30

SNOWFALL (INCHES)
RECORDS
 TOTAL              T   1994
                        1989
                        1967
 24 HR TOTAL        T   MM
 SNOW DEPTH         T   MM
TOTALS            0.0               0.0     0.0      0.0
SINCE 7/1         0.0               0.0     0.0      0.0
SNOWDEPTH AVG.      0                MM      MM        0
DAYS >= TRACE       0               0.0     0.0        0
DAYS >= 1.0         0               0.0     0.0        0
GREATEST
 SNOW DEPTH         0   MM                             0  MM
 24 HR TOTAL      0.0   09/30 TO 09/30

DEGREE_DAYS
HEATING TOTAL      50               153    -103       69
 SINCE 7/1         53               188    -135      100
COOLING TOTAL      89                61      28      122
 SINCE 1/1        855               618     237      615

FREEZE DATES
RECORD
 EARLIEST     08/03/1894
 LATEST       07/15/1863
EARLIEST                        10/01
LATEST                          05/10
.................................................................

WIND (MPH)
AVERAGE WIND SPEED              7.2
RESULTANT WIND SPEED/DIRECTION   1/196
HIGHEST WIND SPEED/DIRECTION    32/260    DATE  09/10
HIGHEST GUST SPEED/DIRECTION    39/270    DATE  09/10

SKY COVER
POSSIBLE SUNSHINE (PERCENT)   MM
AVERAGE SKY COVER           0.30
NUMBER OF DAYS FAIR           18
NUMBER OF DAYS PC              8
NUMBER OF DAYS CLOUDY          4

AVERAGE RH (PERCENT)     72

WEATHER CONDITIONS. NUMBER OF DAYS WITH
THUNDERSTORM              4     MIXED PRECIP               0
HEAVY RAIN                3     RAIN                       7
LIGHT RAIN               13     FREEZING RAIN              0
LT FREEZING RAIN          0     HAIL                       0
HEAVY SNOW                0     SNOW                       0
LIGHT SNOW                0     SLEET                      0
FOG                      15     FOG W/VIS <= 1/4 MILE      4
HAZE                      4

-  INDICATES NEGATIVE NUMBERS.
R  INDICATES RECORD WAS SET OR TIED.
MM INDICATES DATA IS MISSING.
T  INDICATES TRACE AMOUNT.

&&

SEPTEMBER 2016 WAS NOTABLY WARMER THAN NORMAL ACROSS SOUTHWEST LOWER
MICHIGAN. MUSKEGON RECORDED ITS WARMEST SEPTEMBER ON RECORD. RECORDS
BEGAN THERE IN 1896. AVERAGE TEMPERATURE IN GRAND RAPIDS AND LANSING
WAS IN THE TOP TEN ON RECORD.

TEMPERATURES WERE CONSISTENTLY WARMER THAN NORMAL THROUGH THE FIRST
THREE WEEKS OF SEPTEMBER... WITH DAILY HIGHS MAINLY IN THE 70S AND
80S. SOME LOCATIONS EVEN HIT 90 DEGREES ON SEPTEMBER 6TH.
TEMPERATURES DIPPED BACK TO REALITY DURING THE LAST WEEK OF THE
MONTH... WITH HIGHS IN THE 60S. ABOVE NORMAL LOW TEMPERATURES KEPT
THE DAILY AVERAGES CLOSER TO NORMAL DURING THE FINAL WEEK OF
SEPTEMBER.

PRECIPITATION WAS VARIABLE ACROSS THE AREA IN SEPTEMBER... BELOW
NORMAL FOR MANY AREAS WITH TWO SIGNIFICANT EXCEPTIONS. AREAS NORTH
OF GRAND RAPIDS AND WEST OF BIG RAPIDS SAW ABOVE NORMAL RAINFALL...
AS DID SOUTHEAST LOWER MICHIGAN EXTENDING TO LANSING. IN FACT...
MUSKEGON HAD WELL ABOVE NORMAL RAINFALL. MUSKEGON SET BACK-TO-BACK
DAILY RAINFALL RECORDS ON THE 6TH AND 7TH OF SEPTEMBER. 4.24 INCHES
FELL IN MUSKEGON OVER THOSE TWO DAYS.

$$

CAS/EBW
