000
CXUS53 KGRR 011212
CLMLAN

CLIMATE REPORT
NATIONAL WEATHER SERVICE GRAND RAPIDS, MI
658 AM EST SUN DEC 1 2013

...................................

...THE LANSING MI CLIMATE SUMMARY FOR THE MONTH OF NOVEMBER 2013...

CLIMATE NORMAL PERIOD 1981 TO 2010
CLIMATE RECORD PERIOD 1864 TO 2013

WEATHER         OBSERVED          NORMAL  DEPART  LAST YEAR`S
                 VALUE   DATE(S)  VALUE   FROM    VALUE  DATE(S)
                                          NORMAL
................................................................
TEMPERATURE (F)
RECORD
 HIGH              79   11/01/1950
 LOW               -5   11/26/1949
HIGHEST            63   11/17        67      -4       69  11/11
LOWEST             14   11/24        14       0       19  11/27
AVG. MAXIMUM     44.0              46.7    -2.7     47.4
AVG. MINIMUM     29.3              32.4    -3.1     29.7
MEAN             36.7              39.6    -2.9     38.6
DAYS MAX >= 90      0               0.0     0.0        0
DAYS MAX <= 32      6               2.3     3.7        1
DAYS MIN <= 32     18              15.3     2.7       22
DAYS MIN <= 0       0               0.0     0.0        0

PRECIPITATION (INCHES)
RECORD
 MAXIMUM         5.62   2003
 MINIMUM         0.04   1904
TOTALS           2.13              2.78   -0.65     0.38
DAILY AVG.       0.07              0.09   -0.02     0.01
DAYS >= .01        10              12.7    -2.7        5
DAYS >= .10         6               5.9     0.1        1
DAYS >= .50         1               1.8    -0.8        0
DAYS >= 1.00        0               0.5    -0.5        0
GREATEST
 24 HR. TOTAL    1.36   10/31 TO 11/01

SNOWFALL (INCHES)
RECORDS
 TOTAL           21.8   1865
 24 HR TOTAL     12.1   11/08/1921 TO 11/08/1921
 SNOW DEPTH        11   MM
TOTALS            0.7               3.4    -2.7      0.4
SINCE 7/1         0.7               3.8    -3.1      0.5
SNOWDEPTH AVG.      0                MM      MM        0
DAYS >= TRACE      10               3.7     6.3        6
DAYS >= 1.0         0               1.1    -1.1        0
GREATEST
 SNOW DEPTH         T   MM                             0  MM
 24 HR TOTAL      0.4   11/11 TO 11/11

DEGREE_DAYS
HEATING TOTAL     844               764      80      785
 SINCE 7/1       1446              1414      32     1407
COOLING TOTAL       0                 0       0        0
 SINCE 1/1        661               625      36      940

FREEZE DATES
RECORD
 EARLIEST     08/03/1894
 LATEST       07/15/1863
EARLIEST                        10/01
LATEST                          05/10
...................................................

WIND (MPH)
AVERAGE WIND SPEED              10.7
RESULTANT WIND SPEED/DIRECTION   6/229
HIGHEST WIND SPEED/DIRECTION    47/240    DATE  11/17
HIGHEST GUST SPEED/DIRECTION    61/250    DATE  11/17

SKY COVER
POSSIBLE SUNSHINE (PERCENT)   MM
AVERAGE SKY COVER           0.60
NUMBER OF DAYS FAIR            7
NUMBER OF DAYS PC             13
NUMBER OF DAYS CLOUDY         10

AVERAGE RH (PERCENT)     68

WEATHER CONDITIONS. NUMBER OF DAYS WITH
THUNDERSTORM              1     MIXED PRECIP               0
HEAVY RAIN                1     RAIN                       5
LIGHT RAIN                9     FREEZING RAIN              0
LT FREEZING RAIN          2     HAIL                       0
HEAVY SNOW                0     SNOW                       1
LIGHT SNOW               10     SLEET                      0
FOG                      15     FOG W/VIS <= 1/4 MILE      1
HAZE                      6

-  INDICATES NEGATIVE NUMBERS.
R  INDICATES RECORD WAS SET OR TIED.
MM INDICATES DATA IS MISSING.
T  INDICATES TRACE AMOUNT.

&&

NOVEMBER ENDED UP BEING COOLER THAN NORMAL WITH NEAR NORMAL
PRECIPITATION. SNOWFALL WAS ABOVE NORMAL NEAR THE LAKE SHORE WITH
BELOW NORMAL AMOUNTS INLAND.

THE MAIN HIGHLIGHTS OF THE MONTH INCLUDED A LATE SEASON SEVERE
WEATHER OUTBREAK ON THE 17TH AND THE FIRST SIGNIFICANT SNOWFALL OF
THE SEASON FOR THE LAKE SHORE COMMUNITIES ON THANKSGIVING DAY. ON
THE 17TH...A VERY DEEP LOW PRESSURE SYSTEM MOVED THROUGH THE GREAT
LAKES REGION BRINGING UNSEASONABLY WARM AIR AND MOISTURE TO THE
AREA. TEMPERATURES STARTED THE DAY IN THE 50S AND 60S. THUNDERSTORMS
DEVELOPED WEST OF THE STATE DURING THE AFTERNOON HOURS AND RACED
EASTWARD. A SQUALL LINE FORMED WHICH PRODUCED WIND GUSTS IN THE 50
TO 60 MPH RANGE...BUT ALSO HELPED SPAWN SOME TORNADOES.

THE ENTIRE SOUTHWEST PORTION OF THE STATE OF MICHIGAN WAS PLACED IN
EITHER A MODERATE OR HIGH RISK FOR SEVERE WEATHER...A RARITY FOR OUR
AREA AND EVEN MORE SO FOR NOVEMBER. DESTRUCTIVE STORMS MOVED THROUGH
DURING THE AFTERNOON HOURS AND PRODUCED WIDESPREAD WIND DAMAGE AS
WELL AS A FEW EF-0 TORNADOES. THE TORNADOES WERE DETERMINED TO HAVE
TOUCHED DOWN IN FAR EASTERN MUSKEGON COUNTY...SOUTHERN NEWAYGO
COUNTY...AND POSSIBLY INTO MECOSTA...CLARE...AND ISABELLA COUNTIES.
IN ADDITION...EMERGENCY MANAGEMENT IN INGHAM COUNTY DETERMINED A
BRIEF TORNADO TOUCHED DOWN IN LESLIE. THE TORNADOES PRODUCED SOME
EXTENSIVE TREE DAMAGE AS WELL AS MINOR STRUCTURAL DAMAGE. STRAIGHT
LINE WIND DAMAGE WAS REPORTED IN THE MATTAWAN AREA AS WELL AS OTHER
AREAS IMPACTED BY THE SQUALL LINE. STRONG WINDS DEVELOPED LATER THAT
NIGHT IN ASSOCIATION WITH PRESSURE GRADIENT FORCE...PRODUCING WIND
GUSTS OVER 60 MPH ACROSS PORTIONS OF WEST MICHIGAN AND KNOCKING OUT
POWER TO TENS OF THOUSANDS.

COLD ARCTIC AIR DOMINATED THE FINAL WEEK OF THE MONTH...HELPING
GENERATE SNOWFALL BY THANKSGIVING. THE REGION RECEIVED WIDESPREAD 1
TO 3 INCHES WITH THE LAKE SHORE RECEIVING FAR MORE...IN SOME CASES 5
TO 8 INCHES. THIS MADE FOR A WHITE THANKSGIVING AND A RECORD
BREAKING ONE AT MUSKEGON...WITH 6.5 INCHES FALLING ON THE SNOWIEST
THANKSGIVING RECORDED.

$$

EBW/HOVING
