000
CXUS53 KGRR 011245
CLMLAN

CLIMATE REPORT
NATIONAL WEATHER SERVICE GRAND RAPIDS, MI
745 AM EST MON FEB 1 2016

...................................

...THE LANSING MI CLIMATE SUMMARY FOR THE MONTH OF JANUARY 2016...

CLIMATE NORMAL PERIOD 1981 TO 2010
CLIMATE RECORD PERIOD 1864 TO 2016

WEATHER         OBSERVED          NORMAL  DEPART  LAST YEAR`S
                 VALUE   DATE(S)  VALUE   FROM    VALUE  DATE(S)
                                          NORMAL
................................................................
TEMPERATURE (F)
RECORD
 HIGH              66   01/24/1967
 LOW              -29   01/04/1981
HIGHEST            49   01/31        49       0       45  01/17
LOWEST              5   01/19        -8      13      -12  01/14
AVG. MAXIMUM     31.7              30.1     1.6     27.5
AVG. MINIMUM     19.7              16.8     2.9     13.2
MEAN             25.7              23.4     2.3     20.3
DAYS MAX >= 90      0               0.0     0.0        0
DAYS MAX <= 32     16              18.1    -2.1       23
DAYS MIN <= 32     29              27.6     1.4       31
DAYS MIN <= 0       0               4.0    -4.0        3

PRECIPITATION (INCHES)
RECORD
 MAXIMUM         4.39   2005
 MINIMUM         0.24   2003
TOTALS           1.45              1.65   -0.20     1.35
DAILY AVG.       0.05              0.05    0.00     0.04
DAYS >= .01        15              13.4     1.6       12
DAYS >= .10         5               4.5     0.5        4
DAYS >= .50         1               0.8     0.2        0
DAYS >= 1.00        0               0.1    -0.1        0
GREATEST
 24 HR. TOTAL    0.72   01/09 TO 01/10

SNOWFALL (INCHES)
RECORDS
 TOTAL           34.6   1999
 24 HR TOTAL     20.4   01/26/1967 TO 01/27/1967
 SNOW DEPTH        24   01/28/1978
                        01/27/1978
TOTALS            7.8              13.8    -6.0     11.2
SINCE 7/1        17.9              30.6   -12.7     18.9
SNOWDEPTH AVG.      1                 4      -3        4
DAYS >= TRACE      20              12.5     7.5       23
DAYS >= 1.0         4               4.5    -0.5        5
GREATEST
 SNOW DEPTH         5   01/14                          7  01/14
                                                          01/13
                                                          01/12
 24 HR TOTAL      1.7   01/11

DEGREE_DAYS
HEATING TOTAL    1211              1288     -77     1378
 SINCE 7/1       3116              3840    -724     4003
COOLING TOTAL       0                 0       0        0
 SINCE 1/1          0                 0       0        0

FREEZE DATES
RECORD
 EARLIEST     08/03/1894
 LATEST       07/15/1863
EARLIEST                        10/01
LATEST                          05/10
..................................................

WIND (MPH)
AVERAGE WIND SPEED              10.6
RESULTANT WIND SPEED/DIRECTION   6/244
HIGHEST WIND SPEED/DIRECTION    31/320    DATE  01/10
HIGHEST GUST SPEED/DIRECTION    42/300    DATE  01/10

SKY COVER
POSSIBLE SUNSHINE (PERCENT)   MM
AVERAGE SKY COVER           0.70
NUMBER OF DAYS FAIR            4
NUMBER OF DAYS PC             12
NUMBER OF DAYS CLOUDY         15

AVERAGE RH (PERCENT)     75

WEATHER CONDITIONS. NUMBER OF DAYS WITH
THUNDERSTORM              0     MIXED PRECIP               0
HEAVY RAIN                0     RAIN                       3
LIGHT RAIN                7     FREEZING RAIN              0
LT FREEZING RAIN          0     HAIL                       0
HEAVY SNOW                1     SNOW                       3
LIGHT SNOW               20     SLEET                      0
FOG                      22     FOG W/VIS <= 1/4 MILE      3
HAZE                     18

-  INDICATES NEGATIVE NUMBERS.
R  INDICATES RECORD WAS SET OR TIED.
MM INDICATES DATA IS MISSING.
T  INDICATES TRACE AMOUNT.

&&

JANUARY 2016 TEMPERATURES IN THE SOUTHWEST QUARTER OF LOWER MICHIGAN AVERAGED 1
TO 2 DEGREES ABOVE NORMAL. SNOWFALL AND PRECIPITATION WERE ABOVE NORMAL IN
MUSKEGON... NEAR NORMAL IN GRAND RAPIDS... AND BELOW NORMAL IN LANSING.

THERE WERE SEVERAL TEMPERATURE SWINGS BETWEEN COLD AND MILD DURING THE MONTH...
BUT OVERALL THERE WERE VERY FEW EXTREMES. LANSING SET A RECORD WARM LOW
TEMPERATURE ON THE 9TH. A FEW DAYS FEATURED TEMPERATURES DIPPING BELOW 10
DEGREES AND HIGHS REMAINING IN THE TEENS. THE END OF THE MONTH WAS QUITE MILD
WITH TEMPERATURES IN THE 40S TO AROUND 50.

FOLLOWING A RECORD WARM DECEMBER... LAKE MICHIGAN WATER TEMPERATURES IN THE LOW
40S IN EARLY TO MID JANUARY AFFORDED THE ATMOSPHERE OPPORTUNITIES TO PRODUCE
SIGNIFICANT LAKE EFFECT SNOW WHEN POLAR AIR MASSES MOVED IN FROM THE NORTHWEST.
HEAVY LAKE EFFECT SNOW DID INDEED OCCUR ON A COUPLE OCCASIONS AND MAINLY
FAVORED THE NORTHWEST AND SOUTHWEST WIND SNOW BELTS. MUSKEGON RECEIVED OVER 20
INCHES OF SNOW BETWEEN THE 9TH AND 13TH FROM BOTH LAKE EFFECT AND LAKE ENHANCED
LOW PRESSURE SYSTEMS. ANOTHER FOOT OF SNOW FELL BETWEEN THE 17TH AND 20TH.
VARIOUS LOW PRESSURE SYSTEMS PRODUCED RAIN AND OCCASIONAL ACCUMULATIONS OF SNOW
FOR ALL AREAS... THOUGH NO MEMORABLE WINTER STORM OCCURRED.

$$

CAS/EBW
