000
CXUS53 KGRR 011635
CLMLAN

CLIMATE REPORT
NATIONAL WEATHER SERVICE GRAND RAPIDS, MI
1220 PM EDT SUN JUN 1 2014

...................................

...THE LANSING MI CLIMATE SUMMARY FOR THE MONTH OF MAY 2014...

CLIMATE NORMAL PERIOD 1981 TO 2010
CLIMATE RECORD PERIOD 1864 TO 2014

WEATHER         OBSERVED          NORMAL  DEPART  LAST YEAR`S
                 VALUE   DATE(S)  VALUE   FROM    VALUE  DATE(S)
                                          NORMAL
................................................................
TEMPERATURE (F)
RECORD
 HIGH              96   05/28/1874
 LOW               19   05/10/1966
HIGHEST            86   05/08        85       1       88  05/20
LOWEST             34   05/16        30       4       28  05/13
AVG. MAXIMUM     69.6              68.8     0.8     73.3
AVG. MINIMUM     47.3              46.7     0.6     49.8
MEAN             58.4              57.7     0.7     61.5
DAYS MAX >= 90      0               0.0     0.0        0
DAYS MAX <= 32      0               0.0     0.0        0
DAYS MIN <= 32      0               1.1    -1.1        2
DAYS MIN <= 0       0               0.0     0.0        0

PRECIPITATION (INCHES)
RECORD
 MAXIMUM        10.44   2004
 MINIMUM         0.62   1977
TOTALS           4.24              3.36    0.88     3.95
DAILY AVG.       0.14              0.11    0.03     0.13
DAYS >= .01        13              11.6     1.4       10
DAYS >= .10         7               6.7     0.3        5
DAYS >= .50         2               2.1    -0.1        1
DAYS >= 1.00        1               0.6     0.4        1
GREATEST
 24 HR. TOTAL    1.46   05/11 TO 05/12           05/28 TO 05/29

SNOWFALL (INCHES)
RECORDS
 TOTAL           11.5   1923
 24 HR TOTAL     11.5   05/09/1923 TO 05/09/1923
 SNOW DEPTH        MM   MM
TOTALS            0.0                 T     0.0      0.0
SINCE 7/1        69.1              51.1    18.0     30.2
SNOWDEPTH AVG.      0                MM      MM        0
DAYS >= TRACE       0               0.0     0.0        0
DAYS >= 1.0         0               0.0     0.0        0
GREATEST
 SNOW DEPTH         0   MM                             0  MM
 24 HR TOTAL      0.0   MM                       05/31 TO 05/31

DEGREE_DAYS
HEATING TOTAL     234               259     -25      173
 SINCE 7/1       7519              6657     862     6514
COOLING TOTAL      39                34       5       73
 SINCE 1/1         39                41      -2       73

FREEZE DATES
RECORD
 EARLIEST     08/03/1894
 LATEST       07/15/1863
EARLIEST                        10/01
LATEST                          05/10
..................................................

WIND (MPH)
AVERAGE WIND SPEED              8.3
RESULTANT WIND SPEED/DIRECTION   3/240
HIGHEST WIND SPEED/DIRECTION    33/200    DATE  05/09
HIGHEST GUST SPEED/DIRECTION    44/210    DATE  05/09

SKY COVER
POSSIBLE SUNSHINE (PERCENT)   MM
AVERAGE SKY COVER           0.40
NUMBER OF DAYS FAIR           16
NUMBER OF DAYS PC              8
NUMBER OF DAYS CLOUDY          7

AVERAGE RH (PERCENT)     67

WEATHER CONDITIONS. NUMBER OF DAYS WITH
THUNDERSTORM              4     MIXED PRECIP               0
HEAVY RAIN                5     RAIN                      10
LIGHT RAIN               12     FREEZING RAIN              0
LT FREEZING RAIN          0     HAIL                       0
HEAVY SNOW                0     SNOW                       0
LIGHT SNOW                0     SLEET                      0
FOG                      15     FOG W/VIS <= 1/4 MILE      0
HAZE                      6

-  INDICATES NEGATIVE NUMBERS.
R  INDICATES RECORD WAS SET OR TIED.
MM INDICATES DATA IS MISSING.
T  INDICATES TRACE AMOUNT.

&&

MAY 2014 EXPERIENCED TEMPERATURES AROUND NORMAL AND PRECIPITATION
AROUND TO 50 PERCENT ABOVE NORMAL. NO MONTHLY RECORDS WERE ACHIEVED
AT ANY OF THE MAIN CLIMATE SITES.

THE BEGINNING OF THE MONTH WAS DOMINATED BY SLOW MOVING FRONTAL
SYSTEMS. THIS LEAD TO SIGNIFICANT PRECIPITATION AND LARGE
VARIABILITY IN TEMPERATURES. THE LAST LARGE PUSH OF COLD AIR FROM
CANADA CAME NEAR MID MONTH WITH NEAR FREEZING TEMPERATURES. A
TRANSITION TO SPRING FOLLOWED WITH A SLOW WARM UP. TEMPERATURES WERE
LESS VARIABLE FOR THE REST OF MAY WITH VALUES MOSTLY ABOVE NORMAL.

NO SNOW FELL IN MAY EVEN THOUGH MOST OF THE PRECIPITATION FELL IN
THE FIRST HALF OF THE MONTH... AS WINTER GAVE ITS LAST GASP. THOUGH
LITTLE PRECIPITATION FELL LATER IN MAY... PRECIPITATION TOTALS WERE
NEAR TO ABOVE NORMAL THANKS TO THE ACTIVE WEATHER EARLY IN THE MONTH.

LITTLE IN THE WAY OF SEVERE WEATHER OCCURRED IN MAY 2014. A FEW OF
THE SYSTEMS THAT PASSED THROUGH THE AREA HAD HAIL WITH DIAMETERS OF
AN INCH TO AN INCH AND A HALF. STRONG WINDS ALSO KNOCKED OVER A TREE
OR TWO. THE MAIN HAZARD FOR THE MONTH WAS AREAL AND RIVER FLOODING.
THE MAIN FLOOD AREA STRETCHED FROM WEST CENTRAL LOWER MICHIGAN INTO
SOUTH EAST LOWER MICHIGAN.

$$

63
