397
CXUS53 KGRR 011747 RRA
CLMLAN

CLIMATE REPORT
NATIONAL WEATHER SERVICE GRAND RAPIDS, MI
658 AM EDT MON AUG 1 2016

...................................

...THE LANSING MI CLIMATE SUMMARY FOR THE MONTH OF JULY 2016...

CLIMATE NORMAL PERIOD 1981 TO 2010
CLIMATE RECORD PERIOD 1864 TO 2016

WEATHER         OBSERVED          NORMAL  DEPART  LAST YEAR`S
                 VALUE   DATE(S)  VALUE   FROM    VALUE  DATE(S)
                                          NORMAL
................................................................
TEMPERATURE (F)
RECORD
 HIGH             103   07/06/2012
 LOW               31   07/15/1863
HIGHEST            94   07/23        93       1       89  07/28
                                                          07/27
LOWEST             49   07/02        45       4       48  07/03
AVG. MAXIMUM     84.6              82.4     2.2     81.0
AVG. MINIMUM     62.4              60.6     1.8     59.4
MEAN             73.5              71.5     2.0     70.2
DAYS MAX >= 90      5               3.3     1.7        0
DAYS MAX <= 32      0               0.0     0.0        0
DAYS MIN <= 32      0               0.0     0.0        0
DAYS MIN <= 0       0               0.0     0.0        0

PRECIPITATION (INCHES)
RECORD
 MAXIMUM        11.25   1883
 MINIMUM         0.09   1916
TOTALS           3.35              2.84    0.51     2.39
DAILY AVG.       0.11              0.09    0.02     0.08
DAYS >= .01         9               9.5    -0.5        8
DAYS >= .10         8               5.5     2.5        4
DAYS >= .50         2               1.9     0.1        3
DAYS >= 1.00        0               0.6    -0.6        0
GREATEST
 24 HR. TOTAL    1.15   07/07 TO 07/08

SNOWFALL (INCHES)
RECORDS
 TOTAL            0.0   MM
 24 HR TOTAL      0.0   MM
 SNOW DEPTH         0   MM
TOTALS            0.0               0.0     0.0      0.0
SINCE 7/1         0.0               0.0     0.0      0.0
SNOWDEPTH AVG.      0                MM      MM        0
DAYS >= TRACE       0               0.0     0.0        0
DAYS >= 1.0         0               0.0     0.0        0
GREATEST
 SNOW DEPTH         0   MM                             0  MM
 24 HR TOTAL      0.0   07/31 TO 07/31

DEGREE_DAYS
HEATING TOTAL       3                11      -8       12
 SINCE 7/1          3                11      -8       12
COOLING TOTAL     274               213      61      180
 SINCE 1/1        484               386      98      326

FREEZE DATES
RECORD
 EARLIEST     08/03/1894
 LATEST       07/15/1863
EARLIEST                        10/01
LATEST                          05/10
.................................................................

WIND (MPH)
AVERAGE WIND SPEED              7.3
RESULTANT WIND SPEED/DIRECTION   3/256
HIGHEST WIND SPEED/DIRECTION    48/280    DATE  07/08
HIGHEST GUST SPEED/DIRECTION    63/270    DATE  07/08

SKY COVER
POSSIBLE SUNSHINE (PERCENT)   MM
AVERAGE SKY COVER           0.30
NUMBER OF DAYS FAIR           20
NUMBER OF DAYS PC              9
NUMBER OF DAYS CLOUDY          2

AVERAGE RH (PERCENT)     66

WEATHER CONDITIONS. NUMBER OF DAYS WITH
THUNDERSTORM              8     MIXED PRECIP               0
HEAVY RAIN                7     RAIN                       8
LIGHT RAIN               14     FREEZING RAIN              0
LT FREEZING RAIN          0     HAIL                       0
HEAVY SNOW                0     SNOW                       0
LIGHT SNOW                0     SLEET                      0
FOG                      12     FOG W/VIS <= 1/4 MILE      1
HAZE                      3

-  INDICATES NEGATIVE NUMBERS.
R  INDICATES RECORD WAS SET OR TIED.
MM INDICATES DATA IS MISSING.
T  INDICATES TRACE AMOUNT.

&&

JULY 2016 CAME TO A CLOSE WITH TEMPERATURES THAT AVERAGED SLIGHTLY ABOVE
NORMALTHROUGH MOST OF CENTRAL LOWER MICHIGAN AND NEAR NORMAL IN FAR SOUTHWEST
LOWERMICHIGAN. AREA-WIDE PRECIPITATION TOTALS AVERAGED ABOVE NORMAL WITH
SPORADICLOCATIONS WELL ABOVE OR BELOW NORMAL.

IT WAS A MILD MONTH OVERALL. LESS THAN ONE-THIRD OF THE DAYS RESULTED
INTEMPERATURES THAT WOULD BE CONSIDERED BELOW NORMAL. ABOUT HALF OF THE
BELOWNORMAL DAILY AVERAGES WERE CONFINED TO THE FIRST WEEK. MUCH OF THE
TIME...HIGHTEMPERATURES AT EACH CLIMATE SITE WERE SOLIDLY IN THE 80S WITH FEW
90SINTERSPERSED THROUGHOUT JULY. NO RECORD HIGH TEMPERATURES WERE
SET...BUTRELATIVELY WARM NIGHTS WERE COMMON. LANSING TIED A RECORD WARM LOW
TEMPERATUREOF 73 DEGREES ON JULY 28TH...PREVIOUSLY SET IN 1972. ELEVATED
HUMIDITY LEVELSPERIODICALLY MADE THEIR WAY INTO THE LOWER PENINSULA. THE
COMBINATION OF WARMTEMPERATURES AND MOISTURE LED TO A FEW SULTRY SUMMER DAYS.

PRECIPITATION...WHILE NOT AT ALL VOID...WAS HIT-OR-MISS. THE
CONVECTIVEENVIRONMENT PROVIDED FOR LOCALIZED HEAVY RAINFALL. A BULK OF THE
MONTHSMOISTURE WAS RECEIVED IN LARGE...SINGLE EVENTS. AS HIGH PRESSURE
STRENGTHENEDAND MEANDERED THROUGH THE MIDWEST...THE ACTIVE STORM TRACK SET UP
OVER THEGREAT LAKES REGION FROM TIME TO TIME. ON JULY 7TH...LOCALIZED HEAVY
RAINDEVELOPED OVER JACKSON MICHIGAN...LEADING TO URBAN FLOODING THAT AFFECTED
THEGROUND FLOOR OF THE HENRY FORD ALLEGIANCE HEALTH HOSPITAL. ON JULY 24TH
ANDJULY 29TH...THE MUSKEGON AND GRAND RAPIDS AREAS RECEIVED THEIR FAIR SHARE
OFRAINFALL. BOTH SITES BROKE DAILY RAINFALL RECORDS ON JULY 24TH...WITH
2.93INCHES OF RAIN RECORDED IN MUSKEGON AND 1.53 INCHES RECORDED IN GRAND
RAPIDS.MUSKEGONS MONTHLY RAINFALL RANKED 5TH WETTEST ON RECORD.

SEVERE WEATHER WAS FAIRLY TAME WITH A LIMITED NUMBER OF LOCAL STORM
REPORTS.ONLY MARGINAL STORM DAMAGE WAS PERIODICALLY NOTED IN JULY. DAMAGE THAT
DIDOCCUR WAS LARGELY RELATED TO GUSTY WINDS AND CONSISTED OF FEW
DOWNEDTREES...LIMBS AND POWERLINES ON A LOCAL SCALE. NO WIDESPREAD SEVERE
WEATHERDEVELOPED THROUGHOUT THE MONTH.

$$

JAM
