000
CXUS53 KGRR 011852
CLMLAN

CLIMATE REPORT...WITH NARRATIVE
NATIONAL WEATHER SERVICE GRAND RAPIDS, MI
152 PM EST WED JAN 1 2014

...................................

...THE LANSING MI CLIMATE SUMMARY FOR THE MONTH OF DECEMBER 2013...

CLIMATE NORMAL PERIOD 1981 TO 2010
CLIMATE RECORD PERIOD 1864 TO 2013

WEATHER         OBSERVED          NORMAL  DEPART  LAST YEAR`S
                 VALUE   DATE(S)  VALUE   FROM    VALUE  DATE(S)
                                          NORMAL
................................................................
TEMPERATURE (F)
RECORD
 HIGH              70   12/31/1875
 LOW              -25   12/18/1884
                        12/08/1864
HIGHEST            59   12/05        54       5       63  12/04
                        12/04                             12/03
LOWEST                  12/16        -2       1       12  12/28
AVG. MAXIMUM     30.2              34.3    -4.1     40.1
AVG. MINIMUM     18.2              22.3    -4.1     26.8
MEAN             24.2              28.3    -4.1     33.5
DAYS MAX >= 90      0               0.0     0.0        0
DAYS MAX <= 32     20              12.8     7.2        8
DAYS MIN <= 32     29              25.4     3.6       23
DAYS MIN <= 0       1               1.0     0.0        0

PRECIPITATION (INCHES)
RECORD
 MAXIMUM         6.91   1895
 MINIMUM         0.37   1967
TOTALS           1.87              1.87    0.00     1.98
DAILY AVG.       0.06              0.06    0.00     0.06
DAYS >= .01        18              13.9     4.1       16
DAYS >= .10         4               5.6    -1.6        8
DAYS >= .50         1               0.7     0.3        1
DAYS >= 1.00        0               0.0     0.0        0
GREATEST
 24 HR. TOTAL    0.55   12/21 TO 12/21           12/20 TO 12/21


SNOWFALL (INCHES)
RECORDS
 TOTAL           31.9   2000
 24 HR TOTAL     15.1   12/10/1970 TO 12/11/1970
 SNOW DEPTH        20   12/25/1951
TOTALS           15.8              13.0     2.8      4.0
SINCE 7/1        16.5              16.8    -0.3      4.5
SNOWDEPTH AVG.      3                 2       1        1
DAYS >= TRACE      21              10.8    10.2       14
DAYS >= 1.0         6               4.2     1.8        1
GREATEST
 SNOW DEPTH         8   12/19                          3  12/31
                        12/18                             12/30
                                                          12/29
 24 HR TOTAL      3.0   12/14                             12/21


DEGREE_DAYS
HEATING TOTAL    1217              1138      79      969
 SINCE 7/1       2663              2552     111     2376
COOLING TOTAL       0                 0       0        0
 SINCE 1/1        661               625      36      940

FREEZE DATES
RECORD
 EARLIEST     08/03/1894
 LATEST       07/15/1863
EARLIEST                        10/01
LATEST                          05/10
..................................................

WIND (MPH)
AVERAGE WIND SPEED              9.2
RESULTANT WIND SPEED/DIRECTION   4/241
HIGHEST WIND SPEED/DIRECTION    32/260    DATE  12/05
HIGHEST GUST SPEED/DIRECTION    40/260    DATE  12/05

SKY COVER
POSSIBLE SUNSHINE (PERCENT)   MM
AVERAGE SKY COVER           0.80
NUMBER OF DAYS FAIR            2
NUMBER OF DAYS PC              8
NUMBER OF DAYS CLOUDY         21

AVERAGE RH (PERCENT)     78

WEATHER CONDITIONS. NUMBER OF DAYS WITH
THUNDERSTORM              0     MIXED PRECIP               0
HEAVY RAIN                0     RAIN                       1
LIGHT RAIN                6     FREEZING RAIN              0
LT FREEZING RAIN          5     HAIL                       0
HEAVY SNOW                0     SNOW                       4
LIGHT SNOW               20     SLEET                      0
FOG                      26     FOG W/VIS <= 1/4 MILE      3
HAZE                     17

-  INDICATES NEGATIVE NUMBERS.
R  INDICATES RECORD WAS SET OR TIED.
MM INDICATES DATA IS MISSING.
T  INDICATES TRACE AMOUNT.

&&

DECEMBER ENDED UP BEING COLDER THAN NORMAL AND SNOWIER THAN NORMAL.
THIS WAS THE SEVENTH SNOWIEST DECEMBER FOR GRAND RAPIDS AND THE
NINTH SNOWIEST DECEMBER FOR MUSKEGON.

HIGHLIGHTS FOR THE MONTH INCLUDE PERSISTENT LAKE EFFECT SNOW...A
MAJOR ICE STORM ON THE 21ST...LOCALLY VERY HEAVY SNOW ON THE
23RD...AND A SNOWY CHRISTMAS DAY. LAKESHORE AREAS STEADILY PILED UP
SNOW THIS MONTH UNDER COLDER THAN NORMAL CONDITIONS AND FAVORABLE
WIND DIRECTION. SOME OF THIS SNOW DID MAKE ITS WAY INLAND AND EVEN
HELPED BRING LANSING INTO ABOVE NORMAL STATUS FOR SNOW.

THE MAJOR WINTER EVENT OF THE SEASON GOT UNDERWAY ON THE 21ST IN THE
FORM OF AN ICE STORM. THIS ICE STORM PRODUCED SIGNIFICANT ICING
AMOUNTS BETWEEN 0.25 AND 0.75 INCH ACROSS MOST OF SOUTHERN LOWER
MICHIGAN. THE ICING RESULTED IN WIDESPREAD AND PROLONGED POWER
OUTAGES RIGHT THROUGH THE CHRISTMAS HOLIDAY. AT ONE POINT...570,000
CUSTOMERS HAD LOST POWER ACROSS SOUTHERN LOWER MICHIGAN...MAINLY
FROM LANSING TO HASTINGS AND OVER TO GRAND RAPIDS. IT WAS ONE OF THE
WORST POWER OUTAGES THAT ANY OF THE POWER COMPANIES HAD EVER FACED.
SOME WERE IN THE DARK A WEEK AFTER THE ICE STORM.

LOCALLY VERY HEAVY LAKE EFFECT SNOW AFFECTED THE LAKESHORE AREAS AND
EVEN INLAND ON THE 23RD. UNIQUE CIRCUMSTANCES CAME TOGETHER TO
PRODUCE HEAVY BANDED SNOWFALL...IN SOME CASES 12 TO 18 INCHES ACROSS
NORTHERN MUSKEGON COUNTY. NUMEROUS LOCATIONS REPORTED 2 TO 3 INCH
PER HOUR SNOWFALL AMOUNTS.

FINALLY...ON CHRISTMAS DAY A CLIPPER SYSTEM MOVED OVER THE STATE AND
LAKE MICHIGAN AIDED IN THE DEVELOPMENT OF SNOW. SOME LOCATIONS
RECEIVED SEVERAL INCHES AND TRAVEL WAS IMPEDED.

$$

HOVING
