000
CXUS55 KCYS 041537 CCA
CF6LAR
PRELIMINARY LOCAL CLIMATOLOGICAL DATA (WS FORM: F-6)...CORRECTED
STATION: LARAMIE WYOMING AIRPORT
MONTH: APRIL
YEAR: 2022
LATITUDE: 41 18 N
LONGITUDE: 105 40 W
TEMPERATURE IN F: :PCPN: SNOW: WIND :SUNSHINE: SKY :PK WND
================================================================================
1 2 3 4 5 6A 6B 7 8 9 10 11 12 13 14 15 16 17 18
12Z AVG MX 2MIN
DY MAX MIN AVG DEP HDD CDD WTR SNW DPTH SPD SPD DIR MIN PSBL S-S WX SPD DR
================================================================================
1 48 29 39 3 26 0 T M M 13.6 29 260 M M 3 1 41 290
2 60 27 44 8 21 0 0.00 M M 16.1 35 250 M M 0 50 260
3 51 28 40 4 25 0 0.00 M M 11.2 26 330 M M 0 37 340
4 56 21 39 3 26 0 0.00 M M 21.7 41 260 M M 1 57 250
5 46 21 34 -2 31 0 T M M 35.6 52 290 M M 7 1 72 280
6 38 18 28 -8 37 0 0.00 M M 26.2 41 310 M M 4 63 310
7 44 18 31 -5 34 0 0.00 M M 22.2 39 320 M M 4 52 320
8 60 14 37 1 28 0 0.00 M M 11.7 23 220 M M 0 8 33 230
9 62 32 47 11 18 0 0.06 M M 21.4 44 220 M M 3 1 55 290
10 35 17 26 -11 39 0 0.00 M M 24.1 51 270 M M 2 66 270
11 51 16 34 -3 31 0 0.00 M M 15.7 37 210 M M 1 64 210
12 38 15 27 -10 38 0 0.09 M M M M M M M 0 M M
13 27 6 17 -20 48 0 0.01 M M M M M M M 0 M M
14 41 15 28 -9 37 0 0.00 M M M M M M M 0 M M
15 48 20 34 -3 31 0 0.00 M M 13.9 31 300 M M 2 37 300
16 55 24 40 2 25 0 0.08 M M 20.6 36 140 M M 6 44 140
17 45 28 37 -1 28 0 0.00 M M 19.3 46 290 M M 5 59 260
18 57 26 42 4 23 0 0.00 M M 16.0 35 150 M M 1 44 140
19 68 29 49 11 16 0 0.00 M M 19.1 37 240 M M 1 52 230
20 55 32 44 6 21 0 0.00 M M 16.8 39 280 M M 4 50 290
21 72 33 53 14 12 0 0.00 M M 19.8 35 240 M M 1 45 160
22 71 37 54 15 11 0 0.00 M M 13.3 33 260 M M 4 55 140
23 38 28 33 -6 32 0 0.04 M M 26.4 51 300 M M 7 18 65 300
24 41 17 29 -10 36 0 T M M 13.6 26 320 M M 3 35 360
25 45 12 29 -11 36 0 0.00 M M 7.1 17 310 M M 2 29 300
26 64 22 43 3 22 0 0.00 M M 12.6 28 250 M M 0 34 230
27 67 28 48 8 17 0 0.00 M M 9.6 31 140 M M 1 39 140
28 66 29 48 7 17 0 T M M 10.2 30 160 M M 2 45 160
29 48 25 37 -4 28 0 T M M 22.2 44 290 M M 3 1 55 290
30 52 25 39 -2 26 0 0.00 M M 14.4 31 330 M M 1 44 340
================================================================================
SM 1549 692 820 0 0.28 M 474.4 M 68
================================================================================
AV 51.6 23.1 17.6 FASTST M M 2 MAX(MPH)
MISC ----> 52 290 72 280
================================================================================
NOTES:
# LAST OF SEVERAL OCCURRENCES
COLUMN 17 PEAK WIND IN M.P.H.
PRELIMINARY LOCAL CLIMATOLOGICAL DATA (WS FORM: F-6) , PAGE 2
STATION: LARAMIE WYOMING AIRPORT
MONTH: APRIL
YEAR: 2022
LATITUDE: 41 18 N
LONGITUDE: 105 40 W
[TEMPERATURE DATA] [PRECIPITATION DATA] SYMBOLS USED IN COLUMN 16
AVERAGE MONTHLY: 37.4 TOTAL FOR MONTH: 0.28 1 = FOG OR MIST
DPTR FM NORMAL: -0.5 DPTR FM NORMAL: -0.76 2 = FOG REDUCING VISIBILITY
HIGHEST: 72 ON 21 GRTST 24HR 0.09 ON 12-12 TO 1/4 MILE OR LESS
LOWEST: 6 ON 13 3 = THUNDER
SNOW, ICE PELLETS, HAIL 4 = ICE PELLETS
TOTAL MONTH: M 5 = HAIL
GRTST 24HR M ON M 6 = FREEZING RAIN OR DRIZZLE
GRTST DEPTH: M ON M 7 = DUSTSTORM OR SANDSTORM:
VSBY 1/2 MILE OR LESS
8 = SMOKE OR HAZE
[NO. OF DAYS WITH] [WEATHER - DAYS WITH] 9 = BLOWING SNOW
X = TORNADO
MAX 32 OR BELOW: 1 0.01 INCH OR MORE: 5
MAX 90 OR ABOVE: 0 0.10 INCH OR MORE: 0
MIN 32 OR BELOW: 28 0.50 INCH OR MORE: 0
MIN 0 OR BELOW: 0 1.00 INCH OR MORE: 0
[HDD (BASE 65) ]
TOTAL THIS MO. 820 CLEAR (SCALE 0-3) 21
DPTR FM NORMAL 6 PTCLDY (SCALE 4-7) 9
TOTAL FM JUL 1 7458 CLOUDY (SCALE 8-10) 0
DPTR FM NORMAL -454
[CDD (BASE 65) ]
TOTAL THIS MO. 0
DPTR FM NORMAL 0 [PRESSURE DATA]
TOTAL FM JAN 1 0 HIGHEST SLP 30.45 ON 7
DPTR FM NORMAL 0 LOWEST SLP 29.14 ON 22
[REMARKS]
APRIL 12-14...MISSING WIND DATA.
APRIL 25...TIED RECORD LOW 12 DEGREES PREVIOUSLY SET IN 1950
MONTHLY PRECIPITATION 0.28" RANKED 5TH DRIEST APRIL
#FINAL-04-22#