000
CXUS55 KVEF 112214
CF6LAS
PRELIMINARY LOCAL CLIMATOLOGICAL DATA (WS FORM: F-6)
STATION: LAS VEGAS NV
MONTH: FEBRUARY
YEAR: 2021
LATITUDE: 36 4 N
LONGITUDE: 115 10 W
TEMPERATURE IN F: :PCPN: SNOW: WIND :SUNSHINE: SKY :PK WND
================================================================================
1 2 3 4 5 6A 6B 7 8 9 10 11 12 13 14 15 16 17 18
12Z AVG MX 2MIN
DY MAX MIN AVG DEP HDD CDD WTR SNW DPTH SPD SPD DIR MIN PSBL S-S WX SPD DR
================================================================================
1 60 47 54 4 11 0 0.00 0.0 0 1.8 8 80 M M 9 10 60
2 68 45 57 7 8 0 0.00 0.0 0 3.5 10 80 M M 5 16 220
3 72 54 63 12 2 0 0.00 0.0 0 12.6 26 340 M M 6 39 270
4 59 47 53 2 12 0 0.00 0.0 0 12.9 26 40 M M 1 36 40
5 67 40 54 3 11 0 0.00 0.0 0 3.6 17 90 M M 0 22 90
6 67 42 55 4 10 0 0.00 0.0 0 3.8 10 90 M M 0 12 80
7 68 43 56 5 9 0 0.00 0.0 0 3.5 10 200 M M 1 13 210
8 68 42 55 4 10 0 0.00 0.0 0 3.6 9 80 M M 6 12 70
9 62 49 56 4 9 0 0.00 0.0 0 3.2 8 40 M M 10 14 350
10 69 48 59 7 6 0 0.00 0.0 0 2.3 8 240 M M 4 11 220
11 70 47 59 7 6 0 0.00 0.0 0 4.9 15 200 M M 5 23 210
12 68 54 61 9 4 0 T 0.0 0 9.4 24 330 M M 3 33 340
13 64 51 58 6 7 0 0.01 0.0 0 13.6 46 350 M M 5 8 63 340
14 59 46 53 0 12 0 0.00 0.0 0 12.8 29 330 M M 5 39 320
15 63 41 52 -1 13 0 0.00 0.0 0 4.1 14 20 M M 7 16 60
16 63 50 57 4 8 0 0.00 0.0 0 14.7 29 350 M M 4 39 340
17 57 43 50 -3 15 0 0.00 0.0 0 14.9 30 320 M M 2 42 320
18 56 42 49 -5 16 0 0.00 0.0 0 8.6 21 340 M M 1 28 340
19 61 39 50 -4 15 0 0.00 0.0 0 2.7 10 50 M M 4 8 14 80
20 63 39 51 -3 14 0 0.00 0.0 0 12.5 35 350 M M 2 47 330
21 60 45 53 -1 12 0 0.00 0.0 0 8.8 20 350 M M 1 30 340
22 67 40 54 -1 11 0 0.00 0.0 0 5.3 14 350 M M 1 20 350
23 74 45 60 5 5 0 0.00 0.0 0 4.9 16 340 M M 4 23 330
24 73 46 60 5 5 0 0.00 0.0 0 12.0 41 340 M M 0 56 340
25 58 42 50 -5 15 0 0.00 0.0 0 13.7 33 350 M M 1 45 350
26 69 36 53 -3 12 0 0.00 0.0 0 6.7 25 340 M M 1 35 340
27 60 45 53 -3 12 0 0.00 0.0 0 15.5 32 340 M M 2 48 340
28 56 41 49 -7 16 0 0.00 0.0 0 10.5 26 350 M M 3 34 350
================================================================================
SM 1801 1249 286 0 0.01 0.0 226.4 M 93
================================================================================
AV 64.3 44.6 8.1 FASTST M M 3 MAX(MPH)
MISC ----> 46 350 63 340
================================================================================
NOTES:
# LAST OF SEVERAL OCCURRENCES
COLUMN 17 PEAK WIND IN M.P.H.
PRELIMINARY LOCAL CLIMATOLOGICAL DATA (WS FORM: F-6) , PAGE 2
STATION: LAS VEGAS NV
MONTH: FEBRUARY
YEAR: 2021
LATITUDE: 36 4 N
LONGITUDE: 115 10 W
[TEMPERATURE DATA] [PRECIPITATION DATA] SYMBOLS USED IN COLUMN 16
AVERAGE MONTHLY: 54.5 TOTAL FOR MONTH: 0.01 1 = FOG OR MIST
DPTR FM NORMAL: 1.6 DPTR FM NORMAL: -0.75 2 = FOG REDUCING VISIBILITY
HIGHEST: 74 ON 23 GRTST 24HR 0.01 ON 13-13 TO 1/4 MILE OR LESS
LOWEST: 36 ON 26 3 = THUNDER
SNOW, ICE PELLETS, HAIL 4 = ICE PELLETS
TOTAL MONTH: 0.0 INCH 5 = HAIL
GRTST 24HR 0.0 6 = FREEZING RAIN OR DRIZZLE
GRTST DEPTH: 0 7 = DUSTSTORM OR SANDSTORM:
VSBY 1/2 MILE OR LESS
8 = SMOKE OR HAZE
[NO. OF DAYS WITH] [WEATHER - DAYS WITH] 9 = BLOWING SNOW
X = TORNADO
MAX 32 OR BELOW: 0 0.01 INCH OR MORE: 1
MAX 90 OR ABOVE: 0 0.10 INCH OR MORE: 0
MIN 32 OR BELOW: 0 0.50 INCH OR MORE: 0
MIN 0 OR BELOW: 0 1.00 INCH OR MORE: 0
[HDD (BASE 65) ]
TOTAL THIS MO. 286 CLEAR (SCALE 0-3) 15
DPTR FM NORMAL -53 PTCLDY (SCALE 4-7) 11
TOTAL FM JUL 1 1531 CLOUDY (SCALE 8-10) 2
DPTR FM NORMAL -160
[CDD (BASE 65) ]
TOTAL THIS MO. 0
DPTR FM NORMAL -1 [PRESSURE DATA]
TOTAL FM JAN 1 0 HIGHEST SLP 30.44 ON 21
DPTR FM NORMAL 0 LOWEST SLP 29.53 ON 13
[REMARKS]
#FINAL-02-21#