000
CXUS56 KLOX 011155
CF6LAX
PRELIMINARY LOCAL CLIMATOLOGICAL DATA (WS FORM: F-6)
STATION: LOS ANGELES INTL AIRPORT CA
MONTH: MARCH
YEAR: 2021
LATITUDE: 33 55 N
LONGITUDE: 118 24 W
TEMPERATURE IN F: :PCPN: SNOW: WIND :SUNSHINE: SKY :PK WND
================================================================================
1 2 3 4 5 6A 6B 7 8 9 10 11 12 13 14 15 16 17 18
12Z AVG MX 2MIN
DY MAX MIN AVG DEP HDD CDD WTR SNW DPTH SPD SPD DIR MIN PSBL S-S WX SPD DR
================================================================================
1 75 52 64 6 1 0 0.00 M M 8.5 17 270 M M 0 21 270
2 74 48 61 3 4 0 0.00 M M 5.9 18 250 M M 4 22 250
3 58 45 52 -6 13 0 0.13 M M 7.9 21 80 M M 6 1 26 90
4 63 44 54 -4 11 0 0.00 M M 7.4 16 260 M M 2 20 260
5 72 48 60 2 5 0 0.00 M M 7.6 21 260 M M 2 23 270
6 65 48 57 -1 8 0 0.00 M M 6.5 22 260 M M 3 1 25 250
7 60 52 56 -2 9 0 0.00 M M 5.1 14 230 M M 10 18 230
8 63 52 58 0 7 0 0.00 M M 8.9 21 270 M M 6 25 270
9 61 47 54 -4 11 0 0.00 M M 12.3 32 260 M M 4 36 250
10 57 47 52 -6 13 0 0.70 M M 9.3 21 240 M M 7 13 26 260
11 56 44 50 -8 15 0 0.19 M M 8.1 16 250 M M 6 1 22 250
12 57 42 50 -8 15 0 0.00 M M 7.1 20 270 M M 5 23 270
13 59 44 52 -6 13 0 0.00 M M 7.4 22 270 M M 4 25 270
14 61 52 57 -1 8 0 0.00 M M 9.4 18 260 M M 8 25 280
15 57 47 52 -6 13 0 0.30 M M 17.2 37 270 M M 5 1 48 270
16 57 44 51 -7 14 0 0.00 M M 7.2 16 260 M M 1 21 260
17 60 44 52 -6 13 0 0.00 M M 7.0 18 260 M M 3 M M
18 60 50 55 -3 10 0 0.00 M M 7.2 21 250 M M 4 M M
19 65 49 57 -1 8 0 0.00 M M 8.3 18 250 M M 4 8 23 260
20 64 53 59 1 6 0 0.00 M M 7.4 18 270 M M 5 1 21 240
21 64 48 56 -2 9 0 0.00 M M 10.2 23 250 M M 1 27 350
22 65 47 56 -2 9 0 0.00 M M 7.8 16 260 M M 2 21 260
23 64 50 57 -1 8 0 0.00 M M 12.7 31 270 M M 3 36 280
24 71 54 63 5 2 0 0.00 M M 13.8 30 260 M M 3 41 260
25 61 49 55 -3 10 0 0.00 M M 11.7 22 260 M M 6 23 260
26 61 46 54 -4 11 0 0.00 M M 7.8 21 260 M M 3 24 260
27 73 48 61 3 4 0 0.00 M M 6.8 17 280 M M 0 M M
28 80 50 65 7 0 0 0.00 M M 7.8 20 260 M M 0 22 250
29 70 51 61 2 4 0 0.00 M M 5.7 16 230 M M 1 19 230
30 67 53 60 1 5 0 0.00 M M 7.3 15 270 M M 3 18 270
31 84 53 69 10 0 4 0.00 M M 4.8 16 240 M M 2 19 280
================================================================================
SM 2004 1501 259 4 1.32 M 262.1 M 113
================================================================================
AV 64.6 48.4 8.5 FASTST M M 4 MAX(MPH)
MISC ----> 37 270 48 270
================================================================================
NOTES:
# LAST OF SEVERAL OCCURRENCES
COLUMN 17 PEAK WIND IN M.P.H.
PRELIMINARY LOCAL CLIMATOLOGICAL DATA (WS FORM: F-6) , PAGE 2
STATION: LOS ANGELES INTL AIRPORT CA
MONTH: MARCH
YEAR: 2021
LATITUDE: 33 55 N
LONGITUDE: 118 24 W
[TEMPERATURE DATA] [PRECIPITATION DATA] SYMBOLS USED IN COLUMN 16
AVERAGE MONTHLY: 56.5 TOTAL FOR MONTH: 1.32 1 = FOG OR MIST
DPTR FM NORMAL: -1.5 DPTR FM NORMAL: -0.53 2 = FOG REDUCING VISIBILITY
HIGHEST: 84 ON 31 GRTST 24HR 0.86 ON 10-11 TO 1/4 MILE OR LESS
LOWEST: 42 ON 12 3 = THUNDER
SNOW, ICE PELLETS, HAIL 4 = ICE PELLETS
TOTAL MONTH: M 5 = HAIL
GRTST 24HR M ON M 6 = FREEZING RAIN OR DRIZZLE
GRTST DEPTH: M ON M 7 = DUSTSTORM OR SANDSTORM:
VSBY 1/2 MILE OR LESS
8 = SMOKE OR HAZE
[NO. OF DAYS WITH] [WEATHER - DAYS WITH] 9 = BLOWING SNOW
X = TORNADO
MAX 32 OR BELOW: 0 0.01 INCH OR MORE: 4
MAX 90 OR ABOVE: 0 0.10 INCH OR MORE: 4
MIN 32 OR BELOW: 0 0.50 INCH OR MORE: 1
MIN 0 OR BELOW: 0 1.00 INCH OR MORE: 0
[HDD (BASE 65) ]
TOTAL THIS MO. 259 CLEAR (SCALE 0-3) 13
DPTR FM NORMAL 38 PTCLDY (SCALE 4-7) 17
TOTAL FM JUL 1 1042 CLOUDY (SCALE 8-10) 1
DPTR FM NORMAL -107
[CDD (BASE 65) ]
TOTAL THIS MO. 4
DPTR FM NORMAL -2 [PRESSURE DATA]
TOTAL FM JAN 1 18 HIGHEST SLP 30.28 ON 14
DPTR FM NORMAL 3 LOWEST SLP 29.78 ON 3
[REMARKS]
#FINAL-03-21#