000
CXUS56 KLOX 011655
CF6LAX
PRELIMINARY LOCAL CLIMATOLOGICAL DATA (WS FORM: F-6)
STATION: LOS ANGELES INTL AIRPORT CA
MONTH: JUNE
YEAR: 2020
LATITUDE: 33 55 N
LONGITUDE: 118 24 W
TEMPERATURE IN F: :PCPN: SNOW: WIND :SUNSHINE: SKY :PK WND
================================================================================
1 2 3 4 5 6A 6B 7 8 9 10 11 12 13 14 15 16 17 18
12Z AVG MX 2MIN
DY MAX MIN AVG DEP HDD CDD WTR SNW DPTH SPD SPD DIR MIN PSBL S-S WX SPD DR
================================================================================
1 75 60 68 4 0 3 0.00 0.0 0 9.4 22 260 M M 7 28 260
2 76 60 68 4 0 3 0.00 0.0 0 6.9 14 260 M M 7 17 270
3 78 61 70 6 0 5 0.00 0.0 0 8.7 17 270 M M 5 22 270
4 74 62 68 4 0 3 0.00 0.0 0 8.6 14 250 M M 7 1 24 210
5 70 63 67 3 0 2 0.00 0.0 0 8.2 18 270 M M 10 22 270
6 69 61 65 1 0 0 0.00 0.0 0 11.1 20 260 M M 6 24 260
7 72 58 65 1 0 0 0.00 0.0 0 11.9 30 270 M M 2 34 270
8 84 65 75 11 0 10 0.00 0.0 0 12.9 26 330 M M 1 39 300
9 93 63 78 13 0 13 0.00 0.0 0 8.4 23 280 M M 0 28 280
10 89 67 78 13 0 13 0.00 0.0 0 7.3 18 250 M M 2 21 250
11 78 60 69 4 0 4 0.00 0.0 0 7.0 15 270 M M 2 18 260
12 70 61 66 1 0 1 0.00 0.0 0 8.7 20 260 M M 6 23 270
13 73 59 66 1 0 1 0.00 0.0 0 9.1 25 260 M M 2 31 260
14 73 59 66 1 0 1 0.00 0.0 0 7.1 17 260 M M 1 23 260
15 74 60 67 2 0 2 0.00 0.0 0 7.2 18 270 M M 4 22 240
16 71 63 67 1 0 2 0.00 0.0 0 8.1 16 260 M M 7 22 240
17 74 62 68 2 0 3 0.00 0.0 0 7.9 15 260 M M 6 21 250
18 70 62 66 0 0 1 0.00 0.0 0 7.0 14 250 M M 6 21 270
19 71 63 67 1 0 2 0.00 0.0 0 9.6 18 260 M M 7 28 260
20 70 62 66 0 0 1 0.00 0.0 0 9.3 18 250 M M 9 23 270
21 72 63 68 2 0 3 0.00 0.0 0 7.7 16 260 M M 7 19 260
22 73 62 68 2 0 3 0.00 0.0 0 7.8 18 260 M M 8 18 22 260
23 71 61 66 -1 0 1 0.00 0.0 0 8.1 16 240 M M 9 18 21 250
24 70 61 66 -1 0 1 0.00 0.0 0 7.0 16 270 M M 9 18 21 260
25 72 63 68 1 0 3 0.00 0.0 0 7.8 15 240 M M 8 8 21 240
26 70 62 66 -1 0 1 0.00 0.0 0 8.0 17 250 M M 9 18 20 260
27 71 61 66 -1 0 1 0.00 0.0 0 7.2 15 260 M M 7 18 21 270
28 69 63 66 -1 0 1 T 0.0 0 8.1 14 270 M M 9 26 240
29 71 63 67 0 0 2 0.00 0.0 0 8.4 16 260 M M 5 22 260
30 71 62 67 -1 0 2 0.00 0.0 0 8.1 21 250 M M 5 26 250
================================================================================
SM 2214 1852 0 88 T 0.0 252.6 M 173
================================================================================
AV 73.8 61.7 8.4 FASTST M M 6 MAX(MPH)
MISC ----> # 30 270 # 39 300
================================================================================
NOTES:
# LAST OF SEVERAL OCCURRENCES
COLUMN 17 PEAK WIND IN M.P.H.
PRELIMINARY LOCAL CLIMATOLOGICAL DATA (WS FORM: F-6) , PAGE 2
STATION: LOS ANGELES INTL AIRPORT CA
MONTH: JUNE
YEAR: 2020
LATITUDE: 33 55 N
LONGITUDE: 118 24 W
[TEMPERATURE DATA] [PRECIPITATION DATA] SYMBOLS USED IN COLUMN 16
AVERAGE MONTHLY: 67.8 TOTAL FOR MONTH: T 1 = FOG OR MIST
DPTR FM NORMAL: 2.3 DPTR FM NORMAL: -0.08 2 = FOG REDUCING VISIBILITY
HIGHEST: 93 ON 9 GRTST 24HR T ON 28-28 TO 1/4 MILE OR LESS
LOWEST: 58 ON 7 3 = THUNDER
SNOW, ICE PELLETS, HAIL 4 = ICE PELLETS
TOTAL MONTH: 0.0 INCH 5 = HAIL
GRTST 24HR 0.0 6 = FREEZING RAIN OR DRIZZLE
GRTST DEPTH: 0 7 = DUSTSTORM OR SANDSTORM:
VSBY 1/2 MILE OR LESS
8 = SMOKE OR HAZE
[NO. OF DAYS WITH] [WEATHER - DAYS WITH] 9 = BLOWING SNOW
X = TORNADO
MAX 32 OR BELOW: 0 0.01 INCH OR MORE: 0
MAX 90 OR ABOVE: 1 0.10 INCH OR MORE: 0
MIN 32 OR BELOW: 0 0.50 INCH OR MORE: 0
MIN 0 OR BELOW: 0 1.00 INCH OR MORE: 0
[HDD (BASE 65) ]
TOTAL THIS MO. 0 CLEAR (SCALE 0-3) 7
DPTR FM NORMAL -25 PTCLDY (SCALE 4-7) 16
TOTAL FM JUL 1 826 CLOUDY (SCALE 8-10) 7
DPTR FM NORMAL -593
[CDD (BASE 65) ]
TOTAL THIS MO. 88
DPTR FM NORMAL 46 [PRESSURE DATA]
TOTAL FM JAN 1 225 HIGHEST SLP M ON M
DPTR FM NORMAL 143 LOWEST SLP 29.72 ON 28
[REMARKS]
#FINAL-06-20#