000
CXUS56 KLOX 011655
CF6LAX
PRELIMINARY LOCAL CLIMATOLOGICAL DATA (WS FORM: F-6)
STATION: LOS ANGELES INTL AIRPORT CA
MONTH: APRIL
YEAR: 2020
LATITUDE: 33 55 N
LONGITUDE: 118 24 W
TEMPERATURE IN F: :PCPN: SNOW: WIND :SUNSHINE: SKY :PK WND
================================================================================
1 2 3 4 5 6A 6B 7 8 9 10 11 12 13 14 15 16 17 18
12Z AVG MX 2MIN
DY MAX MIN AVG DEP HDD CDD WTR SNW DPTH SPD SPD DIR MIN PSBL S-S WX SPD DR
================================================================================
1 69 57 63 4 2 0 0.00 0.0 0 6.7 15 230 M M 4 18 20 260
2 69 59 64 5 1 0 0.00 0.0 0 9.0 18 250 M M 7 23 260
3 67 54 61 2 4 0 0.00 0.0 0 6.4 16 260 M M 2 20 250
4 67 55 61 2 4 0 0.00 0.0 0 7.9 16 260 M M 5 22 280
5 65 57 61 2 4 0 0.06 0.0 0 9.8 16 260 M M 8 8 22 210
6 62 56 59 0 6 0 1.22 0.0 0 9.5 18 220 M M 9 1 28 200
7 66 53 60 1 5 0 0.26 0.0 0 8.2 29 270 M M 8 1 36 260
8 62 51 57 -2 8 0 0.01 0.0 0 7.4 17 230 M M 8 18 24 240
9 57 51 54 -5 11 0 0.88 0.0 0 8.8 14 70 M M 9 1 19 80
10 67 52 60 0 5 0 0.23 0.0 0 6.9 18 60 M M 9 8 24 50
11 68 51 60 0 5 0 0.00 0.0 0 7.2 16 260 M M 5 21 260
12 62 59 61 1 4 0 0.02 0.0 0 6.2 13 240 M M 10 18 240
13 65 57 61 1 4 0 T 0.0 0 8.1 18 270 M M 7 23 250
14 67 55 61 1 4 0 0.00 0.0 0 6.7 20 260 M M 3 23 270
15 79 55 67 7 0 2 0.00 0.0 0 6.9 20 260 M M 0 24 260
16 70 55 63 3 2 0 0.00 0.0 0 7.5 16 240 M M 3 18 20 240
17 67 58 63 3 2 0 0.00 0.0 0 6.6 18 250 M M 7 23 240
18 67 60 64 4 1 0 T 0.0 0 11.4 20 260 M M 8 27 250
19 67 59 63 3 2 0 0.00 0.0 0 11.1 20 250 M M 7 23 240
20 67 57 62 2 3 0 0.00 0.0 0 12.0 22 270 M M 5 28 280
21 70 57 64 3 1 0 0.00 0.0 0 7.4 16 240 M M 2 20 240
22 81 57 69 8 0 4 0.00 0.0 0 8.4 21 270 M M 1 26 300
23 86 61 74 13 0 9 0.00 0.0 0 6.3 18 260 M M 2 21 230
24 85 63 74 13 0 9 0.00 0.0 0 7.7 17 260 M M 1 20 260
25 84 63 74 13 0 9 0.00 0.0 0 6.0 14 270 M M 2 1 16 260
26 74 58 66 5 0 1 0.00 0.0 0 6.0 15 270 M M 6 128 18 270
27 73 61 67 6 0 2 0.00 0.0 0 5.7 14 260 M M 4 18 17 250
28 75 62 69 8 0 4 0.00 0.0 0 6.1 18 260 M M 4 18 23 260
29 71 62 67 5 0 2 0.00 0.0 0 6.3 16 240 M M 9 128 20 240
30 70 62 66 4 0 1 0.00 0.0 0 5.8 14 260 M M 9 18 18 260
================================================================================
SM 2099 1717 78 43 2.68 0.0 230.0 M 164
================================================================================
AV 70.0 57.2 7.7 FASTST M M 5 MAX(MPH)
MISC ----> # 29 270 # 36 260
================================================================================
NOTES:
# LAST OF SEVERAL OCCURRENCES
COLUMN 17 PEAK WIND IN M.P.H.
PRELIMINARY LOCAL CLIMATOLOGICAL DATA (WS FORM: F-6) , PAGE 2
STATION: LOS ANGELES INTL AIRPORT CA
MONTH: APRIL
YEAR: 2020
LATITUDE: 33 55 N
LONGITUDE: 118 24 W
[TEMPERATURE DATA] [PRECIPITATION DATA] SYMBOLS USED IN COLUMN 16
AVERAGE MONTHLY: 63.6 TOTAL FOR MONTH: 2.68 1 = FOG OR MIST
DPTR FM NORMAL: 3.5 DPTR FM NORMAL: 1.98 2 = FOG REDUCING VISIBILITY
HIGHEST: 86 ON 23 GRTST 24HR 1.22 ON 6- 6 TO 1/4 MILE OR LESS
LOWEST: 51 ON 11, 9 3 = THUNDER
SNOW, ICE PELLETS, HAIL 4 = ICE PELLETS
TOTAL MONTH: 0.0 INCH 5 = HAIL
GRTST 24HR 0.0 6 = FREEZING RAIN OR DRIZZLE
GRTST DEPTH: 0 7 = DUSTSTORM OR SANDSTORM:
VSBY 1/2 MILE OR LESS
8 = SMOKE OR HAZE
[NO. OF DAYS WITH] [WEATHER - DAYS WITH] 9 = BLOWING SNOW
X = TORNADO
MAX 32 OR BELOW: 0 0.01 INCH OR MORE: 7
MAX 90 OR ABOVE: 0 0.10 INCH OR MORE: 4
MIN 32 OR BELOW: 0 0.50 INCH OR MORE: 2
MIN 0 OR BELOW: 0 1.00 INCH OR MORE: 1
[HDD (BASE 65) ]
TOTAL THIS MO. 78 CLEAR (SCALE 0-3) 8
DPTR FM NORMAL -80 PTCLDY (SCALE 4-7) 15
TOTAL FM JUL 1 812 CLOUDY (SCALE 8-10) 7
DPTR FM NORMAL -496
[CDD (BASE 65) ]
TOTAL THIS MO. 43
DPTR FM NORMAL 32 [PRESSURE DATA]
TOTAL FM JAN 1 83 HIGHEST SLP 30.16 ON 14
DPTR FM NORMAL 57 LOWEST SLP 29.81 ON 6
[REMARKS]
#FINAL-04-20#