000
CXUS52 KMLB 010634
CF6LEE
PRELIMINARY LOCAL CLIMATOLOGICAL DATA (WS FORM: F-6)
STATION: LEESBURG
MONTH: MAY
YEAR: 2023
LATITUDE: 28 49 N
LONGITUDE: 81 49 W
TEMPERATURE IN F: :PCPN: SNOW: WIND :SUNSHINE: SKY :PK WND
================================================================================
1 2 3 4 5 6A 6B 7 8 9 10 11 12 13 14 15 16 17 18
12Z AVG MX 2MIN
DY MAX MIN AVG DEP HDD CDD WTR SNW DPTH SPD SPD DIR MIN PSBL S-S WX SPD DR
================================================================================
1 81 61 71 -4 0 6 0.00 0.0 0 9.0 21 270 M M 0 35 240
2 83 66 75 0 0 10 0.00 0.0 0 9.1 20 260 M M 1 32 260
3 83 60 72 -4 0 7 0.00 0.0 0 7.8 16 260 M M 0 27 230
4 86 60 73 -3 0 8 0.00 0.0 0 5.3 12 280 M M 0 16 300
5 86 61 74 -2 0 9 0.00 0.0 0 7.3 16 100 M M 1 25 90
6 84 67 76 0 0 11 0.00 0.0 0 7.5 21 50 M M 5 28 50
7 85 66 76 0 0 11 0.00 0.0 0 9.0 16 120 M M 2 22 130
8 86 64 75 -1 0 10 0.00 0.0 0 5.4 12 170 M M 0 16 150
9 89 68 79 2 0 14 0.00 0.0 0 5.6 10 290 M M 0 16 280
10 91 66 79 2 0 14 T 0.0 0 5.7 24 40 M M 1 13 33 40
11 92 72 82 5 0 17 T 0.0 0 6.5 16 120 M M 4 3 22 50
12 91 67 79 2 0 14 0.09 0.0 0 7.2 17 310 M M 2 13 29 320
13 88 66 77 0 0 12 0.09 0.0 0 4.7 17 50 M M 4 1 23 60
14 89 68 79 1 0 14 0.00 0.0 0 5.9 14 90 M M 2 20 80
15 90 65 78 0 0 13 0.00 0.0 0 6.4 16 50 M M 1 24 100
16 90 67 79 1 0 14 0.00 0.0 0 4.9 14 280 M M 0 20 270
17 90 71 81 3 0 16 0.00 0.0 0 6.5 17 280 M M 2 1 29 280
18 92 68 80 2 0 15 0.06 0.0 0 5.0 16 320 M M 2 13 29 290
19 92 68 80 2 0 15 0.09 0.0 0 4.9 22 40 M M 3 13 30 40
20 93 72 83 4 0 18 0.00 0.0 0 6.8 17 100 M M 4 24 60
21 91 72 82 3 0 17 0.08 0.0 0 5.6 14 100 M M 3 13 21 320
22 91 70 81 2 0 16 0.44 0.0 0 6.8 20 350 M M 4 13 27 350
23 84 69 77 -2 0 12 0.14 0.0 0 6.8 21 50 M M 7 123 29 50
24 81 70 76 -3 0 11 0.04 0.0 0 9.2 20 50 M M 4 13 29 40
25 84 67 76 -4 0 11 0.25 0.0 0 9.0 20 30 M M 3 1 28 20
26 82 67 75 -5 0 10 0.11 0.0 0 11.1 23 20 M M 7 1 32 360
27 83 62 73 -7 0 8 0.00 0.0 0 8.1 16 340 M M 0 22 340
28 85 60 73 -7 0 8 0.00 0.0 0 6.3 13 290 M M 0 19 280
29 85 63 74 -6 0 9 0.00 0.0 0 3.5 10 160 M M 0 14 280
30 88 65 77 -3 0 12 0.00 0.0 0 3.9 14 120 M M 0 20 120
31 89 72 81 1 0 16 0.00 0.0 0 9.2 18 100 M M 2 25 90
================================================================================
SM 2704 2060 0 378 1.39 0.0 210.0 M 64
================================================================================
AV 87.2 66.5 6.8 FASTST M M 2 MAX(MPH)
MISC ----> 24 40 35 240
================================================================================
NOTES:
# LAST OF SEVERAL OCCURRENCES
COLUMN 17 PEAK WIND IN M.P.H.
PRELIMINARY LOCAL CLIMATOLOGICAL DATA (WS FORM: F-6) , PAGE 2
STATION: LEESBURG
MONTH: MAY
YEAR: 2023
LATITUDE: 28 49 N
LONGITUDE: 81 49 W
[TEMPERATURE DATA] [PRECIPITATION DATA] SYMBOLS USED IN COLUMN 16
AVERAGE MONTHLY: 76.8 TOTAL FOR MONTH: 1.39 1 = FOG OR MIST
DPTR FM NORMAL: -1.1 DPTR FM NORMAL: -1.29 2 = FOG REDUCING VISIBILITY
HIGHEST: 93 ON 20 GRTST 24HR 0.52 ON 21-22 TO 1/4 MILE OR LESS
LOWEST: 60 ON 28, 4 3 = THUNDER
SNOW, ICE PELLETS, HAIL 4 = ICE PELLETS
TOTAL MONTH: 0.0 INCH 5 = HAIL
GRTST 24HR 0.0 6 = FREEZING RAIN OR DRIZZLE
GRTST DEPTH: 0 7 = DUSTSTORM OR SANDSTORM:
VSBY 1/2 MILE OR LESS
8 = SMOKE OR HAZE
[NO. OF DAYS WITH] [WEATHER - DAYS WITH] 9 = BLOWING SNOW
X = TORNADO
MAX 32 OR BELOW: 0 0.01 INCH OR MORE: 10
MAX 90 OR ABOVE: 11 0.10 INCH OR MORE: 4
MIN 32 OR BELOW: 0 0.50 INCH OR MORE: 0
MIN 0 OR BELOW: 0 1.00 INCH OR MORE: 0
[HDD (BASE 65) ]
TOTAL THIS MO. 0 CLEAR (SCALE 0-3) 22
DPTR FM NORMAL 0 PTCLDY (SCALE 4-7) 9
TOTAL FM JUL 1 375 CLOUDY (SCALE 8-10) 0
DPTR FM NORMAL -255
[CDD (BASE 65) ]
TOTAL THIS MO. 378
DPTR FM NORMAL -22 [PRESSURE DATA]
TOTAL FM JAN 1 1152 HIGHEST SLP M ON M
DPTR FM NORMAL 310 LOWEST SLP 29.78 ON 25
[REMARKS]
#FINAL-05-23#