000
CXUS52 KMLB 010631
CF6LEE
PRELIMINARY LOCAL CLIMATOLOGICAL DATA (WS FORM: F-6)
STATION: LEESBURG
MONTH: AUGUST
YEAR: 2021
LATITUDE: 28 49 N
LONGITUDE: 81 49 W
TEMPERATURE IN F: :PCPN: SNOW: WIND :SUNSHINE: SKY :PK WND
================================================================================
1 2 3 4 5 6A 6B 7 8 9 10 11 12 13 14 15 16 17 18
12Z AVG MX 2MIN
DY MAX MIN AVG DEP HDD CDD WTR SNW DPTH SPD SPD DIR MIN PSBL S-S WX SPD DR
================================================================================
1 92 79 86 3 0 21 0.17 0.0 0 7.1 21 320 M M 1 13 33 320
2 91 75 83 0 0 18 1.01 0.0 0 5.2 26 240 M M 4 13 39 230
3 86 75 81 -3 0 16 1.36 0.0 0 8.5 20 320 M M 4 1 25 320
4 88 76 82 -2 0 17 0.34 0.0 0 7.5 18 260 M M 6 13 24 270
5 87 78 83 -1 0 18 0.00 0.0 0 9.2 16 200 M M 2 22 210
6 95 78 87 3 0 22 0.00 0.0 0 6.7 13 290 M M 1 18 290
7 94 76 85 1 0 20 T 0.0 0 4.5 15 280 M M 1 13 20 280
8 94 77 86 2 0 21 0.03 0.0 0 3.2 17 290 M M 1 13 24 290
9 95 76 86 2 0 21 0.00 0.0 0 3.7 16 120 M M 0 13 20 120
10 96 78 87 3 0 22 0.00 0.0 0 4.9 18 110 M M 1 3 24 120
11 96 79 88 4 0 23 T 0.0 0 4.8 15 100 M M 1 3 19 100
12 95 77 86 2 0 21 T 0.0 0 3.9 20 20 M M 2 3 24 10
13 93 78 86 2 0 21 0.03 0.0 0 6.8 22 40 M M 2 38 28 70
14 94 74 84 0 0 19 1.72 0.0 0 4.7 30 90 M M 2 23 42 100
15 91 75 83 -1 0 18 0.13 0.0 0 8.1 30 120 M M 0 8 40 120
16 91 80 86 2 0 21 0.01 0.0 0 7.2 16 120 M M 1 20 130
17 95 80 88 4 0 23 0.37 0.0 0 6.9 18 170 M M 2 13 24 160
18 96 79 88 5 0 23 0.19 0.0 0 4.8 24 120 M M 1 3 34 110
19 95 79 87 4 0 22 0.00 0.0 0 4.6 9 360 M M 1 12 130
20 99 77 88 5 0 23 0.00 0.0 0 4.0 14 280 M M 1 16 290
21 97 79 88 5 0 23 0.00 0.0 0 4.8 12 180 M M 0 15 250
22 96 77 87 4 0 22 0.24 0.0 0 4.2 20 230 M M 1 3 29 230
23 93 77 85 2 0 20 0.59 0.0 0 4.8 22 250 M M 1 3 36 240
24 93 74 84 1 0 19 0.03 0.0 0 5.7 21 130 M M 1 3 28 120
25 94 75 85 2 0 20 0.00 0.0 0 6.2 17 90 M M 1 22 80
26 88 73 81 -2 0 16 0.28 0.0 0 6.6 25 70 M M 3 13 34 70
27 92 77 85 2 0 20 0.14 0.0 0 7.0 20 120 M M 2 138 27 120
28 92 79 86 3 0 21 0.00 0.0 0 9.2 16 110 M M 2 3 22 120
29 95 80 88 5 0 23 0.00 0.0 0 7.5 15 110 M M 2 18 110
30 93 78 86 3 0 21 0.00 0.0 0 5.4 15 140 M M 2 20 130
31 94 79 87 4 0 22 0.00 0.0 0 7.1 14 290 M M 1 21 250
================================================================================
SM 2890 2394 0 637 6.64 0.0 184.8 M 50
================================================================================
AV 93.2 77.2 6.0 FASTST M M 2 MAX(MPH)
MISC ----> # 30 90 42 100
================================================================================
NOTES:
# LAST OF SEVERAL OCCURRENCES
COLUMN 17 PEAK WIND IN M.P.H.
PRELIMINARY LOCAL CLIMATOLOGICAL DATA (WS FORM: F-6) , PAGE 2
STATION: LEESBURG
MONTH: AUGUST
YEAR: 2021
LATITUDE: 28 49 N
LONGITUDE: 81 49 W
[TEMPERATURE DATA] [PRECIPITATION DATA] SYMBOLS USED IN COLUMN 16
AVERAGE MONTHLY: 85.2 TOTAL FOR MONTH: 6.64 1 = FOG OR MIST
DPTR FM NORMAL: 1.9 DPTR FM NORMAL: 0.01 2 = FOG REDUCING VISIBILITY
HIGHEST: 99 ON 20 GRTST 24HR 1.76 ON 2- 3 TO 1/4 MILE OR LESS
LOWEST: 73 ON 26 3 = THUNDER
SNOW, ICE PELLETS, HAIL 4 = ICE PELLETS
TOTAL MONTH: 0.0 INCH 5 = HAIL
GRTST 24HR 0.0 6 = FREEZING RAIN OR DRIZZLE
GRTST DEPTH: 0 7 = DUSTSTORM OR SANDSTORM:
VSBY 1/2 MILE OR LESS
8 = SMOKE OR HAZE
[NO. OF DAYS WITH] [WEATHER - DAYS WITH] 9 = BLOWING SNOW
X = TORNADO
MAX 32 OR BELOW: 0 0.01 INCH OR MORE: 16
MAX 90 OR ABOVE: 27 0.10 INCH OR MORE: 12
MIN 32 OR BELOW: 0 0.50 INCH OR MORE: 4
MIN 0 OR BELOW: 0 1.00 INCH OR MORE: 3
[HDD (BASE 65) ]
TOTAL THIS MO. 0 CLEAR (SCALE 0-3) 28
DPTR FM NORMAL 0 PTCLDY (SCALE 4-7) 3
TOTAL FM JUL 1 0 CLOUDY (SCALE 8-10) 0
DPTR FM NORMAL 0
[CDD (BASE 65) ]
TOTAL THIS MO. 637
DPTR FM NORMAL 68 [PRESSURE DATA]
TOTAL FM JAN 1 2663 HIGHEST SLP M ON M
DPTR FM NORMAL 187 LOWEST SLP 29.86 ON 31
[REMARKS]
#FINAL-08-21#