000
CXUS52 KMLB 010726
CF6LEE
PRELIMINARY LOCAL CLIMATOLOGICAL DATA (WS FORM: F-6)
STATION: LEESBURG
MONTH: DECEMBER
YEAR: 2023
LATITUDE: 28 49 N
LONGITUDE: 81 49 W
TEMPERATURE IN F: :PCPN: SNOW: WIND :SUNSHINE: SKY :PK WND
================================================================================
1 2 3 4 5 6A 6B 7 8 9 10 11 12 13 14 15 16 17 18
12Z AVG MX 2MIN
DY MAX MIN AVG DEP HDD CDD WTR SNW DPTH SPD SPD DIR MIN PSBL S-S WX SPD DR
================================================================================
1 81 56 69 5 0 4 0.00 0.0 0 2.9 10 150 M M 1 14 140
2 83 67 75 11 0 10 0.00 0.0 0 3.6 10 190 M M 4 12 15 180
3 83 67 75 11 0 10 T 0.0 0 4.3 15 310 M M 6 12 27 280
4 77 57 67 3 0 2 0.00 0.0 0 4.4 13 280 M M 3 12 20 280
5 70 56 63 -1 2 0 0.00 0.0 0 5.0 10 290 M M 0 18 270
6 63 46 55 -9 10 0 0.00 0.0 0 8.2 18 350 M M 0 31 330
7 68 45 57 -7 8 0 0.00 0.0 0 5.0 12 360 M M 0 15 360
8 75 51 63 -1 2 0 T 0.0 0 4.7 15 100 M M 1 20 100
9 80 57 69 6 0 4 T 0.0 0 3.8 13 150 M M 1 1 17 170
10 81 62 72 9 0 7 0.23 0.0 0 7.0 21 240 M M 4 1 37 230
11 63 46 55 -8 10 0 0.00 0.0 0 8.3 17 290 M M 4 28 270
12 70 44 57 -6 8 0 0.00 0.0 0 10.4 17 40 M M 0 24 30
13 71 56 64 1 1 0 T 0.0 0 13.3 23 40 M M 4 1 31 20
14 73 58 66 4 0 1 T 0.0 0 11.9 25 50 M M 8 35 70
15 73 62 68 6 0 3 0.00 0.0 0 11.4 22 70 M M 4 32 70
16 68 62 65 3 0 0 2.97 0.0 0 10.0 21 90 M M 7 1 33 110
17 72 59 66 4 0 1 0.72 0.0 0 14.1 28 190 M M 9 18 42 200
18 66 50 58 -4 7 0 0.00 0.0 0 8.7 16 290 M M 2 25 280
19 59 44 52 -10 13 0 0.00 0.0 0 10.5 17 360 M M 0 25 350
20 67 43 55 -7 10 0 0.00 0.0 0 10.4 17 30 M M 4 23 10
21 71 48 60 -1 5 0 0.00 0.0 0 9.2 18 40 M M 2 26 40
22 72 55 64 3 1 0 T 0.0 0 5.9 12 50 M M 7 16 50
23 76 56 66 5 0 1 0.00 0.0 0 7.1 17 50 M M 3 22 50
24 72 55 64 3 1 0 T 0.0 0 6.2 16 100 M M 3 22 100
25 71 63 67 6 0 2 0.14 0.0 0 5.9 16 100 M M 7 1 23 100
26 75 61 68 7 0 3 0.00 0.0 0 3.5 10 270 M M 7 12 16 270
27 71 56 64 4 1 0 0.07 0.0 0 4.7 10 290 M M 5 1 16 280
28 63 55 59 -1 6 0 0.18 0.0 0 3.7 13 130 M M 8 17 310
29 58 45 52 -8 13 0 0.00 0.0 0 7.9 17 290 M M 2 28 290
30 62 43 53 -7 12 0 0.00 0.0 0 5.3 15 280 M M 2 23 280
31 66 42 54 -6 11 0 0.00 0.0 0 2.3 12 280 M M 2 1 17 290
================================================================================
SM 2200 1667 121 48 4.31 0.0 219.6 M 110
================================================================================
AV 71.0 53.8 7.1 FASTST M M 4 MAX(MPH)
MISC ----> 28 190 42 200
================================================================================
NOTES:
# LAST OF SEVERAL OCCURRENCES
COLUMN 17 PEAK WIND IN M.P.H.
PRELIMINARY LOCAL CLIMATOLOGICAL DATA (WS FORM: F-6) , PAGE 2
STATION: LEESBURG
MONTH: DECEMBER
YEAR: 2023
LATITUDE: 28 49 N
LONGITUDE: 81 49 W
[TEMPERATURE DATA] [PRECIPITATION DATA] SYMBOLS USED IN COLUMN 16
AVERAGE MONTHLY: 62.4 TOTAL FOR MONTH: 4.31 1 = FOG OR MIST
DPTR FM NORMAL: 0.2 DPTR FM NORMAL: 2.14 2 = FOG REDUCING VISIBILITY
HIGHEST: 83 ON 3, 2 GRTST 24HR 3.68 ON 16-17 TO 1/4 MILE OR LESS
LOWEST: 42 ON 31 3 = THUNDER
SNOW, ICE PELLETS, HAIL 4 = ICE PELLETS
TOTAL MONTH: 0.0 INCH 5 = HAIL
GRTST 24HR 0.0 6 = FREEZING RAIN OR DRIZZLE
GRTST DEPTH: 0 7 = DUSTSTORM OR SANDSTORM:
VSBY 1/2 MILE OR LESS
8 = SMOKE OR HAZE
[NO. OF DAYS WITH] [WEATHER - DAYS WITH] 9 = BLOWING SNOW
X = TORNADO
MAX 32 OR BELOW: 0 0.01 INCH OR MORE: 6
MAX 90 OR ABOVE: 0 0.10 INCH OR MORE: 5
MIN 32 OR BELOW: 0 0.50 INCH OR MORE: 2
MIN 0 OR BELOW: 0 1.00 INCH OR MORE: 1
[HDD (BASE 65) ]
TOTAL THIS MO. 121 CLEAR (SCALE 0-3) 14
DPTR FM NORMAL -33 PTCLDY (SCALE 4-7) 15
TOTAL FM JUL 1 177 CLOUDY (SCALE 8-10) 2
DPTR FM NORMAL -39
[CDD (BASE 65) ]
TOTAL THIS MO. 48
DPTR FM NORMAL -19 [PRESSURE DATA]
TOTAL FM JAN 1 3800 HIGHEST SLP 30.41 ON 21
DPTR FM NORMAL 318 LOWEST SLP 29.43 ON 17
[REMARKS]
#FINAL-12-23#