000
CXUS52 KMLB 010626
CF6LEE
PRELIMINARY LOCAL CLIMATOLOGICAL DATA (WS FORM: F-6)
STATION: LEESBURG
MONTH: JULY
YEAR: 2020
LATITUDE: 28 49 N
LONGITUDE: 81 49 W
TEMPERATURE IN F: :PCPN: SNOW: WIND :SUNSHINE: SKY :PK WND
================================================================================
1 2 3 4 5 6A 6B 7 8 9 10 11 12 13 14 15 16 17 18
12Z AVG MX 2MIN
DY MAX MIN AVG DEP HDD CDD WTR SNW DPTH SPD SPD DIR MIN PSBL S-S WX SPD DR
================================================================================
1 90 75 83 1 0 18 0.04 0.0 0 5.4 15 290 M M 2 3 21 300
2 91 75 83 1 0 18 0.10 0.0 0 5.6 23 280 M M 1 13 32 290
3 88 73 81 -1 0 16 0.21 0.0 0 5.5 18 320 M M 3 13 24 320
4 89 73 81 -1 0 16 0.02 0.0 0 5.4 20 280 M M 2 13 30 260
5 90 74 82 0 0 17 0.02 0.0 0 7.1 21 230 M M 2 38 30 230
6 90 69 80 -2 0 15 0.10 0.0 0 7.6 24 260 M M 2 13 35 260
7 90 75 83 1 0 18 0.02 0.0 0 7.3 22 240 M M 2 13 34 240
8 88 77 83 0 0 18 0.05 0.0 0 7.5 16 270 M M 3 13 22 290
9 92 78 85 2 0 20 T 0.0 0 7.0 17 290 M M 1 38 23 280
10 92 73 83 0 0 18 1.47 0.0 0 6.0 25 360 M M 4 13 36 20
11 93 76 85 2 0 20 0.00 0.0 0 6.1 20 50 M M 2 3 24 60
12 95 77 86 3 0 21 0.00 0.0 0 5.5 14 280 M M 2 1 18 280
13 93 75 84 1 0 19 0.00 0.0 0 6.3 14 280 M M 1 18 250
14 94 78 86 3 0 21 0.00 0.0 0 5.0 15 220 M M 2 3 21 270
15 96 75 86 3 0 21 0.01 0.0 0 4.4 18 150 M M 2 3 26 140
16 92 73 83 0 0 18 0.00 0.0 0 5.1 16 100 M M 1 3 21 100
17 96 75 86 3 0 21 T 0.0 0 7.5 18 110 M M 1 3 24 100
18 94 76 85 2 0 20 0.32 0.0 0 6.2 22 180 M M 1 13 27 180
19 95 77 86 3 0 21 0.00 0.0 0 7.6 14 90 M M 1 21 100
20 93 76 85 2 0 20 0.00 0.0 0 7.4 16 120 M M 1 23 140
21 91 78 85 2 0 20 0.05 0.0 0 7.1 15 340 M M 2 3 20 140
22 93 76 85 2 0 20 0.23 0.0 0 8.0 23 160 M M 2 13 32 160
23 88 73 81 -2 0 16 0.43 0.0 0 5.5 29 180 M M 2 138 36 180
24 93 73 83 0 0 18 0.00 0.0 0 7.6 18 120 M M 1 3 23 120
25 93 76 85 2 0 20 0.00 0.0 0 7.4 16 90 M M 2 24 110
26 93 76 85 2 0 20 0.00 0.0 0 5.2 18 130 M M 1 3 26 150
27 92 74 83 0 0 18 0.00 0.0 0 6.1 16 270 M M 1 3 21 270
28 89 74 82 -1 0 17 0.56 0.0 0 3.0 16 330 M M 2 123 22 330
29 91 73 82 -1 0 17 1.48 0.0 0 4.6 25 260 M M 2 138 33 260
30 94 77 86 3 0 21 0.00 0.0 0 5.2 10 170 M M 2 3 13 330
31 94 78 86 3 0 21 0.00 0.0 0 4.0 13 120 M M 1 3 17 120
================================================================================
SM 2852 2328 0 584 5.11 0.0 189.2 M 54
================================================================================
AV 92.0 75.1 6.1 FASTST M M 2 MAX(MPH)
MISC ----> 29 180 # 36 20
================================================================================
NOTES:
# LAST OF SEVERAL OCCURRENCES
COLUMN 17 PEAK WIND IN M.P.H.
PRELIMINARY LOCAL CLIMATOLOGICAL DATA (WS FORM: F-6) , PAGE 2
STATION: LEESBURG
MONTH: JULY
YEAR: 2020
LATITUDE: 28 49 N
LONGITUDE: 81 49 W
[TEMPERATURE DATA] [PRECIPITATION DATA] SYMBOLS USED IN COLUMN 16
AVERAGE MONTHLY: 83.5 TOTAL FOR MONTH: 5.11 1 = FOG OR MIST
DPTR FM NORMAL: 0.7 DPTR FM NORMAL: -1.63 2 = FOG REDUCING VISIBILITY
HIGHEST: 96 ON 17,15 GRTST 24HR 1.49 ON 28-29 TO 1/4 MILE OR LESS
LOWEST: 69 ON 6 3 = THUNDER
SNOW, ICE PELLETS, HAIL 4 = ICE PELLETS
TOTAL MONTH: 0.0 INCH 5 = HAIL
GRTST 24HR 0.0 6 = FREEZING RAIN OR DRIZZLE
GRTST DEPTH: 0 7 = DUSTSTORM OR SANDSTORM:
VSBY 1/2 MILE OR LESS
8 = SMOKE OR HAZE
[NO. OF DAYS WITH] [WEATHER - DAYS WITH] 9 = BLOWING SNOW
X = TORNADO
MAX 32 OR BELOW: 0 0.01 INCH OR MORE: 16
MAX 90 OR ABOVE: 26 0.10 INCH OR MORE: 9
MIN 32 OR BELOW: 0 0.50 INCH OR MORE: 3
MIN 0 OR BELOW: 0 1.00 INCH OR MORE: 2
[HDD (BASE 65) ]
TOTAL THIS MO. 0 CLEAR (SCALE 0-3) 30
DPTR FM NORMAL 0 PTCLDY (SCALE 4-7) 1
TOTAL FM JUL 1 0 CLOUDY (SCALE 8-10) 0
DPTR FM NORMAL 0
[CDD (BASE 65) ]
TOTAL THIS MO. 584
DPTR FM NORMAL 32 [PRESSURE DATA]
TOTAL FM JAN 1 2349 HIGHEST SLP M ON M
DPTR FM NORMAL 544 LOWEST SLP 29.84 ON 12
[REMARKS]
#FINAL-07-20#
COMBINED RAINFALL ON 7/10 FROM LSBF1 AND KLEE DUE TO MORNING ASOS OUTAGE