000
CXUS56 KLOX 011630
CLMLGB
CLIMATE REPORT
NATIONAL WEATHER SERVICE LOS ANGELES/OXNARD
930 AM PDT SAT APR 01 2023
...................................
...THE LONG BEACH AIRPORT CA CLIMATE SUMMARY FOR THE MONTH OF MARCH 2023...
CLIMATE NORMAL PERIOD: 1991 TO 2020
CLIMATE RECORD PERIOD: 1958 TO 2023
WEATHER OBSERVED NORMAL DEPART LAST YEAR`S
VALUE DATE(S) VALUE FROM VALUE
NORMAL
..............................................................
TEMPERATURE (F)
HIGHEST 77 03/18
03/27
LOWEST 41 03/02
AVG. MAXIMUM 65.8 68.6 -2.8
AVG. MINIMUM 51.2 51.2 0.0
MEAN 58.5 59.9 -1.4
DAYS MAX >= 90 0
DAYS MAX <= 32 0
DAYS MIN <= 32 0
DAYS MIN <= 0 0
PRECIPITATION (INCHES)
TOTALS 6.91 1.65 5.26
DAILY AVG. 0.22
DAYS >= .01 13
DAYS >= .10 9
DAYS >= .50 5
DAYS >= 1.00 3
GREATEST
24 HR. TOTAL 2.34 03/14 TO 03/15
STORM TOTAL 1.53
DEGREE DAYS
HEATING TOTAL 192 169 23 117
SINCE 7/1 1010 1026 -16 MM
COOLING TOTAL 0 11 -11 25
SINCE 1/1 1 21 -20 MM
..............................................................
WIND (MPH)
AVERAGE WIND SPEED 6.0
HIGHEST WIND SPEED/DIRECTION 31/280 DATE 03/01
HIGHEST GUST SPEED/DIRECTION 41/290 DATE 03/01
SKY COVER
POSSIBLE SUNSHINE (PERCENT) MM
AVERAGE SKY COVER 0.45
NUMBER OF DAYS FAIR 14
NUMBER OF DAYS PC 7
NUMBER OF DAYS CLOUDY 10
AVERAGE RH (PERCENT) 62
WEATHER CONDITIONS. NUMBER OF DAYS WITH
THUNDERSTORM 1 MIXED PRECIP 0
HEAVY RAIN 4 RAIN 6
LIGHT RAIN 15 FREEZING RAIN 0
LT FREEZING RAIN 0 HAIL 0
HEAVY SNOW 0 SNOW 0
LIGHT SNOW 0 SLEET 0
FOG 7 FOG W/VIS <= 1/4 MILE 1
HAZE 16
- INDICATES NEGATIVE NUMBERS.
R INDICATES RECORD WAS SET OR TIED.
MM INDICATES DATA IS MISSING.
T INDICATES TRACE AMOUNT.
$$