000
CXUS54 KFWD 010830
CF6LHB
PRELIMINARY LOCAL CLIMATOLOGICAL DATA (WS FORM: F-6)
STATION: HEARNE
MONTH: FEBRUARY
YEAR: 2023
LATITUDE: 30 52 N
LONGITUDE: 96 36 W
TEMPERATURE IN F: :PCPN: SNOW: WIND :SUNSHINE: SKY :PK WND
================================================================================
1 2 3 4 5 6A 6B 7 8 9 10 11 12 13 14 15 16 17 18
12Z AVG MX 2MIN
DY MAX MIN AVG DEP HDD CDD WTR SNW DPTH SPD SPD DIR MIN PSBL S-S WX SPD DR
================================================================================
1 33 31 32 M 33 0 0.37 M M 4.8 12 340 M M 9 16 16 350
2 38 34 36 M 29 0 0.12 M M 9.5 17 330 M M 9 1 23 340
3 54 34 44 M 21 0 0.00 M M 5.1 9 320 M M 6 1 M M
4 65 32 49 M 16 0 0.00 M M 4.1 10 190 M M 5 2 16 160
5 74 39 57 M 8 0 0.00 M M 2.9 10 210 M M 3 12 16 170
6 76 55 66 M 0 1 0.00 M M 9.4 20 170 M M 6 1 25 170
7 72 55 64 M 1 0 0.00 M M 6.4 10 150 M M 10 16 150
8 55 40 48 M 17 0 0.69 M M 8.1 15 280 M M 7 13 23 280
9 74 38 56 M 9 0 0.00 M M 4.7 13 300 M M 1 1 20 300
10 54 36 45 M 20 0 0.00 M M 13.5 27 340 M M 5 31 340
11 53 32 43 M 22 0 0.00 M M 6.3 13 350 M M 2 18 360
12 68 32 50 M 15 0 0.00 M M 2.0 10 220 M M 0 M M
13 71 38 55 M 10 0 0.00 M M 4.6 10 150 M M 0 17 160
14 80 51 66 M 0 1 0.03 M M 10.1 18 240 M M 5 1 24 240
15 82 50 66 M 0 1 0.00 M M 8.5 23 160 M M 6 1 30 160
16 71 37 54 M 11 0 0.08 M M 17.6 24 330 M M 7 32 340
17 53 32 43 M 22 0 0.00 M M 8.1 16 340 M M 0 23 340
18 57 28 43 M 22 0 0.00 M M 3.4 14 160 M M 0 18 160
19 72 47 60 M 5 0 0.00 M M 5.1 10 180 M M 2 M M
20 85 59 72 M 0 7 0.00 M M 10.4 17 210 M M 4 25 200
21 84 62 73 M 0 8 0.00 M M 11.8 29 170 M M 5 1 37 170
22 86 65 76 M 0 11 0.01 M M 10.6 20 160 M M 5 29 160
23 80 56 68 M 0 3 0.00 M M 10.8 16 360 M M 7 22 360
24 64 53 59 M 6 0 0.00 M M 8.3 12 340 M M 10 17 320
25 63 49 56 M 9 0 0.00 M M 6.3 12 340 M M 7 M M
26 81 52 67 M 0 2 0.00 M M 10.4 22 180 M M 8 1 28 160
27 80 49 65 M 0 0 0.01 M M 6.4 16 190 M M 4 18 21 190
28 85 46 66 M 0 1 0.00 M M 5.4 13 160 M M 1 1 18 160
================================================================================
SM 1910 1232 276 35 1.31 M 214.6 M 134
================================================================================
AV 68.2 44.0 7.7 FASTST M M 5 MAX(MPH)
MISC ----> 29 170 37 170
================================================================================
NOTES:
# LAST OF SEVERAL OCCURRENCES
COLUMN 17 PEAK WIND IN M.P.H.
PRELIMINARY LOCAL CLIMATOLOGICAL DATA (WS FORM: F-6) , PAGE 2
STATION: HEARNE
MONTH: FEBRUARY
YEAR: 2023
LATITUDE: 30 52 N
LONGITUDE: 96 36 W
[TEMPERATURE DATA] [PRECIPITATION DATA] SYMBOLS USED IN COLUMN 16
AVERAGE MONTHLY: 56.1 TOTAL FOR MONTH: 1.31 1 = FOG OR MIST
DPTR FM NORMAL: 0.0 DPTR FM NORMAL: 1.31 2 = FOG REDUCING VISIBILITY
HIGHEST: 86 ON 22 GRTST 24HR 0.69 ON 8- 8 TO 1/4 MILE OR LESS
LOWEST: 28 ON 18 3 = THUNDER
SNOW, ICE PELLETS, HAIL 4 = ICE PELLETS
TOTAL MONTH: M 5 = HAIL
GRTST 24HR M ON M 6 = FREEZING RAIN OR DRIZZLE
GRTST DEPTH: M ON M 7 = DUSTSTORM OR SANDSTORM:
VSBY 1/2 MILE OR LESS
8 = SMOKE OR HAZE
[NO. OF DAYS WITH] [WEATHER - DAYS WITH] 9 = BLOWING SNOW
X = TORNADO
MAX 32 OR BELOW: 0 0.01 INCH OR MORE: 7
MAX 90 OR ABOVE: 0 0.10 INCH OR MORE: 3
MIN 32 OR BELOW: 6 0.50 INCH OR MORE: 1
MIN 0 OR BELOW: 0 1.00 INCH OR MORE: 0
[HDD (BASE 65) ]
TOTAL THIS MO. 276 CLEAR (SCALE 0-3) 8
DPTR FM NORMAL M PTCLDY (SCALE 4-7) 16
TOTAL FM JUL 1 1336 CLOUDY (SCALE 8-10) 4
DPTR FM NORMAL M
[CDD (BASE 65) ]
TOTAL THIS MO. 35
DPTR FM NORMAL M [PRESSURE DATA]
TOTAL FM JAN 1 60 HIGHEST SLP M ON M
DPTR FM NORMAL M LOWEST SLP M ON M
[REMARKS]
#FINAL-02-23#