000
CXUS55 KPUB 011210
CF6LHX
PRELIMINARY LOCAL CLIMATOLOGICAL DATA (WS FORM: F-6)
STATION: LA JUNTA CO
MONTH: MARCH
YEAR: 2021
LATITUDE: 38 2 N
LONGITUDE: 103 31 W
TEMPERATURE IN F: :PCPN: SNOW: WIND :SUNSHINE: SKY :PK WND
================================================================================
1 2 3 4 5 6A 6B 7 8 9 10 11 12 13 14 15 16 17 18
12Z AVG MX 2MIN
DY MAX MIN AVG DEP HDD CDD WTR SNW DPTH SPD SPD DIR MIN PSBL S-S WX SPD DR
================================================================================
1 51 17 34 -5 31 0 0.00 M M 6.7 14 280 M M 0 16 280
2 72 19 46 6 19 0 0.00 M M 7.2 15 280 M M 0 18 270
3 68 29 49 9 16 0 0.00 M M 8.6 18 270 M M 0 22 270
4 54 26 40 0 25 0 0.04 M M 11.9 31 350 M M 5 42 350
5 64 33 49 8 16 0 0.04 M M 9.2 24 360 M M 3 31 10
6 72 27 50 9 15 0 0.00 M M 11.7 25 210 M M 0 34 180
7 74 33 54 12 11 0 0.00 M M 9.4 22 210 M M 0 27 210
8 76 38 57 15 8 0 0.00 M M 11.4 30 250 M M 0 39 260
9 77 32 55 13 10 0 0.00 M M 13.6 39 230 M M 0 52 230
10 64 36 50 8 15 0 0.00 M M 19.3 40 250 M M 0 49 240
11 57 23 40 -3 25 0 0.00 M M 12.6 30 120 M M 0 38 110
12 43 32 38 -5 27 0 T M M 11.5 18 70 M M 9 1 23 80
13 39 34 37 -7 28 0 0.38 M M 7.2 15 80 M M 10 1 19 70
14 48 34 41 -3 24 0 0.05 M M 14.5 32 340 M M 8 1 44 330
15 54 31 43 -1 22 0 0.00 M M 12.3 32 330 M M 3 45 330
16 54 31 43 -1 22 0 T M M 16.1 30 10 M M 5 38 10
17 50 29 40 -5 25 0 0.00 M M 17.2 33 340 M M 5 44 350
18 58 23 41 -4 24 0 0.00 M M 8.4 14 260 M M 0 17 110
19 64 27 46 1 19 0 0.00 M M 5.7 12 280 M M 0 15 150
20 83 32 58 12 7 0 0.00 M M 10.0 26 210 M M 0 35 210
21 64 40 52 6 13 0 T M M 17.0 28 30 M M 3 41 60
22 43 33 38 -8 27 0 0.31 M M 12.0 22 360 M M 9 1 28 350
23 56 32 44 -2 21 0 0.00 M M 14.7 26 350 M M 4 36 10
24 45 32 39 -7 26 0 0.00 M M 10.4 21 10 M M 5 26 360
25 61 23 42 -5 23 0 0.00 M M 5.9 17 200 M M 1 12 23 190
26 63 35 49 2 16 0 0.00 M M 8.6 33 340 M M 3 43 340
27 61 30 46 -1 19 0 0.00 M M 9.5 28 10 M M 3 39 30
28 76 28 52 4 13 0 0.00 M M 8.2 18 280 M M 0 36 200
29 86 38 62 14 3 0 T M M 22.6 44 250 M M 0 8 58 30
30 48 26 37 -11 28 0 0.00 M M 7.8 23 30 M M 5 30 30
31 58 25 42 -6 23 0 0.00 M M 8.1 15 80 M M 1 20 90
================================================================================
SM 1883 928 601 0 0.82 M 349.3 M 82
================================================================================
AV 60.7 29.9 11.3 FASTST M M 3 MAX(MPH)
MISC ----> 44 250 58 30
================================================================================
NOTES:
# LAST OF SEVERAL OCCURRENCES
COLUMN 17 PEAK WIND IN M.P.H.
PRELIMINARY LOCAL CLIMATOLOGICAL DATA (WS FORM: F-6) , PAGE 2
STATION: LA JUNTA CO
MONTH: MARCH
YEAR: 2021
LATITUDE: 38 2 N
LONGITUDE: 103 31 W
[TEMPERATURE DATA] [PRECIPITATION DATA] SYMBOLS USED IN COLUMN 16
AVERAGE MONTHLY: 45.3 TOTAL FOR MONTH: 0.82 1 = FOG OR MIST
DPTR FM NORMAL: 1.1 DPTR FM NORMAL: 0.01 2 = FOG REDUCING VISIBILITY
HIGHEST: 86 ON 29 GRTST 24HR 0.38 ON 12-13 TO 1/4 MILE OR LESS
LOWEST: 17 ON 1 3 = THUNDER
SNOW, ICE PELLETS, HAIL 4 = ICE PELLETS
TOTAL MONTH: M 5 = HAIL
GRTST 24HR M ON M 6 = FREEZING RAIN OR DRIZZLE
GRTST DEPTH: M ON M 7 = DUSTSTORM OR SANDSTORM:
VSBY 1/2 MILE OR LESS
8 = SMOKE OR HAZE
[NO. OF DAYS WITH] [WEATHER - DAYS WITH] 9 = BLOWING SNOW
X = TORNADO
MAX 32 OR BELOW: 0 0.01 INCH OR MORE: 5
MAX 90 OR ABOVE: 0 0.10 INCH OR MORE: 2
MIN 32 OR BELOW: 21 0.50 INCH OR MORE: 0
MIN 0 OR BELOW: 0 1.00 INCH OR MORE: 0
[HDD (BASE 65) ]
TOTAL THIS MO. 601 CLEAR (SCALE 0-3) 20
DPTR FM NORMAL -46 PTCLDY (SCALE 4-7) 7
TOTAL FM JUL 1 4579 CLOUDY (SCALE 8-10) 4
DPTR FM NORMAL -172
[CDD (BASE 65) ]
TOTAL THIS MO. 0
DPTR FM NORMAL -1 [PRESSURE DATA]
TOTAL FM JAN 1 0 HIGHEST SLP 30.45 ON 31
DPTR FM NORMAL -1 LOWEST SLP 29.35 ON 29
[REMARKS]
#FINAL-03-21#