000
CXHW51 PHFO 011250
CF6LIH
PRELIMINARY LOCAL CLIMATOLOGICAL DATA (WS FORM: F-6)
STATION: LIHUE HI
MONTH: SEPTEMBER
YEAR: 2023
LATITUDE: 21 58 N
LONGITUDE: 159 21 W
TEMPERATURE IN F: :PCPN: SNOW: WIND :SUNSHINE: SKY :PK WND
================================================================================
1 2 3 4 5 6A 6B 7 8 9 10 11 12 13 14 15 16 17 18
12Z AVG MX 2MIN
DY MAX MIN AVG DEP HDD CDD WTR SNW DPTH SPD SPD DIR MIN PSBL S-S WX SPD DR
================================================================================
1 87 74 81 1 0 16 T M M 16.4 32 100 M M 8 8 39 110
2 87 75 81 1 0 16 0.04 M M 16.0 24 70 M M 7 1 29 60
3 87 73 80 0 0 15 0.09 M M 12.6 29 70 M M 4 18 34 70
4 85 72 79 -1 0 14 T M M 6.8 10 90 M M 3 13 80
5 86 71 79 -1 0 14 0.00 M M 7.7 13 70 M M 2 15 70
6 87 72 80 0 0 15 0.00 M M 8.1 14 60 M M 3 18 70
7 86 72 79 -1 0 14 0.00 M M 9.9 17 40 M M 2 19 40
8 86 72 79 -1 0 14 T M M 10.6 20 40 M M 5 22 40
9 86 72 79 -1 0 14 T M M 13.0 24 60 M M 5 28 60
10 85 71 78 -2 0 13 0.21 M M 15.2 28 80 M M 4 18 37 80
11 85 75 80 0 0 15 0.02 M M 15.5 21 80 M M 3 18 25 50
12 86 74 80 0 0 15 T M M 15.7 24 70 M M 7 1 27 70
13 81 72 77 -3 0 12 0.10 M M 11.4 23 50 M M 8 18 27 60
14 83 74 79 -1 0 14 0.05 M M 14.1 21 50 M M 7 18 25 50
15 86 75 81 1 0 16 0.01 M M 13.3 25 80 M M 6 1 29 80
16 86 76 81 1 0 16 0.00 M M 12.9 21 70 M M 4 25 70
17 87 78 83 3 0 18 0.00 M M 14.8 20 90 M M 5 25 80
18 86 78 82 2 0 17 0.00 M M 15.2 22 80 M M 7 25 90
19 86 74 80 0 0 15 0.02 M M 16.0 25 100 M M 4 1 29 100
20 86 75 81 1 0 16 0.01 M M 15.0 22 70 M M 6 1 27 70
21 86 74 80 0 0 15 0.06 M M 18.2 25 70 M M 4 18 35 70
22 84 75 80 0 0 15 0.03 M M 17.9 26 30 M M 4 18 32 30
23 85 75 80 0 0 15 0.05 M M 16.8 24 50 M M 5 8 30 50
24 86 77 82 2 0 17 0.00 M M 16.4 22 50 M M 4 25 50
25 86 74 80 0 0 15 T M M 14.7 20 60 M M 4 1 25 70
26 85 75 80 0 0 15 T M M 16.1 24 80 M M 4 31 90
27 85 74 80 0 0 15 0.11 M M 16.5 26 90 M M 6 1 31 80
28 85 76 81 1 0 16 T M M 14.5 21 80 M M 6 24 80
29 85 75 80 0 0 15 T M M 13.3 25 60 M M 6 1 29 60
30 84 74 79 -1 0 14 0.12 M M 14.4 24 90 M M 7 1 30 90
================================================================================
SM 2565 2224 0 451 0.92 M 419.0 M 150
================================================================================
AV 85.5 74.1 14.0 FASTST M M 5 MAX(MPH)
MISC ----> 32 100 39 110
================================================================================
NOTES:
# LAST OF SEVERAL OCCURRENCES
COLUMN 17 PEAK WIND IN M.P.H.
PRELIMINARY LOCAL CLIMATOLOGICAL DATA (WS FORM: F-6) , PAGE 2
STATION: LIHUE HI
MONTH: SEPTEMBER
YEAR: 2023
LATITUDE: 21 58 N
LONGITUDE: 159 21 W
[TEMPERATURE DATA] [PRECIPITATION DATA] SYMBOLS USED IN COLUMN 16
AVERAGE MONTHLY: 79.8 TOTAL FOR MONTH: 0.92 1 = FOG OR MIST
DPTR FM NORMAL: -0.2 DPTR FM NORMAL: -1.26 2 = FOG REDUCING VISIBILITY
HIGHEST: 87 ON 17, 6 GRTST 24HR 0.21 ON 10-10 TO 1/4 MILE OR LESS
LOWEST: 71 ON 10, 5 3 = THUNDER
SNOW, ICE PELLETS, HAIL 4 = ICE PELLETS
TOTAL MONTH: M 5 = HAIL
GRTST 24HR M ON M 6 = FREEZING RAIN OR DRIZZLE
GRTST DEPTH: M ON M 7 = DUSTSTORM OR SANDSTORM:
VSBY 1/2 MILE OR LESS
8 = SMOKE OR HAZE
[NO. OF DAYS WITH] [WEATHER - DAYS WITH] 9 = BLOWING SNOW
X = TORNADO
MAX 32 OR BELOW: 0 0.01 INCH OR MORE: 14
MAX 90 OR ABOVE: 0 0.10 INCH OR MORE: 4
MIN 32 OR BELOW: 0 0.50 INCH OR MORE: 0
MIN 0 OR BELOW: 0 1.00 INCH OR MORE: 0
[HDD (BASE 65) ]
TOTAL THIS MO. 0 CLEAR (SCALE 0-3) 3
DPTR FM NORMAL 0 PTCLDY (SCALE 4-7) 26
TOTAL FM JUL 1 0 CLOUDY (SCALE 8-10) 1
DPTR FM NORMAL 0
[CDD (BASE 65) ]
TOTAL THIS MO. 451
DPTR FM NORMAL -1 [PRESSURE DATA]
TOTAL FM JAN 1 3449 HIGHEST SLP 30.13 ON 27
DPTR FM NORMAL 363 LOWEST SLP 29.95 ON 19
[REMARKS]
#FINAL-09-23#