000
CXUS54 KLZK 011230
CF6LLQ
PRELIMINARY LOCAL CLIMATOLOGICAL DATA (WS FORM: F-6)
STATION: MONTICELLO
MONTH: SEPTEMBER
YEAR: 2022
LATITUDE: 33 37 N
LONGITUDE: 91 45 W
TEMPERATURE IN F: :PCPN: SNOW: WIND :SUNSHINE: SKY :PK WND
================================================================================
1 2 3 4 5 6A 6B 7 8 9 10 11 12 13 14 15 16 17 18
12Z AVG MX 2MIN
DY MAX MIN AVG DEP HDD CDD WTR SNW DPTH SPD SPD DIR MIN PSBL S-S WX SPD DR
================================================================================
1 90 70 80 0 0 15 0.00 0.0 M 1.6 8 50 M M 1 11 40
2 85 70 78 -2 0 13 T 0.0 M 1.0 13 290 M M 1 17 290
3 91 72 82 2 0 17 0.08 0.0 M 2.7 16 270 M M 5 13 26 280
4 85 71 78 -1 0 13 0.00 0.0 M 2.3 8 40 M M 4 12 10 40
5 90 69 80 1 0 15 0.03 0.0 M 3.3 18 60 M M 3 13 22 50
6 92 68 80 1 0 15 0.00 0.0 M 1.5 15 50 M M 2 3 18 50
7 90 67 79 0 0 14 0.06 0.0 0 2.6 15 50 M M 1 19 30
8 88 64 76 -2 0 11 0.00 0.0 0 4.1 14 60 M M 0 19 40
9 88 61 75 -3 0 10 0.01 0.0 M 3.4 21 90 M M 2 3 26 80
10 81 70 76 -2 0 11 0.03 0.0 M 2.4 10 50 M M 7 1 13 60
11 87 65 76 -2 0 11 T 0.0 M 3.0 12 320 M M 6 123 22 310
12 81 57 69 -8 0 4 0.00 0.0 M 2.5 10 50 M M 0 14 120
13 85 54 70 -7 0 5 0.00 0.0 M 2.6 9 120 M M 0 14 250
14 87 57 72 -5 0 7 0.00 0.0 M 2.2 12 80 M M 0 1 14 60
15 88 60 74 -3 0 9 0.00 0.0 M 1.7 10 90 M M 1 13 130
16 88 62 75 -1 0 10 0.00 0.0 M 2.0 9 130 M M 1 15 180
17 91 61 76 0 0 11 0.00 0.0 M 3.1 9 190 M M 1 14 160
18 93 67 80 4 0 15 0.00 0.0 M 2.5 9 220 M M 1 13 220
19 92 69 81 6 0 16 M 0.0 M 1.8 6 270 M M 1 M M
20 96 69 83 8 0 18 T 0.0 M 2.7 8 220 M M 1 8 12 210
21 96 71 84 9 0 19 0.00 0.0 M 3.9 9 280 M M 0 14 270
22 93 66 80 6 0 15 0.00 0.0 0 6.1 15 50 M M 0 8 21 50
23 86 64 75 1 0 10 0.00 0.0 0 3.8 12 70 M M 2 16 90
24 95 65 80 6 0 15 0.00 0.0 0 4.2 12 240 M M 1 17 250
25 94 71 83 10 0 18 0.01 0.0 0 3.5 13 320 M M 3 1 18 320
26 86 56 71 -2 0 6 0.00 0.0 0 3.3 14 50 M M 1 20 10
27 84 51 68 -4 0 3 0.00 0.0 0 3.2 14 50 M M 0 25 50
28 82 51 67 -5 0 2 0.00 0.0 0 5.4 15 50 M M 0 22 50
29 77 49 63 -9 2 0 0.00 0.0 0 6.6 20 60 M M 0 25 60
30 80 47 64 -7 1 0 0.00 0.0 0 3.8 14 60 M M 0 18 19 50
================================================================================
SM 2641 1894 3 328 0.22 0.0 92.8 M 45
================================================================================
AV 88.0 63.1 3.1 FASTST M M 2 MAX(MPH)
MISC ----> 21 90 # 26 280
================================================================================
NOTES:
# LAST OF SEVERAL OCCURRENCES
COLUMN 17 PEAK WIND IN M.P.H.
PRELIMINARY LOCAL CLIMATOLOGICAL DATA (WS FORM: F-6) , PAGE 2
STATION: MONTICELLO
MONTH: SEPTEMBER
YEAR: 2022
LATITUDE: 33 37 N
LONGITUDE: 91 45 W
[TEMPERATURE DATA] [PRECIPITATION DATA] SYMBOLS USED IN COLUMN 16
AVERAGE MONTHLY: 75.6 TOTAL FOR MONTH: 0.22 1 = FOG OR MIST
DPTR FM NORMAL: -0.6 DPTR FM NORMAL: -2.62 2 = FOG REDUCING VISIBILITY
HIGHEST: 96 ON 21,20 GRTST 24HR 0.08 ON 2- 3 TO 1/4 MILE OR LESS
LOWEST: 47 ON 30 3 = THUNDER
SNOW, ICE PELLETS, HAIL 4 = ICE PELLETS
TOTAL MONTH: 0.0 INCH 5 = HAIL
GRTST 24HR 0.0 6 = FREEZING RAIN OR DRIZZLE
GRTST DEPTH: 0 7 = DUSTSTORM OR SANDSTORM:
VSBY 1/2 MILE OR LESS
8 = SMOKE OR HAZE
[NO. OF DAYS WITH] [WEATHER - DAYS WITH] 9 = BLOWING SNOW
X = TORNADO
MAX 32 OR BELOW: 0 0.01 INCH OR MORE: 6
MAX 90 OR ABOVE: 13 0.10 INCH OR MORE: 0
MIN 32 OR BELOW: 0 0.50 INCH OR MORE: 0
MIN 0 OR BELOW: 0 1.00 INCH OR MORE: 0
[HDD (BASE 65) ]
TOTAL THIS MO. 3 CLEAR (SCALE 0-3) 26
DPTR FM NORMAL -4 PTCLDY (SCALE 4-7) 4
TOTAL FM JUL 1 3 CLOUDY (SCALE 8-10) 0
DPTR FM NORMAL -2
[CDD (BASE 65) ]
TOTAL THIS MO. 328
DPTR FM NORMAL -14 [PRESSURE DATA]
TOTAL FM JAN 1 2360 HIGHEST SLP 30.32 ON 29
DPTR FM NORMAL 167 LOWEST SLP 29.75 ON 9
[REMARKS]
#FINAL-09-22#