000
CXUS54 KLZK 202107
CF6LLQ
PRELIMINARY LOCAL CLIMATOLOGICAL DATA (WS FORM: F-6)
STATION: MONTICELLO
MONTH: JANUARY
YEAR: 2022
LATITUDE: 33 37 N
LONGITUDE: 91 45 W
TEMPERATURE IN F: :PCPN: SNOW: WIND :SUNSHINE: SKY :PK WND
================================================================================
1 2 3 4 5 6A 6B 7 8 9 10 11 12 13 14 15 16 17 18
12Z AVG MX 2MIN
DY MAX MIN AVG DEP HDD CDD WTR SNW DPTH SPD SPD DIR MIN PSBL S-S WX SPD DR
================================================================================
1 79 56 68 24 0 3 0.27 0.0 0 8.3 21 210 M M 9 13 30 320
2 56 26 41 -3 24 0 0.11 T 0 9.5 17 290 M M 9 1 25 320
3 43 22 33 -11 32 0 0.00 0.0 0 3.2 9 50 M M 0 14 350
4 51 25 38 -6 27 0 0.00 0.0 0 6.0 14 210 M M 0 18 180
5 59 42 51 7 14 0 0.01 0.0 0 6.2 12 50 M M 3 1 16 200
6 45 27 36 -8 29 0 0.17 0.0 0 7.0 18 60 M M 8 1 23 60
7 37 25 31 -13 34 0 0.00 0.0 0 6.1 13 80 M M 5 16 40
8 66 34 50 6 15 0 0.10 0.0 0 8.1 21 150 M M 8 3 26 160
9 68 40 54 10 11 0 0.09 0.0 0 9.3 16 20 M M 9 1 31 360
10 52 29 41 -3 24 0 0.00 0.0 0 4.7 14 30 M M 0 23 360
11 59 27 43 -1 22 0 0.00 0.0 0 2.6 9 200 M M M 11 200
12 62 38 50 6 15 0 0.00 0.0 0 6.1 14 270 M M 0 20 240
13 70 41 56 12 9 0 0.00 0.0 0 6.1 14 270 M M 0 19 270
14 62 37 50 6 15 0 0.00 0.0 0 4.5 13 140 M M 0 16 130
15 53 30 42 -2 23 0 0.48 T 0 10.5 21 280 M M 8 136 30 260
16 50 33 42 -2 23 0 0.15 T 0 8.9 16 290 M M 5 1 25 320
17 56 30 43 -1 22 0 0.00 0.0 0 4.6 13 300 M M 0 18 260
18 65 30 48 4 17 0 0.00 0.0 0 6.6 18 200 M M 0 26 160
19 68 36 52 8 13 0 0.34 0.0 0 7.5 18 30 M M 4 1 29 20
20 36 25 31 -13 34 0 0.00 0.0 0 9.0 15 20 M M 3 31 40
21 34 22 28 -16 37 0 0.00 0.0 0 6.4 16 50 M M 1 21 50
22 44 15 30 -14 35 0 0.00 0.0 0 2.5 9 50 M M 0 14 20
23 59 25 42 -2 23 0 0.00 0.0 0 6.4 16 250 M M 0 22 260
24 63 33 48 4 17 0 0.00 0.0 0 6.7 16 210 M M 3 20 210
25 50 31 41 -3 24 0 0.00 0.0 0 9.4 23 40 M M 3 32 50
26 41 26 34 -10 31 0 0.00 0.0 0 7.2 18 50 M M 0 22 50
27 54 25 40 -4 25 0 0.00 0.0 0 2.4 10 50 M M 4 15 360
28 54 34 44 -1 21 0 0.00 0.0 0 7.3 20 300 M M 4 31 320
29 51 21 36 -9 29 0 0.00 0.0 0 5.7 16 220 M M 0 24 210
30 68 38 53 8 12 0 0.00 0.0 0 5.9 16 270 M M 0 23 210
31 70 34 52 7 13 0 0.00 0.0 0 5.5 15 160 M M 0 20 160
================================================================================
SM 1725 957 670 3 1.72 T 200.2 M 86
================================================================================
AV 55.6 30.9 6.5 FASTST M M 3 MAX(MPH)
MISC ----> 23 40 32 50
================================================================================
NOTES:
# LAST OF SEVERAL OCCURRENCES
COLUMN 17 PEAK WIND IN M.P.H.
PRELIMINARY LOCAL CLIMATOLOGICAL DATA (WS FORM: F-6) , PAGE 2
STATION: MONTICELLO
MONTH: JANUARY
YEAR: 2022
LATITUDE: 33 37 N
LONGITUDE: 91 45 W
[TEMPERATURE DATA] [PRECIPITATION DATA] SYMBOLS USED IN COLUMN 16
AVERAGE MONTHLY: 43.3 TOTAL FOR MONTH: 1.72 1 = FOG OR MIST
DPTR FM NORMAL: -0.7 DPTR FM NORMAL: -2.89 2 = FOG REDUCING VISIBILITY
HIGHEST: 79 ON 1 GRTST 24HR 1.26 ON 8- 9 TO 1/4 MILE OR LESS
LOWEST: 15 ON 22 3 = THUNDER
SNOW, ICE PELLETS, HAIL 4 = ICE PELLETS
TOTAL MONTH: T 5 = HAIL
GRTST 24HR T ON 2- 2 6 = FREEZING RAIN OR DRIZZLE
GRTST DEPTH: 0 7 = DUSTSTORM OR SANDSTORM:
VSBY 1/2 MILE OR LESS
8 = SMOKE OR HAZE
[NO. OF DAYS WITH] [WEATHER - DAYS WITH] 9 = BLOWING SNOW
X = TORNADO
MAX 32 OR BELOW: 0 0.01 INCH OR MORE: 9
MAX 90 OR ABOVE: 0 0.10 INCH OR MORE: 7
MIN 32 OR BELOW: 18 0.50 INCH OR MORE: 0
MIN 0 OR BELOW: 0 1.00 INCH OR MORE: 0
[HDD (BASE 65) ]
TOTAL THIS MO. 670 CLEAR (SCALE 0-3) 18
DPTR FM NORMAL 17 PTCLDY (SCALE 4-7) 9
TOTAL FM JUL 1 1362 CLOUDY (SCALE 8-10) 4
DPTR FM NORMAL -332
[CDD (BASE 65) ]
TOTAL THIS MO. 3
DPTR FM NORMAL 1 [PRESSURE DATA]
TOTAL FM JAN 1 3 HIGHEST SLP 30.69 ON 10
DPTR FM NORMAL 1 LOWEST SLP 29.55 ON 1
[REMARKS]
#FINAL-01-22#