000
CXUS56 KMFR 010930
CF6LMT
PRELIMINARY LOCAL CLIMATOLOGICAL DATA (WS FORM: F-6)
STATION: KLAMATH FALLS OR
MONTH: MAY
YEAR: 2023
LATITUDE: 42 9 N
LONGITUDE: 121 44 W
TEMPERATURE IN F: :PCPN: SNOW: WIND :SUNSHINE: SKY :PK WND
================================================================================
1 2 3 4 5 6A 6B 7 8 9 10 11 12 13 14 15 16 17 18
12Z AVG MX 2MIN
DY MAX MIN AVG DEP HDD CDD WTR SNW DPTH SPD SPD DIR MIN PSBL S-S WX SPD DR
================================================================================
1 60 36 48 0 17 0 T M M 9.0 28 250 M M 6 36 260
2 55 35 45 -3 20 0 0.26 M M 7.3 20 150 M M 9 1 25 150
3 62 35 49 1 16 0 0.00 M M 6.7 25 180 M M 5 33 180
4 60 35 48 -1 17 0 0.98 M M 5.9 31 190 M M 6 3 46 200
5 53 39 46 -3 19 0 0.16 M M 9.2 22 200 M M 10 1 28 260
6 48 34 41 -8 24 0 0.29 M M 6.6 25 250 M M 9 1 32 250
7 49 32 41 -9 24 0 T M M 7.2 21 190 M M 8 27 200
8 49 33 41 -9 24 0 0.14 M M 8.8 21 280 M M 8 1 30 270
9 57 29 43 -7 22 0 0.00 M M 4.2 21 200 M M 4 27 210
10 63 31 47 -3 18 0 0.00 M M 4.1 18 280 M M 3 23 290
11 69 36 53 2 12 0 0.00 M M 3.5 10 340 M M 4 16 170
12 76 37 57 6 8 0 0.00 M M 6.8 14 80 M M 0 23 70
13 80 45 63 12 2 0 0.00 M M 9.6 18 50 M M 0 8 26 90
14 76 45 61 9 4 0 0.00 M M 9.5 20 80 M M 2 27 80
15 78 50 64 12 1 0 0.00 M M 8.5 23 180 M M 4 31 180
16 78 41 60 8 5 0 0.00 M M 3.3 15 320 M M 0 18 330
17 81 44 63 11 2 0 0.00 M M 4.2 16 310 M M 0 19 320
18 83 43 63 11 2 0 0.00 M M 4.3 18 330 M M 1 38 23 330
19 87 46 67 14 0 2 0.00 M M 5.2 18 330 M M 1 1 23 330
20 86 49 68 15 0 3 0.00 M M 5.6 21 340 M M 1 27 320
21 78 46 62 9 3 0 0.00 M M 8.5 24 330 M M 2 1 32 330
22 68 36 52 -1 13 0 0.00 M M 6.6 18 310 M M 0 12 24 310
23 70 47 59 5 6 0 0.00 M M 7.7 22 320 M M 0 29 310
24 74 33 54 0 11 0 0.00 M M 5.8 18 330 M M 0 23 340
25 75 40 58 4 7 0 0.00 M M 6.8 21 330 M M 1 38 26 340
26 76 41 59 5 6 0 0.00 M M 6.3 24 330 M M 2 30 330
27 72 40 56 2 9 0 0.15 M M 7.0 22 320 M M 5 138 27 310
28 73 47 60 6 5 0 0.04 M M 4.0 16 90 M M 6 30 90
29 78 40 59 4 6 0 0.22 M M 5.0 29 280 M M 3 123 39 270
30 74 49 62 7 3 0 0.00 M M 7.3 22 320 M M 5 30 330
31 72 41 57 2 8 0 0.00 M M 7.5 23 330 M M 2 30 330
================================================================================
SM 2160 1235 314 5 2.24 M 202.0 M 107
================================================================================
AV 69.7 39.8 6.5 FASTST M M 3 MAX(MPH)
MISC ----> 31 190 46 200
================================================================================
NOTES:
# LAST OF SEVERAL OCCURRENCES
COLUMN 17 PEAK WIND IN M.P.H.
PRELIMINARY LOCAL CLIMATOLOGICAL DATA (WS FORM: F-6) , PAGE 2
STATION: KLAMATH FALLS OR
MONTH: MAY
YEAR: 2023
LATITUDE: 42 9 N
LONGITUDE: 121 44 W
[TEMPERATURE DATA] [PRECIPITATION DATA] SYMBOLS USED IN COLUMN 16
AVERAGE MONTHLY: 54.8 TOTAL FOR MONTH: 2.24 1 = FOG OR MIST
DPTR FM NORMAL: 3.1 DPTR FM NORMAL: 1.20 2 = FOG REDUCING VISIBILITY
HIGHEST: 87 ON 19 GRTST 24HR 0.99 ON 4- 5 TO 1/4 MILE OR LESS
LOWEST: 29 ON 9 3 = THUNDER
SNOW, ICE PELLETS, HAIL 4 = ICE PELLETS
TOTAL MONTH: M 5 = HAIL
GRTST 24HR M ON M 6 = FREEZING RAIN OR DRIZZLE
GRTST DEPTH: M ON M 7 = DUSTSTORM OR SANDSTORM:
VSBY 1/2 MILE OR LESS
8 = SMOKE OR HAZE
[NO. OF DAYS WITH] [WEATHER - DAYS WITH] 9 = BLOWING SNOW
X = TORNADO
MAX 32 OR BELOW: 0 0.01 INCH OR MORE: 8
MAX 90 OR ABOVE: 0 0.10 INCH OR MORE: 7
MIN 32 OR BELOW: 3 0.50 INCH OR MORE: 1
MIN 0 OR BELOW: 0 1.00 INCH OR MORE: 0
[HDD (BASE 65) ]
TOTAL THIS MO. 314 CLEAR (SCALE 0-3) 15
DPTR FM NORMAL -101 PTCLDY (SCALE 4-7) 13
TOTAL FM JUL 1 6741 CLOUDY (SCALE 8-10) 3
DPTR FM NORMAL 241
[CDD (BASE 65) ]
TOTAL THIS MO. 5
DPTR FM NORMAL 2 [PRESSURE DATA]
TOTAL FM JAN 1 5 HIGHEST SLP M ON M
DPTR FM NORMAL 2 LOWEST SLP 29.55 ON 1
[REMARKS]
#FINAL-05-23#