078
CXUS56 KMFR 011710
CF6LMT
PRELIMINARY LOCAL CLIMATOLOGICAL DATA (WS FORM: F-6)
STATION: KLAMATH FALLS OR
MONTH: FEBRUARY
YEAR: 2021
LATITUDE: 42 9 N
LONGITUDE: 121 44 W
TEMPERATURE IN F: :PCPN: SNOW: WIND :SUNSHINE: SKY :PK WND
================================================================================
1 2 3 4 5 6A 6B 7 8 9 10 11 12 13 14 15 16 17 18
12Z AVG MX 2MIN
DY MAX MIN AVG DEP HDD CDD WTR SNW DPTH SPD SPD DIR MIN PSBL S-S WX SPD DR
================================================================================
1 51 36 44 12 21 0 T M M 21.2 40 200 M M 4 55 190
2 42 29 36 4 29 0 0.02 M M 11.5 23 270 M M 7 1 30 280
3 36 17 27 -5 38 0 0.03 M M 8.9 21 190 M M 6 18 26 190
4 44 13 29 -3 36 0 0.00 M M 0.6 8 350 M M 1 1 9 200
5 49 15 32 0 33 0 0.00 M M 4.9 17 270 M M 1 20 260
6 55 16 36 3 29 0 0.00 M M 4.1 22 290 M M 3 12 26 290
7 54 13 34 1 31 0 0.00 M M 3.5 17 260 M M 0 22 250
8 M M M M M M 0.00 M M 3.4 15 260 M M 5 8 18 250
9 49 25 37 4 28 0 0.00 M M 3.7 12 270 M M 9 15 250
10 53 17 35 2 30 0 0.00 M M 4.1 17 270 M M 0 1 21 240
11 47 23 35 1 30 0 0.14 M M 4.0 14 250 M M 7 1 19 180
12 44 28 36 2 29 0 0.08 M M 6.8 16 270 M M 7 22 270
13 41 32 37 3 28 0 0.13 M M 14.2 28 270 M M 7 1 33 270
14 37 28 33 -1 32 0 0.17 M M 6.6 16 270 M M 8 1 19 270
15 44 33 39 5 26 0 0.07 M M 12.6 29 280 M M 6 1 36 280
16 41 28 35 1 30 0 0.00 M M 11.1 30 260 M M 5 34 270
17 41 21 31 -4 34 0 0.00 M M 3.8 15 330 M M 1 18 330
18 35 22 29 -6 36 0 0.37 M M 3.3 15 170 M M 8 12 17 170
19 41 30 36 1 29 0 0.06 M M 6.5 22 270 M M 8 1 28 270
20 41 20 31 -4 34 0 T M M 7.2 20 330 M M 6 1 25 360
21 45 28 37 1 28 0 0.00 M M 2.8 12 290 M M 6 12 290
22 54 24 39 3 26 0 0.00 M M 5.3 20 270 M M 1 24 260
23 51 23 37 1 28 0 0.00 M M 7.4 21 340 M M 0 24 330
24 43 18 31 -5 34 0 0.00 M M 4.8 13 60 M M 0 20 60
25 48 16 32 -4 33 0 0.00 M M 9.6 27 280 M M 2 39 260
26 40 26 33 -3 32 0 M M M 16.4 28 300 M M 5 35 290
27 42 23 33 -4 32 0 T M M 12.9 29 300 M M 5 1 35 300
28 52 16 34 -3 31 0 0.00 M M 2.3 8 170 M M 0 12 170
================================================================================
SM 1220 620 827 0 1.07 M 203.5 M 118
================================================================================
AV 45.2 23.0 7.3 FASTST M M 4 MAX(MPH)
MISC ----> 40 200 55 190
================================================================================
NOTES:
# LAST OF SEVERAL OCCURRENCES
COLUMN 17 PEAK WIND IN M.P.H.
PRELIMINARY LOCAL CLIMATOLOGICAL DATA (WS FORM: F-6) , PAGE 2
STATION: KLAMATH FALLS OR
MONTH: FEBRUARY
YEAR: 2021
LATITUDE: 42 9 N
LONGITUDE: 121 44 W
[TEMPERATURE DATA] [PRECIPITATION DATA] SYMBOLS USED IN COLUMN 16
AVERAGE MONTHLY: 34.1 TOTAL FOR MONTH: 1.07 1 = FOG OR MIST
DPTR FM NORMAL: -0.1 DPTR FM NORMAL: -0.85 2 = FOG REDUCING VISIBILITY
HIGHEST: 55 ON 6 GRTST 24HR 0.39 ON 18-19 TO 1/4 MILE OR LESS
LOWEST: 13 ON 7, 4 3 = THUNDER
SNOW, ICE PELLETS, HAIL 4 = ICE PELLETS
TOTAL MONTH: M 5 = HAIL
GRTST 24HR M ON M 6 = FREEZING RAIN OR DRIZZLE
GRTST DEPTH: M ON M 7 = DUSTSTORM OR SANDSTORM:
VSBY 1/2 MILE OR LESS
8 = SMOKE OR HAZE
[NO. OF DAYS WITH] [WEATHER - DAYS WITH] 9 = BLOWING SNOW
X = TORNADO
MAX 32 OR BELOW: 0 0.01 INCH OR MORE: 9
MAX 90 OR ABOVE: 0 0.10 INCH OR MORE: 4
MIN 32 OR BELOW: 25 0.50 INCH OR MORE: 0
MIN 0 OR BELOW: 0 1.00 INCH OR MORE: 0
[HDD (BASE 65) ]
TOTAL THIS MO. 827 CLEAR (SCALE 0-3) 11
DPTR FM NORMAL -34 PTCLDY (SCALE 4-7) 15
TOTAL FM JUL 1 4323 CLOUDY (SCALE 8-10) 2
DPTR FM NORMAL -517
[CDD (BASE 65) ]
TOTAL THIS MO. 0
DPTR FM NORMAL 0 [PRESSURE DATA]
TOTAL FM JAN 1 0 HIGHEST SLP 30.40 ON 28
DPTR FM NORMAL 0 LOWEST SLP 30.08 ON 27
[REMARKS]
#FINAL-02-21#