000
CXUS55 KRIW 011110
CF6LND
PRELIMINARY LOCAL CLIMATOLOGICAL DATA (WS FORM: F-6)
STATION: LANDER WY
MONTH: NOVEMBER
YEAR: 2023
LATITUDE: 42 49 N
LONGITUDE: 108 44 W
TEMPERATURE IN F: :PCPN: SNOW: WIND :SUNSHINE: SKY :PK WND
================================================================================
1 2 3 4 5 6A 6B 7 8 9 10 11 12 13 14 15 16 17 18
12Z AVG MX 2MIN
DY MAX MIN AVG DEP HDD CDD WTR SNW DPTH SPD SPD DIR MIN PSBL S-S WX SPD DR
================================================================================
1 56 28 42 3 23 0 0.00 0.0 0 4.4 14 140 M M 0 18 140
2 61 31 46 8 19 0 0.00 0.0 M 5.9 26 270 M M 1 38 260
3 61 34 48 10 17 0 0.00 0.0 0 5.1 18 280 M M 1 27 270
4 59 31 45 8 20 0 0.00 0.0 M 4.9 15 210 M M 0 20 200
5 60 38 49 12 16 0 T 0.0 0 9.8 32 250 M M 0 43 250
6 62 37 50 14 15 0 0.00 0.0 0 7.2 29 260 M M 2 40 250
7 52 34 43 7 22 0 0.00 0.0 0 7.6 21 310 M M 5 29 320
8 47 24 36 0 29 0 0.00 0.0 0 5.8 14 260 M M 2 18 140
9 46 20 33 -2 32 0 0.00 0.0 0 4.2 14 230 M M 0 18 230
10 47 25 36 1 29 0 0.00 0.0 0 3.6 15 130 M M 0 19 130
11 54 24 39 5 26 0 0.00 0.0 0 7.6 35 290 M M 0 48 280
12 55 28 42 8 23 0 0.00 0.0 0 2.7 13 250 M M 0 15 250
13 52 25 39 6 26 0 0.00 0.0 0 4.3 13 20 M M 0 18 220
14 61 29 45 12 20 0 0.00 0.0 0 5.3 18 280 M M 0 24 300
15 59 33 46 14 19 0 0.00 0.0 0 4.6 21 290 M M 0 38 300
16 56 34 45 13 20 0 0.00 0.0 0 6.0 26 260 M M 1 37 300
17 58 26 42 11 23 0 0.00 0.0 0 4.0 12 250 M M 0 14 250
18 51 27 39 8 26 0 0.00 0.0 0 2.4 9 220 M M 0 10 220
19 53 26 40 10 25 0 0.01 0.0 0 4.7 15 290 M M 4 20 320
20 46 26 36 6 29 0 T 0.0 0 3.8 13 360 M M 7 17 350
21 49 20 35 5 30 0 0.00 0.0 0 3.3 14 240 M M 0 16 240
22 58 26 42 13 23 0 0.00 0.0 0 6.0 16 240 M M 0 19 250
23 40 22 31 2 34 0 1.03 18.8 0 7.8 26 70 M M 10 12 34 60
24 22 11 17 -11 48 0 0.22 4.1 18 5.7 22 80 M M 10 12 27 90
25 17 2 10 -18 55 0 0.00 0.0 18 2.0 8 290 M M 4 1 10 250
26 21 -1 10 -17 55 0 0.00 0.0 15 2.6 12 250 M M 0 13 240
27 15 -1 7 -20 58 0 0.00 0.0 14 2.3 8 120 M M 0 18 8 140
28 20 -1 10 -16 55 0 0.00 0.0 13 1.6 8 290 M M 0 1 12 230
29 20 -1 10 -16 55 0 0.00 0.0 12 1.5 9 310 M M 0 11 280
30 21 2 12 -14 53 0 0.00 0.0 12 1.9 9 250 M M 4 18 10 250
================================================================================
SM 1379 659 925 0 1.26 22.9 138.6 M 51
================================================================================
AV 46.0 22.0 4.6 FASTST M M 2 MAX(MPH)
MISC ----> 35 290 48 280
================================================================================
NOTES:
# LAST OF SEVERAL OCCURRENCES
COLUMN 17 PEAK WIND IN M.P.H.
PRELIMINARY LOCAL CLIMATOLOGICAL DATA (WS FORM: F-6) , PAGE 2
STATION: LANDER WY
MONTH: NOVEMBER
YEAR: 2023
LATITUDE: 42 49 N
LONGITUDE: 108 44 W
[TEMPERATURE DATA] [PRECIPITATION DATA] SYMBOLS USED IN COLUMN 16
AVERAGE MONTHLY: 34.0 TOTAL FOR MONTH: 1.26 1 = FOG OR MIST
DPTR FM NORMAL: 1.9 DPTR FM NORMAL: 0.48 2 = FOG REDUCING VISIBILITY
HIGHEST: 62 ON 6 GRTST 24HR 1.21 ON 23-24 TO 1/4 MILE OR LESS
LOWEST: -1 ON 29,28 3 = THUNDER
SNOW, ICE PELLETS, HAIL 4 = ICE PELLETS
TOTAL MONTH: 22.9 INCHES 5 = HAIL
GRTST 24HR 18.8 ON 23-23 6 = FREEZING RAIN OR DRIZZLE
GRTST DEPTH: 18 ON 25,24 7 = DUSTSTORM OR SANDSTORM:
VSBY 1/2 MILE OR LESS
8 = SMOKE OR HAZE
[NO. OF DAYS WITH] [WEATHER - DAYS WITH] 9 = BLOWING SNOW
X = TORNADO
MAX 32 OR BELOW: 7 0.01 INCH OR MORE: 3
MAX 90 OR ABOVE: 0 0.10 INCH OR MORE: 2
MIN 32 OR BELOW: 24 0.50 INCH OR MORE: 1
MIN 0 OR BELOW: 4 1.00 INCH OR MORE: 1
[HDD (BASE 65) ]
TOTAL THIS MO. 925 CLEAR (SCALE 0-3) 23
DPTR FM NORMAL -62 PTCLDY (SCALE 4-7) 5
TOTAL FM JUL 1 1608 CLOUDY (SCALE 8-10) 2
DPTR FM NORMAL -219
[CDD (BASE 65) ]
TOTAL THIS MO. 0
DPTR FM NORMAL 0 [PRESSURE DATA]
TOTAL FM JAN 1 361 HIGHEST SLP 30.61 ON 21
DPTR FM NORMAL -124 LOWEST SLP 29.63 ON 6
[REMARKS]
#FINAL-11-23#