000
CXUS53 KOAX 010930
CF6LNK
PRELIMINARY LOCAL CLIMATOLOGICAL DATA (WS FORM: F-6)
STATION: LINCOLN NE
MONTH: JUNE
YEAR: 2021
LATITUDE: 40 50 N
LONGITUDE: 96 45 W
TEMPERATURE IN F: :PCPN: SNOW: WIND :SUNSHINE: SKY :PK WND
================================================================================
1 2 3 4 5 6A 6B 7 8 9 10 11 12 13 14 15 16 17 18
12Z AVG MX 2MIN
DY MAX MIN AVG DEP HDD CDD WTR SNW DPTH SPD SPD DIR MIN PSBL S-S WX SPD DR
================================================================================
1 79 51 65 -4 0 0 0.00 0.0 0 3.6 17 70 M M 2 1 23 70
2 83 47 65 -5 0 0 0.00 0.0 0 1.4 10 180 M M 0 15 150
3 87 52 70 0 0 5 0.00 0.0 0 7.8 20 220 M M 0 26 210
4 94 62 78 8 0 13 0.00 0.0 0 9.4 18 240 M M 2 24 200
5 93 66 80 9 0 15 0.00 0.0 0 13.6 23 190 M M 1 32 210
6 87 66 77 6 0 12 0.00 0.0 0 13.6 23 180 M M 1 31 180
7 92 65 79 8 0 14 0.00 0.0 0 10.3 18 160 M M 2 28 170
8 92 63 78 6 0 13 0.00 0.0 0 6.4 17 120 M M 1 23 120
9 94 65 80 8 0 15 0.00 0.0 0 5.2 16 140 M M 0 22 160
10 96 71 84 12 0 19 0.00 0.0 0 9.4 20 160 M M 1 27 190
11 84 66 75 2 0 10 1.99 0.0 0 10.2 36 50 M M 6 13 52 40
12 87 57 72 -1 0 7 0.00 0.0 0 6.3 17 40 M M 0 22 20
13 91 56 74 1 0 9 0.00 0.0 0 4.1 12 160 M M 0 15 170
14 96 62 79 5 0 14 0.00 0.0 0 4.6 15 220 M M 0 20 240
15 93 69 81 7 0 16 0.00 0.0 0 6.9 16 110 M M 1 21 110
16 102 71 87 13 0 22 0.00 0.0 0 8.9 17 180 M M 0 8 23 160
17 103 72 88 14 0 23 0.00 0.0 0 13.5 28 190 M M 0 36 210
18 90 71 81 6 0 16 0.04 0.0 0 8.2 23 350 M M 0 3 29 70
19 90 67 79 4 0 14 T 0.0 0 10.5 20 60 M M 0 27 50
20 91 68 80 5 0 15 0.06 0.0 0 13.7 35 250 M M 2 3 48 230
21 80 61 71 -4 0 6 0.00 0.0 0 8.6 22 300 M M 2 29 340
22 92 54 73 -3 0 8 T 0.0 0 13.9 35 210 M M 1 3 50 210
23 93 64 79 3 0 14 0.00 0.0 0 13.6 23 180 M M 0 31 160
24 86 68 77 1 0 12 1.30 0.0 0 10.1 39 360 M M 5 13 53 320
25 89 69 79 3 0 14 1.07 0.0 0 5.5 31 310 M M 6 1238 43 300
26 77 65 71 -5 0 6 T 0.0 0 8.6 21 330 M M 8 1 26 320
27 85 61 73 -3 0 8 0.00 0.0 0 2.7 9 360 M M 2 18 12 350
28 86 67 77 0 0 12 T 0.0 0 4.8 20 150 M M 2 26 150
29 87 64 76 -1 0 11 T 0.0 0 2.8 14 40 M M 2 16 40
30 86 65 76 -1 0 11 0.00 0.0 0 4.9 12 50 M M 0 17 20
================================================================================
SM 2685 1905 0 354 4.46 0.0 243.1 M 47
================================================================================
AV 89.5 63.5 8.1 FASTST M M 2 MAX(MPH)
MISC ----> 39 360 53 320
================================================================================
NOTES:
# LAST OF SEVERAL OCCURRENCES
COLUMN 17 PEAK WIND IN M.P.H.
PRELIMINARY LOCAL CLIMATOLOGICAL DATA (WS FORM: F-6) , PAGE 2
STATION: LINCOLN NE
MONTH: JUNE
YEAR: 2021
LATITUDE: 40 50 N
LONGITUDE: 96 45 W
[TEMPERATURE DATA] [PRECIPITATION DATA] SYMBOLS USED IN COLUMN 16
AVERAGE MONTHLY: 76.5 TOTAL FOR MONTH: 4.46 1 = FOG OR MIST
DPTR FM NORMAL: 2.8 DPTR FM NORMAL: -0.02 2 = FOG REDUCING VISIBILITY
HIGHEST: 103 ON 17 GRTST 24HR 1.99 ON 11-11 TO 1/4 MILE OR LESS
LOWEST: 47 ON 2 3 = THUNDER
SNOW, ICE PELLETS, HAIL 4 = ICE PELLETS
TOTAL MONTH: 0.0 INCH 5 = HAIL
GRTST 24HR 0.0 6 = FREEZING RAIN OR DRIZZLE
GRTST DEPTH: 0 7 = DUSTSTORM OR SANDSTORM:
VSBY 1/2 MILE OR LESS
8 = SMOKE OR HAZE
[NO. OF DAYS WITH] [WEATHER - DAYS WITH] 9 = BLOWING SNOW
X = TORNADO
MAX 32 OR BELOW: 0 0.01 INCH OR MORE: 5
MAX 90 OR ABOVE: 16 0.10 INCH OR MORE: 3
MIN 32 OR BELOW: 0 0.50 INCH OR MORE: 3
MIN 0 OR BELOW: 0 1.00 INCH OR MORE: 3
[HDD (BASE 65) ]
TOTAL THIS MO. 0 CLEAR (SCALE 0-3) 26
DPTR FM NORMAL -12 PTCLDY (SCALE 4-7) 4
TOTAL FM JUL 1 5902 CLOUDY (SCALE 8-10) 0
DPTR FM NORMAL 50
[CDD (BASE 65) ]
TOTAL THIS MO. 354
DPTR FM NORMAL 83 [PRESSURE DATA]
TOTAL FM JAN 1 467 HIGHEST SLP 30.19 ON 1
DPTR FM NORMAL 99 LOWEST SLP 29.54 ON 20
[REMARKS]
#FINAL-06-21#