000
CXUS53 KMKX 010914
CF6LNR
PRELIMINARY LOCAL CLIMATOLOGICAL DATA (WS FORM: F-6)
STATION: LONE ROCK WI
MONTH: DECEMBER
YEAR: 2023
LATITUDE: 43 12 N
LONGITUDE: 90 11 W
TEMPERATURE IN F: :PCPN: SNOW: WIND :SUNSHINE: SKY :PK WND
================================================================================
1 2 3 4 5 6A 6B 7 8 9 10 11 12 13 14 15 16 17 18
12Z AVG MX 2MIN
DY MAX MIN AVG DEP HDD CDD WTR SNW DPTH SPD SPD DIR MIN PSBL S-S WX SPD DR
================================================================================
1 37 22 30 0 35 0 0.00 M M 6.3 16 30 M M 5 26 30
2 38 31 35 5 30 0 0.03 M M 4.7 10 70 M M 10 1 13 40
3 37 33 35 6 30 0 0.20 M M 2.1 9 30 M M 10 1 12 310
4 39 32 36 7 29 0 T M M 4.8 13 200 M M 10 1 18 210
5 37 32 35 7 30 0 0.03 M M 5.8 13 310 M M 10 18 17 300
6 41 24 33 5 32 0 0.00 M M 6.9 16 190 M M 4 1 25 210
7 52 27 40 12 25 0 0.00 M M 5.5 12 90 M M 0 1 16 140
8 54 35 45 18 20 0 0.00 M M 5.6 14 220 M M 2 20 260
9 42 33 38 11 27 0 0.15 M M 10.5 21 290 M M 9 1 31 230
10 33 26 30 4 35 0 0.00 M M 8.9 20 310 M M 10 29 310
11 34 22 28 2 37 0 0.00 M M 3.1 9 220 M M 5 12 220
12 35 17 26 0 39 0 0.00 M M 9.7 17 290 M M 0 24 290
13 44 11 28 3 37 0 0.00 M M 2.6 13 260 M M 1 19 270
14 53 18 36 11 29 0 0.00 M M 2.0 12 220 M M 0 15 240
15 M M M M M M M M M M M M M M M M M
16 43 36 40 16 25 0 0.03 M M 5.7 14 100 M M 7 128 17 100
17 40 34 37 13 28 0 T M M 9.6 21 290 M M 10 12 27 290
18 36 12 24 0 41 0 T M M 12.2 29 330 M M 4 45 330
19 34 8 21 -3 44 0 0.00 M M 4.9 16 190 M M 0 22 190
20 43 22 33 10 32 0 0.00 M M 5.3 12 80 M M 0 16 70
21 40 27 34 11 31 0 T M M 5.9 10 80 M M 8 18 14 100
22 47 37 42 19 23 0 0.00 M M 4.2 8 90 M M 10 18 10 90
23 46 41 44 22 21 0 0.00 M M 4.6 9 90 M M 10 12 12 90
24 54 45 50 28 15 0 0.02 M M 9.6 15 140 M M 10 1 25 130
25 54 50 52 30 13 0 0.36 M M 13.2 23 100 M M 9 1 32 110
26 52 30 41 19 24 0 0.03 M M 6.9 17 210 M M 10 1 25 210
27 42 29 36 15 29 0 0.00 M M 3.8 12 110 M M 6 16 100
28 36 28 32 11 33 0 0.13 M M 8.8 15 330 M M 8 1 23 340
29 44 24 34 13 31 0 T M M 5.0 13 320 M M 3 18 330
30 35 20 28 7 37 0 T M M 3.6 12 320 M M 9 12 16 310
31 33 29 31 11 34 0 0.02 M M 8.5 17 330 M M 10 168 28 330
================================================================================
SM 1255 835 896 0 1.00 M 190.3 M 190
================================================================================
AV 41.8 27.8 6.3 FASTST M M 6 MAX(MPH)
MISC ----> 29 330 45 330
================================================================================
NOTES:
# LAST OF SEVERAL OCCURRENCES
COLUMN 17 PEAK WIND IN M.P.H.
PRELIMINARY LOCAL CLIMATOLOGICAL DATA (WS FORM: F-6) , PAGE 2
STATION: LONE ROCK WI
MONTH: DECEMBER
YEAR: 2023
LATITUDE: 43 12 N
LONGITUDE: 90 11 W
[TEMPERATURE DATA] [PRECIPITATION DATA] SYMBOLS USED IN COLUMN 16
AVERAGE MONTHLY: 34.8 TOTAL FOR MONTH: 1.00 1 = FOG OR MIST
DPTR FM NORMAL: 10.1 DPTR FM NORMAL: -0.20 2 = FOG REDUCING VISIBILITY
HIGHEST: 54 ON 25,24 GRTST 24HR 0.38 ON 25-26 TO 1/4 MILE OR LESS
LOWEST: 8 ON 19 3 = THUNDER
SNOW, ICE PELLETS, HAIL 4 = ICE PELLETS
TOTAL MONTH: M 5 = HAIL
GRTST 24HR M ON M 6 = FREEZING RAIN OR DRIZZLE
GRTST DEPTH: M ON M 7 = DUSTSTORM OR SANDSTORM:
VSBY 1/2 MILE OR LESS
8 = SMOKE OR HAZE
[NO. OF DAYS WITH] [WEATHER - DAYS WITH] 9 = BLOWING SNOW
X = TORNADO
MAX 32 OR BELOW: 0 0.01 INCH OR MORE: 10
MAX 90 OR ABOVE: 0 0.10 INCH OR MORE: 4
MIN 32 OR BELOW: 21 0.50 INCH OR MORE: 0
MIN 0 OR BELOW: 0 1.00 INCH OR MORE: 0
[HDD (BASE 65) ]
TOTAL THIS MO. 896 CLEAR (SCALE 0-3) 8
DPTR FM NORMAL -353 PTCLDY (SCALE 4-7) 7
TOTAL FM JUL 1 1997 CLOUDY (SCALE 8-10) 15
DPTR FM NORMAL -753
[CDD (BASE 65) ]
TOTAL THIS MO. 0
DPTR FM NORMAL 0 [PRESSURE DATA]
TOTAL FM JAN 1 769 HIGHEST SLP 30.67 ON 13
DPTR FM NORMAL 123 LOWEST SLP 29.50 ON 8
[REMARKS]
#FINAL-12-23#