000
CXUS54 KCRP 020807 CCA
CLMLRD
CLIMATE REPORT
NATIONAL WEATHER SERVICE CORPUS CHRISTI TX
301 AM CDT FRI JUN 02 2023
...................................
...THE LAREDO CLIMATE SUMMARY FOR THE MONTH OF MAY 2023...
CLIMATE NORMAL PERIOD 1991 TO 2020
CLIMATE RECORD PERIOD 1900 TO 2023
WEATHER OBSERVED NORMAL DEPART LAST YEAR`S
VALUE DATE(S) VALUE FROM VALUE DATE(S)
NORMAL
................................................................
TEMPERATURE (F)
RECORD
HIGH 115 05/07/1927
LOW 37 05/07/1917
05/01/1908
HIGHEST 99 05/23 98 1 107 05/07
LOWEST 66 05/28 68 -2 66 05/24
05/25
AVG. MAXIMUM 92.3 93.2 -0.9 98.8
AVG. MINIMUM 71.5 70.9 0.6 74.3
MEAN 81.9 82.1 -0.2 86.5
DAYS MAX >= 90 24 23.8 0.2 28
DAYS MAX <= 32 0 0.0 0.0 0
DAYS MIN <= 32 0 0.0 0.0 0
DAYS MIN <= 0 0 0.0 0.0 0
PRECIPITATION (INCHES)
RECORD
MAXIMUM 11.48 1972
MINIMUM 0.00 1998
TOTALS 3.20 2.76 0.44 3.36
DAILY AVG. 0.10 0.09 0.01 0.11
DAYS >= .01 7 MM MM MM
DAYS >= .10 3 MM MM MM
DAYS >= .50 3 MM MM MM
DAYS >= 1.00 1 MM MM MM
GREATEST
24 HR. TOTAL 1.46 05/18 TO 05/18 1.90 05/23 TO 05/24
STORM TOTAL 1.46 1.60
(MM/DD(HH)) MM
SNOWFALL (INCHES)
RECORDS
TOTAL MM MM
24 HR TOTAL MM
TOTALS 0.0 MM MM 0.0
SINCE 7/1 0.0 MM MM MM
SNOWDEPTH AVG. 0 0
DAYS >= 1.0 0 MM MM
GREATEST
SNOW DEPTH 0 0
24 HR TOTAL MM MM
DEGREE DAYS
HEATING TOTAL 0 0 0 0
SINCE 7/1 741 812 -71 MM
COOLING TOTAL 530 529 1 673
SINCE 1/1 1406 1157 249 MM
................................................................
WIND (MPH)
AVERAGE WIND SPEED MM
HIGHEST WIND SPEED/DIRECTION MM DATE MM
HIGHEST GUST SPEED/DIRECTION MM DATE MM
SKY COVER
AVERAGE SKY COVER 0.36
AVERAGE RH (PERCENT) 67
WEATHER CONDITIONS. NUMBER OF DAYS WITH
THUNDERSTORM 5 MIXED PRECIP 0
HEAVY RAIN 3 RAIN 4
LIGHT RAIN 10 FREEZING RAIN 0
LT FREEZING RAIN 0 HAIL 0
HEAVY SNOW 0 SNOW 0
LIGHT SNOW 0 SLEET 0
FOG 10 FOG W/VIS <= 1/4 MILE 0
HAZE 11
- INDICATES NEGATIVE NUMBERS.
R INDICATES RECORD WAS SET OR TIED.
MM INDICATES DATA IS MISSING.
T INDICATES TRACE AMOUNT.
$$
EMF...CORRECTED FOR PRECIP AND TEMPERATURE RECORDS.