000
CXUS54 KLZK 011130
CF6LRF
PRELIMINARY LOCAL CLIMATOLOGICAL DATA (WS FORM: F-6)
STATION: JACKSONVILLE/LITTLE ROCK AFB
MONTH: OCTOBER
YEAR: 2021
LATITUDE: 34 55 N
LONGITUDE: 92 9 W
TEMPERATURE IN F: :PCPN: SNOW: WIND :SUNSHINE: SKY :PK WND
================================================================================
1 2 3 4 5 6A 6B 7 8 9 10 11 12 13 14 15 16 17 18
12Z AVG MX 2MIN
DY MAX MIN AVG DEP HDD CDD WTR SNW DPTH SPD SPD DIR MIN PSBL S-S WX SPD DR
================================================================================
1 82 69 76 7 0 11 1.37 0.0 0 4.1 9 170 M M 8 1 17 160
2 82 67 75 6 0 10 2.65 0.0 0 4.5 14 270 M M 9 13 17 140
3 83 62 73 4 0 8 0.44 0.0 0 3.9 10 320 M M 5 13 M M
4 82 60 71 3 0 6 0.00 0.0 0 2.4 7 60 M M 4 M M
5 81 58 70 2 0 5 0.00 0.0 0 3.0 8 20 M M 4 17 20
6 75 64 70 2 0 5 0.01 0.0 M 1.4 9 260 M M 9 M M
7 84 60 72 5 0 7 0.00 0.0 M 1.8 9 230 M M 2 12 M M
8 89 59 74 7 0 9 0.00 0.0 0 4.5 10 190 M M 1 M M
9 87 64 76 9 0 11 0.00 0.0 0 6.0 13 220 M M 1 M M
10 86 67 77 11 0 12 0.00 0.0 0 7.2 17 220 M M 1 22 190
11 81 58 70 4 0 5 T 0.0 0 10.2 20 240 M M 3 27 180
12 81 51 66 1 0 1 T 0.0 0 2.8 8 70 M M 3 M M
13 87 67 77 12 0 12 0.00 0.0 0 5.0 14 210 M M 4 22 190
14 83 68 76 11 0 11 0.20 0.0 0 4.1 18 230 M M 8 1 29 230
15 80 50 65 1 0 0 0.92 0.0 0 5.7 37 250 M M 6 13 43 260
16 70 45 58 -6 7 0 0.00 M M 4.9 13 340 M M 0 18 340
17 72 42 57 -7 8 0 0.00 M M 1.3 6 270 M M 0 M M
18 72 42 57 -6 8 0 0.00 0.0 0 2.0 7 110 M M 0 M M
19 76 42 59 -4 6 0 0.00 0.0 0 2.4 9 160 M M 1 M M
20 80 46 63 1 2 0 0.00 0.0 0 2.5 8 210 M M 1 M M
21 78 49 64 2 1 0 T 0.0 0 4.8 13 270 M M 3 22 300
22 74 44 59 -3 6 0 0.00 0.0 0 1.1 6 190 M M 0 M M
23 83 49 66 5 0 1 0.00 0.0 0 4.1 13 250 M M 3 20 250
24 85 67 76 15 0 11 0.22 0.0 0 8.7 17 210 M M 5 13 28 210
25 74 56 65 5 0 0 0.01 0.0 0 6.5 16 240 M M 1 21 230
26 67 46 57 -3 8 0 0.00 0.0 0 4.0 8 70 M M 1 M M
27 67 55 61 1 4 0 0.59 0.0 M 9.8 26 100 M M 9 1 30 100
28 62 51 57 -2 8 0 0.14 0.0 M 10.8 18 260 M M 10 1 31 270
29 59 49 54 -5 11 0 0.05 M M 9.8 16 310 M M 10 25 290
30 67 45 56 -2 9 0 0.00 0.0 M 5.7 13 300 M M 4 16 260
31 73 41 57 -1 8 0 0.00 M M 2.5 8 30 M M 0 M M
================================================================================
SM 2402 1693 86 125 6.60 0.0 147.6 M 116
================================================================================
AV 77.5 54.6 4.8 FASTST M M 4 MAX(MPH)
MISC ----> 37 250 43 260
================================================================================
NOTES:
# LAST OF SEVERAL OCCURRENCES
COLUMN 17 PEAK WIND IN M.P.H.
PRELIMINARY LOCAL CLIMATOLOGICAL DATA (WS FORM: F-6) , PAGE 2
STATION: JACKSONVILLE/LITTLE ROCK AFB
MONTH: OCTOBER
YEAR: 2021
LATITUDE: 34 55 N
LONGITUDE: 92 9 W
[TEMPERATURE DATA] [PRECIPITATION DATA] SYMBOLS USED IN COLUMN 16
AVERAGE MONTHLY: 66.0 TOTAL FOR MONTH: 6.60 1 = FOG OR MIST
DPTR FM NORMAL: 2.2 DPTR FM NORMAL: M 2 = FOG REDUCING VISIBILITY
HIGHEST: 89 ON 8 GRTST 24HR 2.65 ON 2- 2 TO 1/4 MILE OR LESS
LOWEST: 41 ON 31 3 = THUNDER
SNOW, ICE PELLETS, HAIL 4 = ICE PELLETS
TOTAL MONTH: 0.0 INCH 5 = HAIL
GRTST 24HR 0.0 6 = FREEZING RAIN OR DRIZZLE
GRTST DEPTH: 0 7 = DUSTSTORM OR SANDSTORM:
VSBY 1/2 MILE OR LESS
8 = SMOKE OR HAZE
[NO. OF DAYS WITH] [WEATHER - DAYS WITH] 9 = BLOWING SNOW
X = TORNADO
MAX 32 OR BELOW: 0 0.01 INCH OR MORE: 11
MAX 90 OR ABOVE: 0 0.10 INCH OR MORE: 8
MIN 32 OR BELOW: 0 0.50 INCH OR MORE: 4
MIN 0 OR BELOW: 0 1.00 INCH OR MORE: 2
[HDD (BASE 65) ]
TOTAL THIS MO. 86 CLEAR (SCALE 0-3) 15
DPTR FM NORMAL -43 PTCLDY (SCALE 4-7) 11
TOTAL FM JUL 1 87 CLOUDY (SCALE 8-10) 5
DPTR FM NORMAL -71
[CDD (BASE 65) ]
TOTAL THIS MO. 125
DPTR FM NORMAL 48 [PRESSURE DATA]
TOTAL FM JAN 1 2008 HIGHEST SLP M ON M
DPTR FM NORMAL -18 LOWEST SLP M ON M
[REMARKS]
#FINAL-10-21#