000
CXUS54 KLZK 020013
CF6LRF
PRELIMINARY LOCAL CLIMATOLOGICAL DATA (WS FORM: F-6)
STATION: Jacksonville/Little Rock AFB
MONTH: JUNE
YEAR: 2020
LATITUDE: 34 55 N
LONGITUDE: 92 9 W
TEMPERATURE IN F: :PCPN: SNOW: WIND :SUNSHINE: SKY :PK WND
================================================================================
1 2 3 4 5 6A 6B 7 8 9 10 11 12 13 14 15 16 17 18
12Z AVG MX 2MIN
DY MAX MIN AVG DEP HDD CDD WTR SNW DPTH SPD SPD DIR MIN PSBL S-S WX SPD DR
================================================================================
1 83 55 69 -5 0 4 0.00 0.0 0 2.5 9 90 M M 1 M M
2 87 55 71 -3 0 6 0.00 0.0 0 3.2 8 160 M M 3 M M
3 85 66 76 1 0 11 0.01 0.0 0 3.1 10 190 M M 9 3 M M
4 87 69 78 3 0 13 T 0.0 0 5.7 20 240 M M 3 8 23 240
5 94 67 81 6 0 16 0.00 0.0 0 4.5 9 200 M M 3 3 M M
6 92 65 79 3 0 14 0.00 0.0 0 3.2 9 70 M M 1 M M
7 94 66 80 4 0 15 0.00 0.0 0 6.5 16 80 M M 0 23 110
8 77 71 74 -2 0 9 2.37 0.0 0 9.1 15 220 M M 6 1 23 70
9 89 70 80 4 0 15 0.04 0.0 0 11.2 17 190 M M 7 13 30 190
10 81 60 71 -6 0 6 0.00 0.0 0 11.8 21 280 M M 5 33 270
11 85 56 71 -6 0 6 0.00 0.0 0 3.5 12 20 M M 0 M M
12 88 59 74 -3 0 9 0.00 0.0 0 2.1 7 99 M M 1 M M
13 91 63 77 0 0 12 0.00 0.0 0 2.6 15 60 M M 2 3 M M
14 90 63 77 0 0 12 0.00 0.0 0 2.8 8 90 M M 1 M M
15 91 61 76 -2 0 11 0.00 0.0 0 3.4 8 80 M M 1 M M
16 86 60 73 -5 0 8 0.00 0.0 0 3.7 8 80 M M 1 M M
17 87 56 72 -6 0 7 0.00 0.0 0 1.1 8 80 M M 1 M M
18 88 58 73 -5 0 8 0.00 0.0 0 1.9 7 100 M M 1 M M
19 90 62 76 -3 0 11 T 0.0 0 2.5 8 150 M M 4 M M
20 88 69 79 0 0 14 T 0.0 0 5.4 12 190 M M 4 M M
21 87 67 77 -2 0 12 0.82 0.0 0 3.9 9 260 M M 5 13 M M
22 85 67 76 -3 0 11 0.21 0.0 0 7.9 17 240 M M 5 1 M M
23 86 66 76 -3 0 11 0.37 0.0 0 2.0 6 160 M M 4 13 M M
24 86 64 75 -5 0 10 0.00 0.0 0 0.0 0 0 M M 4 1 M M
25 88 59 74 -6 0 9 0.00 0.0 0 4.0 10 80 M M 0 M M
26 83 68 76 -4 0 11 0.10 0.0 0 8.0 17 230 M M 6 1 22 230
27 88 68 78 -2 0 13 T 0.0 0 8.9 15 220 M M 7 18 23 200
28 91 70 81 1 0 16 T 0.0 0 9.2 14 200 M M 5 38 30 200
29 77 68 73 -7 0 8 0.30 0.0 0 3.7 10 210 M M 6 13 M M
30 89 72 81 0 0 16 T 0.0 0 7.4 15 230 M M 5 23 230
================================================================================
SM 2613 1920 0 324 4.22 0.0 144.8 M 101
================================================================================
AV 87.1 64.0 4.8 FASTST M M 3 MAX(MPH)
MISC ----> # 21 280 # 33 270
================================================================================
NOTES:
# LAST OF SEVERAL OCCURRENCES
COLUMN 17 PEAK WIND IN M.P.H.
PRELIMINARY LOCAL CLIMATOLOGICAL DATA (WS FORM: F-6) , PAGE 2
STATION: Jacksonville/Little Rock AFB
MONTH: JUNE
YEAR: 2020
LATITUDE: 34 55 N
LONGITUDE: 92 9 W
[TEMPERATURE DATA] [PRECIPITATION DATA] SYMBOLS USED IN COLUMN 16
AVERAGE MONTHLY: 75.6 TOTAL FOR MONTH: 4.22 1 = FOG OR MIST
DPTR FM NORMAL: -2.1 DPTR FM NORMAL: M 2 = FOG REDUCING VISIBILITY
HIGHEST: 94 ON 7, 5 GRTST 24HR 2.37 ON 8- 8 TO 1/4 MILE OR LESS
LOWEST: 55 ON 2, 1 3 = THUNDER
SNOW, ICE PELLETS, HAIL 4 = ICE PELLETS
TOTAL MONTH: 0.0 INCH 5 = HAIL
GRTST 24HR 0.0 6 = FREEZING RAIN OR DRIZZLE
GRTST DEPTH: 0 7 = DUSTSTORM OR SANDSTORM:
VSBY 1/2 MILE OR LESS
8 = SMOKE OR HAZE
[NO. OF DAYS WITH] [WEATHER - DAYS WITH] 9 = BLOWING SNOW
X = TORNADO
MAX 32 OR BELOW: 0 0.01 INCH OR MORE: 8
MAX 90 OR ABOVE: 8 0.10 INCH OR MORE: 6
MIN 32 OR BELOW: 0 0.50 INCH OR MORE: 2
MIN 0 OR BELOW: 0 1.00 INCH OR MORE: 1
[HDD (BASE 65) ]
TOTAL THIS MO. 0 CLEAR (SCALE 0-3) 15
DPTR FM NORMAL -11 PTCLDY (SCALE 4-7) 14
TOTAL FM JUL 1 3159 CLOUDY (SCALE 8-10) 1
DPTR FM NORMAL -21
[CDD (BASE 65) ]
TOTAL THIS MO. 324
DPTR FM NORMAL -66 [PRESSURE DATA]
TOTAL FM JAN 1 472 HIGHEST SLP M ON M
DPTR FM NORMAL -172 LOWEST SLP M ON M
[REMARKS]
#FINAL-06-20#