144
CXUS54 KEPZ 011030
CF6LRU
PRELIMINARY LOCAL CLIMATOLOGICAL DATA (WS FORM: F-6)
STATION: LAS CRUCES
MONTH: AUGUST
YEAR: 2020
LATITUDE: 32 17 N
LONGITUDE: 106 46 W
TEMPERATURE IN F: :PCPN: SNOW: WIND :SUNSHINE: SKY :PK WND
================================================================================
1 2 3 4 5 6A 6B 7 8 9 10 11 12 13 14 15 16 17 18
12Z AVG MX 2MIN
DY MAX MIN AVG DEP HDD CDD WTR SNW DPTH SPD SPD DIR MIN PSBL S-S WX SPD DR
================================================================================
1 98 66 82 M 0 17 0.02 M M 6.5 18 150 M M 1 3 24 90
2 99 65 82 M 0 17 T M M 6.9 18 360 M M 1 27 360
3 97 66 82 M 0 17 0.00 M M 4.0 12 110 M M 0 27 320
4 101 68 85 M 0 20 0.00 M M 5.8 17 230 M M 1 23 290
5 103 70 87 M 0 22 0.00 M M 6.0 20 280 M M 0 24 280
6 99 74 87 M 0 22 0.00 M M 8.0 21 340 M M 1 28 340
7 95 74 85 M 0 20 T M M 5.7 14 110 M M 2 20 350
8 98 67 83 M 0 18 0.62 M M 6.3 23 160 M M 2 3 41 70
9 97 70 84 M 0 19 T M M 5.5 21 320 M M 1 30 320
10 101 68 85 M 0 20 0.00 M M 5.0 18 320 M M 0 39 220
11 101 67 84 M 0 19 0.00 M M 4.8 9 60 M M 0 M M
12 104 72 88 M 0 23 0.00 M M 4.9 12 350 M M 0 20 0
13 105 73 89 M 0 24 T M M 6.7 13 330 M M 1 3 23 210
14 104 78 91 M 0 26 0.00 M M 5.9 13 230 M M 1 21 300
15 103 74 89 M 0 24 0.00 M M 8.2 21 160 M M 0 32 160
16 98 71 85 M 0 20 0.00 M M 7.9 16 120 M M 0 32 150
17 95 67 81 M 0 16 0.00 M M 4.6 14 30 M M 2 21 30
18 95 63 79 M 0 14 0.00 M M 4.0 8 140 M M 0 M M
19 98 64 81 M 0 16 0.00 M M 4.4 10 200 M M 0 M M
20 102 67 85 M 0 20 0.00 M M 5.3 12 120 M M 0 17 120
21 101 70 86 M 0 21 0.00 M M 5.3 14 280 M M 0 17 280
22 101 71 86 M 0 21 0.00 M M 5.6 13 200 M M 0 20 160
23 101 70 86 M 0 21 0.14 M M 5.3 10 340 M M 1 3 25 140
24 95 68 82 M 0 17 0.00 M M 5.2 10 150 M M 0 20 150
25 94 67 81 M 0 16 0.00 M M 6.9 14 170 M M 1 20 110
26 95 68 82 M 0 17 0.00 M M 5.4 9 140 M M 0 16 140
27 99 63 81 M 0 16 0.00 M M 5.8 10 110 M M 0 17 90
28 103 66 85 M 0 20 0.00 M M 4.3 9 220 M M 0 17 240
29 101 78 90 M 0 25 0.00 M M 9.8 17 330 M M 1 25 330
30 92 72 82 M 0 17 0.01 M M 9.7 15 250 M M 3 22 270
31 94 75 85 M 0 20 0.00 M M 11.9 20 240 M M 3 28 190
================================================================================
SM 3069 2152 0 605 0.79 M 191.5 M 22
================================================================================
AV 99.0 69.4 6.2 FASTST M M 1 MAX(MPH)
MISC ----> 23 160 41 70
================================================================================
NOTES:
# LAST OF SEVERAL OCCURRENCES
COLUMN 17 PEAK WIND IN M.P.H.
PRELIMINARY LOCAL CLIMATOLOGICAL DATA (WS FORM: F-6) , PAGE 2
STATION: LAS CRUCES
MONTH: AUGUST
YEAR: 2020
LATITUDE: 32 17 N
LONGITUDE: 106 46 W
[TEMPERATURE DATA] [PRECIPITATION DATA] SYMBOLS USED IN COLUMN 16
AVERAGE MONTHLY: 84.2 TOTAL FOR MONTH: 0.79 1 = FOG OR MIST
DPTR FM NORMAL: 0.0 DPTR FM NORMAL: M 2 = FOG REDUCING VISIBILITY
HIGHEST: 105 ON 13 GRTST 24HR 0.62 ON 8- 8 TO 1/4 MILE OR LESS
LOWEST: 63 ON 27,18 3 = THUNDER
SNOW, ICE PELLETS, HAIL 4 = ICE PELLETS
TOTAL MONTH: M 5 = HAIL
GRTST 24HR M ON M 6 = FREEZING RAIN OR DRIZZLE
GRTST DEPTH: M ON M 7 = DUSTSTORM OR SANDSTORM:
VSBY 1/2 MILE OR LESS
8 = SMOKE OR HAZE
[NO. OF DAYS WITH] [WEATHER - DAYS WITH] 9 = BLOWING SNOW
X = TORNADO
MAX 32 OR BELOW: 0 0.01 INCH OR MORE: 4
MAX 90 OR ABOVE: 31 0.10 INCH OR MORE: 2
MIN 32 OR BELOW: 0 0.50 INCH OR MORE: 1
MIN 0 OR BELOW: 0 1.00 INCH OR MORE: 0
[HDD (BASE 65) ]
TOTAL THIS MO. 0 CLEAR (SCALE 0-3) 30
DPTR FM NORMAL M PTCLDY (SCALE 4-7) 1
TOTAL FM JUL 1 0 CLOUDY (SCALE 8-10) 0
DPTR FM NORMAL M
[CDD (BASE 65) ]
TOTAL THIS MO. 605
DPTR FM NORMAL M [PRESSURE DATA]
TOTAL FM JAN 1 2036 HIGHEST SLP M ON M
DPTR FM NORMAL M LOWEST SLP M ON M
[REMARKS]
#FINAL-08-20#