000
CXUS53 KARX 240648
CF6LSE
PRELIMINARY LOCAL CLIMATOLOGICAL DATA (WS FORM: F-6)
STATION: LA CROSSE WI
MONTH: JULY
YEAR: 2022
LATITUDE: 43 52 N
LONGITUDE: 91 15 W
TEMPERATURE IN F: :PCPN: SNOW: WIND :SUNSHINE: SKY :PK WND
================================================================================
1 2 3 4 5 6A 6B 7 8 9 10 11 12 13 14 15 16 17 18
12Z AVG MX 2MIN
DY MAX MIN AVG DEP HDD CDD WTR SNW DPTH SPD SPD DIR MIN PSBL S-S WX SPD DR
================================================================================
1 83 63 73 -1 0 8 0.00 0.0 0 5.6 14 220 M M 1 20 250
2 82 59 71 -4 0 6 T 0.0 0 5.7 21 330 M M 2 3 28 330
3 89 61 75 0 0 10 0.00 0.0 0 7.9 16 170 M M 3 1 21 180
4 84 69 77 2 0 12 0.77 0.0 0 6.8 18 170 M M 5 13 25 160
5 95 73 84 9 0 19 0.19 0.0 0 5.9 22 140 M M 7 123 27 130
6 82 72 77 2 0 12 0.02 0.0 0 4.5 14 80 M M 8 18 80
7 89 70 80 5 0 15 0.00 0.0 0 5.5 13 190 M M 5 15 200
8 76 65 71 -4 0 6 0.04 0.0 0 6.4 20 80 M M 7 27 80
9 84 59 72 -3 0 7 0.00 0.0 0 3.3 12 140 M M 1 18 50
10 84 62 73 -2 0 8 T 0.0 0 11.6 22 170 M M 2 30 180
11 88 70 79 4 0 14 0.02 0.0 0 13.0 29 300 M M 2 3 39 300
12 87 63 75 0 0 10 0.06 0.0 0 10.0 33 310 M M 1 3 46 310
13 82 61 72 -3 0 7 0.00 0.0 0 5.4 13 350 M M 2 17 330
14 86 61 74 -1 0 9 0.00 0.0 0 8.2 17 140 M M 2 23 140
15 83 64 74 -1 0 9 1.46 0.0 0 6.8 29 30 M M 6 13 41 30
16 82 67 75 0 0 10 0.00 0.0 0 4.0 10 70 M M 5 1 13 70
17 88 65 77 2 0 12 0.00 0.0 0 3.0 9 30 M M 3 12 14 350
18 93 67 80 5 0 15 0.00 0.0 0 7.6 14 230 M M 0 17 250
19 92 74 83 8 0 18 T 0.0 0 12.7 28 180 M M 2 3 36 170
20 89 68 79 4 0 14 0.00 0.0 0 11.4 22 290 M M 3 31 310
21 88 67 78 3 0 13 0.06 0.0 0 8.0 20 310 M M 2 3 25 310
22 94 65 80 5 0 15 0.00 0.0 0 7.3 16 190 M M 0 21 180
23 90 69 80 5 0 15 1.05 0.0 0 6.3 60 310 M M 2 123 81 310
24 82 64 73 -2 0 8 0.00 0.0 0 10.4 22 310 M M 2 28 310
25 78 57 68 -7 0 3 T 0.0 0 5.1 12 330 M M 0 15 340
26 82 61 72 -3 0 7 0.06 0.0 0 5.9 13 200 M M 4 3 16 190
27 85 65 75 0 0 10 0.15 0.0 0 7.8 21 270 M M 5 13 28 270
28 78 62 70 -5 0 5 0.00 0.0 0 10.0 18 320 M M 2 26 320
29 80 58 69 -6 0 4 0.00 0.0 0 6.6 14 300 M M 1 19 290
30 84 61 73 -2 0 8 0.00 0.0 0 6.7 14 180 M M 0 21 180
31 86 62 74 0 0 9 0.02 0.0 0 11.3 26 180 M M 3 3 36 170
================================================================================
SM 2645 2004 0 318 3.90 0.0 230.7 M 88
================================================================================
AV 85.3 64.6 7.4 FASTST M M 3 MAX(MPH)
MISC ----> 60 310 81 310
================================================================================
NOTES:
# LAST OF SEVERAL OCCURRENCES
COLUMN 17 PEAK WIND IN M.P.H.
PRELIMINARY LOCAL CLIMATOLOGICAL DATA (WS FORM: F-6) , PAGE 2
STATION: LA CROSSE WI
MONTH: JULY
YEAR: 2022
LATITUDE: 43 52 N
LONGITUDE: 91 15 W
[TEMPERATURE DATA] [PRECIPITATION DATA] SYMBOLS USED IN COLUMN 16
AVERAGE MONTHLY: 75.0 TOTAL FOR MONTH: 3.90 1 = FOG OR MIST
DPTR FM NORMAL: 0.0 DPTR FM NORMAL: -0.33 2 = FOG REDUCING VISIBILITY
HIGHEST: 95 ON 5 GRTST 24HR 1.46 ON 15-15 TO 1/4 MILE OR LESS
LOWEST: 57 ON 25 3 = THUNDER
SNOW, ICE PELLETS, HAIL 4 = ICE PELLETS
TOTAL MONTH: 0.0 INCH 5 = HAIL
GRTST 24HR 0.0 6 = FREEZING RAIN OR DRIZZLE
GRTST DEPTH: 0 7 = DUSTSTORM OR SANDSTORM:
VSBY 1/2 MILE OR LESS
8 = SMOKE OR HAZE
[NO. OF DAYS WITH] [WEATHER - DAYS WITH] 9 = BLOWING SNOW
X = TORNADO
MAX 32 OR BELOW: 0 0.01 INCH OR MORE: 12
MAX 90 OR ABOVE: 5 0.10 INCH OR MORE: 5
MIN 32 OR BELOW: 0 0.50 INCH OR MORE: 3
MIN 0 OR BELOW: 0 1.00 INCH OR MORE: 2
[HDD (BASE 65) ]
TOTAL THIS MO. 0 CLEAR (SCALE 0-3) 21
DPTR FM NORMAL -3 PTCLDY (SCALE 4-7) 9
TOTAL FM JUL 1 0 CLOUDY (SCALE 8-10) 1
DPTR FM NORMAL 0
[CDD (BASE 65) ]
TOTAL THIS MO. 318
DPTR FM NORMAL 7 [PRESSURE DATA]
TOTAL FM JAN 1 648 HIGHEST SLP 30.24 ON 9
DPTR FM NORMAL 65 LOWEST SLP 29.49 ON 20
[REMARKS]
#FINAL-07-22#