000
CXUS54 KFWD 010730
CF6LUD
PRELIMINARY LOCAL CLIMATOLOGICAL DATA (WS FORM: F-6)
STATION: DECATUR
MONTH: APRIL
YEAR: 2023
LATITUDE: 33 15 N
LONGITUDE: 97 30 W
TEMPERATURE IN F: :PCPN: SNOW: WIND :SUNSHINE: SKY :PK WND
================================================================================
1 2 3 4 5 6A 6B 7 8 9 10 11 12 13 14 15 16 17 18
12Z AVG MX 2MIN
DY MAX MIN AVG DEP HDD CDD WTR SNW DPTH SPD SPD DIR MIN PSBL S-S WX SPD DR
================================================================================
1 72 50 61 3 4 0 0.00 M M 6.0 12 10 M M 0 17 10
2 77 54 66 8 0 1 0.08 M M 8.1 15 170 M M 2 22 170
3 92 60 76 18 0 11 0.00 M M 10.6 22 170 M M 0 1 29 170
4 79 69 74 16 0 9 0.00 M M 14.0 18 170 M M 4 18 25 160
5 74 45 60 1 5 0 0.00 M M 9.0 18 170 M M 1 1 25 170
6 61 44 53 -6 12 0 0.00 M M 9.5 15 60 M M 1 23 60
7 64 43 54 -5 11 0 0.00 M M 6.7 12 50 M M 7 17 50
8 72 54 63 3 2 0 0.00 M M 3.1 9 100 M M 6 M M
9 72 51 62 2 3 0 0.00 M M 3.5 9 90 M M 3 1 M M
10 75 53 64 4 1 0 0.00 M M 4.6 10 110 M M 3 12 M M
11 75 51 63 3 2 0 0.00 M M 5.7 10 120 M M 1 18 140
12 76 56 66 5 0 1 0.00 M M 8.0 13 160 M M 0 18 140
13 78 53 66 5 0 1 0.00 M M 8.6 12 150 M M 0 20 170
14 79 60 70 9 0 5 0.00 M M 13.5 18 150 M M 3 26 200
15 74 53 64 2 1 0 0.00 M M 9.6 14 330 M M 2 1 25 330
16 70 44 57 -5 8 0 0.00 M M 3.7 13 310 M M 0 18 310
17 80 52 66 4 0 1 0.00 M M 9.9 18 160 M M 0 28 160
18 75 59 67 5 0 2 0.00 M M 12.8 18 150 M M 4 25 170
19 86 65 76 13 0 11 0.00 M M 16.7 21 170 M M 4 32 170
20 76 58 67 4 0 2 0.00 M M 9.5 23 170 M M 5 8 29 180
21 74 52 63 0 2 0 0.00 M M 7.1 15 20 M M 0 22 60
22 69 48 59 -5 6 0 0.00 M M 9.4 18 50 M M 3 25 30
23 57 44 51 -13 14 0 0.10 M M 9.1 14 60 M M 7 1 23 40
24 68 42 55 -9 10 0 0.00 M M 7.1 14 110 M M 4 21 110
25 70 54 62 -3 3 0 0.00 M M 8.2 12 100 M M 9 1 16 120
26 63 51 57 -8 8 0 0.71 M M 9.6 17 140 M M 9 1 31 10
27 66 52 59 -6 6 0 0.01 M M 4.8 10 300 M M 7 1 20 280
28 70 49 60 -5 5 0 0.00 M M 8.4 13 340 M M 5 23 340
29 70 48 59 -7 6 0 0.00 M M 8.0 13 340 M M 2 28 340
30 79 54 67 1 0 2 0.00 M M 7.2 10 60 M M 0 20 60
================================================================================
SM 2193 1568 109 46 0.90 M 252.1 M 92
================================================================================
AV 73.1 52.3 8.4 FASTST M M 3 MAX(MPH)
MISC ----> 23 170 32 170
================================================================================
NOTES:
# LAST OF SEVERAL OCCURRENCES
COLUMN 17 PEAK WIND IN M.P.H.
PRELIMINARY LOCAL CLIMATOLOGICAL DATA (WS FORM: F-6) , PAGE 2
STATION: DECATUR
MONTH: APRIL
YEAR: 2023
LATITUDE: 33 15 N
LONGITUDE: 97 30 W
[TEMPERATURE DATA] [PRECIPITATION DATA] SYMBOLS USED IN COLUMN 16
AVERAGE MONTHLY: 62.7 TOTAL FOR MONTH: 0.90 1 = FOG OR MIST
DPTR FM NORMAL: 0.9 DPTR FM NORMAL: -2.32 2 = FOG REDUCING VISIBILITY
HIGHEST: 92 ON 3 GRTST 24HR 0.71 ON 26-26 TO 1/4 MILE OR LESS
LOWEST: 42 ON 24 3 = THUNDER
SNOW, ICE PELLETS, HAIL 4 = ICE PELLETS
TOTAL MONTH: M 5 = HAIL
GRTST 24HR M ON M 6 = FREEZING RAIN OR DRIZZLE
GRTST DEPTH: M ON M 7 = DUSTSTORM OR SANDSTORM:
VSBY 1/2 MILE OR LESS
8 = SMOKE OR HAZE
[NO. OF DAYS WITH] [WEATHER - DAYS WITH] 9 = BLOWING SNOW
X = TORNADO
MAX 32 OR BELOW: 0 0.01 INCH OR MORE: 4
MAX 90 OR ABOVE: 1 0.10 INCH OR MORE: 2
MIN 32 OR BELOW: 0 0.50 INCH OR MORE: 1
MIN 0 OR BELOW: 0 1.00 INCH OR MORE: 0
[HDD (BASE 65) ]
TOTAL THIS MO. 109 CLEAR (SCALE 0-3) 17
DPTR FM NORMAL -40 PTCLDY (SCALE 4-7) 11
TOTAL FM JUL 1 2211 CLOUDY (SCALE 8-10) 2
DPTR FM NORMAL -710
[CDD (BASE 65) ]
TOTAL THIS MO. 46
DPTR FM NORMAL -7 [PRESSURE DATA]
TOTAL FM JAN 1 122 HIGHEST SLP M ON M
DPTR FM NORMAL 57 LOWEST SLP M ON M
[REMARKS]
#FINAL-04-23#