000
CXUS56 KMTR 010900
CF6LVK
PRELIMINARY LOCAL CLIMATOLOGICAL DATA (WS FORM: F-6)
STATION: LIVERMORE AIRPORT
MONTH: JUNE
YEAR: 2023
LATITUDE: 37 42 N
LONGITUDE: 121 49 W
TEMPERATURE IN F: :PCPN: SNOW: WIND :SUNSHINE: SKY :PK WND
================================================================================
1 2 3 4 5 6A 6B 7 8 9 10 11 12 13 14 15 16 17 18
12Z AVG MX 2MIN
DY MAX MIN AVG DEP HDD CDD WTR SNW DPTH SPD SPD DIR MIN PSBL S-S WX SPD DR
================================================================================
1 74 50 62 -3 3 0 0.00 M M 9.6 21 290 M M 1 25 290
2 80 50 65 0 0 0 0.00 M M 6.2 18 280 M M 0 20 280
3 88 50 69 3 0 4 0.00 M M 5.7 17 280 M M 0 21 290
4 90 52 71 5 0 6 0.00 M M 5.9 17 290 M M 0 20 290
5 77 54 66 0 0 1 0.00 M M 10.3 20 290 M M 1 1 23 300
6 74 56 65 -1 0 0 0.01 M M 11.3 21 280 M M 4 26 230
7 73 55 64 -2 1 0 0.00 M M 10.0 18 280 M M 3 23 310
8 76 54 65 -1 0 0 0.00 M M 10.2 20 270 M M 1 24 290
9 72 54 63 -4 2 0 0.00 M M 12.2 22 290 M M 5 27 280
10 75 53 64 -3 1 0 0.00 M M 9.2 16 290 M M 4 20 290
11 77 53 65 -2 0 0 0.00 M M 9.8 21 290 M M 4 24 300
12 76 56 66 -1 0 1 0.00 M M 10.1 20 290 M M 4 24 290
13 75 55 65 -3 0 0 0.00 M M 10.3 20 280 M M 3 24 290
14 82 54 68 0 0 3 0.00 M M 9.8 20 290 M M 3 24 290
15 82 55 69 1 0 4 0.00 M M 7.6 18 290 M M 3 22 270
16 82 55 69 1 0 4 0.00 M M 8.4 20 280 M M 2 23 280
17 84 56 70 2 0 5 0.00 M M 8.2 22 280 M M 2 26 310
18 77 55 66 -3 0 1 0.00 M M 11.5 21 270 M M 0 27 270
19 71 52 62 -7 3 0 0.00 M M 12.8 22 240 M M 1 27 240
20 77 46 62 -7 3 0 0.00 M M 5.7 20 280 M M 0 22 280
21 80 47 64 -5 1 0 0.00 M M 6.9 18 290 M M 0 8 23 290
22 72 51 62 -8 3 0 0.00 M M 11.3 22 290 M M 4 26 280
23 73 56 65 -5 0 0 0.00 M M 11.3 20 280 M M 5 23 280
24 73 53 63 -7 2 0 0.00 M M 11.3 21 280 M M 5 25 270
25 71 54 63 -7 2 0 0.00 M M 11.8 20 280 M M 6 23 280
26 74 54 64 -6 1 0 0.00 M M 10.4 22 290 M M 4 26 290
27 75 53 64 -6 1 0 0.00 M M 9.8 18 300 M M 4 23 300
28 75 53 64 -7 1 0 0.00 M M 10.2 17 300 M M 4 23 310
29 94 53 74 3 0 9 0.00 M M 5.9 17 280 M M 2 21 280
30 102 59 81 10 0 16 0.00 M M 4.5 16 270 M M 0 19 270
================================================================================
SM 2351 1598 24 54 0.01 M 278.2 M 75
================================================================================
AV 78.4 53.3 9.3 FASTST M M 3 MAX(MPH)
MISC ----> # 22 290 # 27 280
================================================================================
NOTES:
# LAST OF SEVERAL OCCURRENCES
COLUMN 17 PEAK WIND IN M.P.H.
PRELIMINARY LOCAL CLIMATOLOGICAL DATA (WS FORM: F-6) , PAGE 2
STATION: LIVERMORE AIRPORT
MONTH: JUNE
YEAR: 2023
LATITUDE: 37 42 N
LONGITUDE: 121 49 W
[TEMPERATURE DATA] [PRECIPITATION DATA] SYMBOLS USED IN COLUMN 16
AVERAGE MONTHLY: 65.8 TOTAL FOR MONTH: 0.01 1 = FOG OR MIST
DPTR FM NORMAL: -2.2 DPTR FM NORMAL: -0.13 2 = FOG REDUCING VISIBILITY
HIGHEST: 102 ON 30 GRTST 24HR 0.01 ON 6- 6 TO 1/4 MILE OR LESS
LOWEST: 46 ON 20 3 = THUNDER
SNOW, ICE PELLETS, HAIL 4 = ICE PELLETS
TOTAL MONTH: M 5 = HAIL
GRTST 24HR M ON M 6 = FREEZING RAIN OR DRIZZLE
GRTST DEPTH: M ON M 7 = DUSTSTORM OR SANDSTORM:
VSBY 1/2 MILE OR LESS
8 = SMOKE OR HAZE
[NO. OF DAYS WITH] [WEATHER - DAYS WITH] 9 = BLOWING SNOW
X = TORNADO
MAX 32 OR BELOW: 0 0.01 INCH OR MORE: 1
MAX 90 OR ABOVE: 3 0.10 INCH OR MORE: 0
MIN 32 OR BELOW: 0 0.50 INCH OR MORE: 0
MIN 0 OR BELOW: 0 1.00 INCH OR MORE: 0
[HDD (BASE 65) ]
TOTAL THIS MO. 24 CLEAR (SCALE 0-3) 18
DPTR FM NORMAL -9 PTCLDY (SCALE 4-7) 12
TOTAL FM JUL 1 2919 CLOUDY (SCALE 8-10) 0
DPTR FM NORMAL 213
[CDD (BASE 65) ]
TOTAL THIS MO. 54
DPTR FM NORMAL -71 [PRESSURE DATA]
TOTAL FM JAN 1 101 HIGHEST SLP M ON M
DPTR FM NORMAL -76 LOWEST SLP 29.73 ON 4
[REMARKS]
#FINAL-06-23#