000
CXUS56 KOTX 010910
CF6LWS
PRELIMINARY LOCAL CLIMATOLOGICAL DATA (WS FORM: F-6)
STATION: LEWISTON ID AIRPORT
MONTH: MARCH
YEAR: 2023
LATITUDE: 46 22 N
LONGITUDE: 117 1 W
TEMPERATURE IN F: :PCPN: SNOW: WIND :SUNSHINE: SKY :PK WND
================================================================================
1 2 3 4 5 6A 6B 7 8 9 10 11 12 13 14 15 16 17 18
12Z AVG MX 2MIN
DY MAX MIN AVG DEP HDD CDD WTR SNW DPTH SPD SPD DIR MIN PSBL S-S WX SPD DR
================================================================================
1 45 26 36 -6 29 0 0.00 0.0 0 3.5 16 310 M M 5 128 22 330
2 46 31 39 -3 26 0 0.01 T 0 4.8 23 310 M M 9 32 310
3 48 32 40 -2 25 0 0.00 0.0 0 6.1 18 200 M M 8 24 190
4 51 30 41 -2 24 0 0.00 0.0 0 6.3 16 50 M M 4 21 30
5 48 33 41 -2 24 0 0.08 1.2 1 6.6 16 70 M M 7 1 21 70
6 47 32 40 -3 25 0 0.03 T T 3.5 14 330 M M 9 1 17 320
7 50 29 40 -4 25 0 T 0.0 0 8.3 21 140 M M 2 24 90
8 50 28 39 -5 26 0 0.15 0.0 0 5.4 16 230 M M 5 1 18 230
9 51 32 42 -2 23 0 0.00 0.0 0 6.8 18 170 M M 6 1 23 180
10 48 36 42 -2 23 0 0.08 T 0 8.5 36 270 M M 8 1 44 280
11 50 35 43 -1 22 0 T T 0 6.2 15 70 M M 8 19 80
12 59 32 46 1 19 0 0.01 0.0 0 8.3 20 190 M M 5 25 190
13 55 40 48 3 17 0 0.14 0.0 0 8.2 23 290 M M 9 38 290
14 49 33 41 -4 24 0 0.11 0.0 0 7.3 15 50 M M 5 1 19 270
15 53 35 44 -1 21 0 0.00 0.0 0 7.0 18 290 M M 6 26 300
16 54 30 42 -4 23 0 0.00 0.0 0 5.8 15 80 M M 0 21 50
17 58 30 44 -2 21 0 0.00 0.0 0 5.1 12 80 M M 0 14 80
18 62 34 48 2 17 0 0.00 0.0 0 8.0 18 130 M M 0 23 150
19 64 35 50 4 15 0 0.00 0.0 0 7.0 16 80 M M 1 20 80
20 52 43 48 2 17 0 0.05 0.0 0 4.4 14 290 M M 10 18 270
21 57 38 48 1 17 0 0.03 0.0 0 4.0 10 200 M M 5 12 270
22 59 32 46 -1 19 0 0.00 0.0 0 3.8 12 250 M M 1 16 290
23 53 35 44 -3 21 0 0.06 M 0 5.6 23 300 M M 7 1 31 310
24 48 34 41 -6 24 0 0.05 T 0 5.5 16 120 M M 7 4 20 110
25 47 32 40 -7 25 0 T 0.0 0 3.7 20 230 M M 7 23 240
26 48 31 40 -8 25 0 T 0.0 0 3.9 17 290 M M 8 1 23 310
27 54 32 43 -5 22 0 0.00 0.0 0 4.6 15 80 M M 4 19 70
28 54 39 47 -1 18 0 0.00 0.0 0 11.7 18 90 M M 6 24 110
29 46 41 44 -4 21 0 0.05 0.0 0 3.0 10 290 M M 10 14 270
30 56 41 49 1 16 0 0.04 0.0 0 4.3 17 280 M M 10 24 280
31 53 40 47 -1 18 0 0.08 0.0 0 6.6 21 230 M M 10 29 210
================================================================================
SM 1615 1051 672 0 0.97 1.2 183.8 M 182
================================================================================
AV 52.1 33.9 5.9 FASTST M M 6 MAX(MPH)
MISC ----> 36 270 44 280
================================================================================
NOTES:
# LAST OF SEVERAL OCCURRENCES
COLUMN 17 PEAK WIND IN M.P.H.
PRELIMINARY LOCAL CLIMATOLOGICAL DATA (WS FORM: F-6) , PAGE 2
STATION: LEWISTON ID AIRPORT
MONTH: MARCH
YEAR: 2023
LATITUDE: 46 22 N
LONGITUDE: 117 1 W
[TEMPERATURE DATA] [PRECIPITATION DATA] SYMBOLS USED IN COLUMN 16
AVERAGE MONTHLY: 43.0 TOTAL FOR MONTH: 0.97 1 = FOG OR MIST
DPTR FM NORMAL: -2.4 DPTR FM NORMAL: -0.33 2 = FOG REDUCING VISIBILITY
HIGHEST: 64 ON 19 GRTST 24HR 0.15 ON 8- 8 TO 1/4 MILE OR LESS
LOWEST: 26 ON 1 3 = THUNDER
SNOW, ICE PELLETS, HAIL 4 = ICE PELLETS
TOTAL MONTH: 1.2 INCHES 5 = HAIL
GRTST 24HR 1.2 ON 5- 5 6 = FREEZING RAIN OR DRIZZLE
GRTST DEPTH: 1 ON 5 7 = DUSTSTORM OR SANDSTORM:
VSBY 1/2 MILE OR LESS
8 = SMOKE OR HAZE
[NO. OF DAYS WITH] [WEATHER - DAYS WITH] 9 = BLOWING SNOW
X = TORNADO
MAX 32 OR BELOW: 0 0.01 INCH OR MORE: 15
MAX 90 OR ABOVE: 0 0.10 INCH OR MORE: 3
MIN 32 OR BELOW: 15 0.50 INCH OR MORE: 0
MIN 0 OR BELOW: 0 1.00 INCH OR MORE: 0
[HDD (BASE 65) ]
TOTAL THIS MO. 672 CLEAR (SCALE 0-3) 6
DPTR FM NORMAL 64 PTCLDY (SCALE 4-7) 18
TOTAL FM JUL 1 4402 CLOUDY (SCALE 8-10) 7
DPTR FM NORMAL 77
[CDD (BASE 65) ]
TOTAL THIS MO. 0
DPTR FM NORMAL 0 [PRESSURE DATA]
TOTAL FM JAN 1 0 HIGHEST SLP M ON M
DPTR FM NORMAL 0 LOWEST SLP 29.28 ON 10
[REMARKS]
#FINAL-03-23#