000
CXUS56 KTFX 011110
CF6LWT
PRELIMINARY LOCAL CLIMATOLOGICAL DATA (WS FORM: F-6)
STATION: LEWISTOWN MT
MONTH: JULY
YEAR: 2022
LATITUDE: 47 2 N
LONGITUDE: 109 28 W
TEMPERATURE IN F: :PCPN: SNOW: WIND :SUNSHINE: SKY :PK WND
================================================================================
1 2 3 4 5 6A 6B 7 8 9 10 11 12 13 14 15 16 17 18
12Z AVG MX 2MIN
DY MAX MIN AVG DEP HDD CDD WTR SNW DPTH SPD SPD DIR MIN PSBL S-S WX SPD DR
================================================================================
1 81 44 63 1 2 0 0.03 M M 6.3 28 310 M M 1 3 46 320
2 82 49 66 4 0 1 0.02 M M 6.0 25 250 M M 2 34 260
3 74 50 62 -1 3 0 0.15 M M 6.6 32 270 M M 4 13 49 280
4 77 55 66 3 0 1 0.67 M M 6.1 23 250 M M 6 13 33 230
5 75 53 64 1 1 0 0.52 M M 5.3 23 290 M M 5 123 33 290
6 84 56 70 6 0 5 0.76 M M 10.4 35 130 M M 5 13 50 130
7 82 55 69 5 0 4 0.23 M M 9.2 26 90 M M 2 3 34 90
8 87 56 72 8 0 7 0.09 M M 6.4 28 220 M M 1 13 40 220
9 86 53 70 5 0 5 0.05 M M 6.9 36 290 M M 2 3 53 280
10 76 51 64 -1 1 0 T M M 7.3 17 310 M M 2 29 310
11 77 47 62 -3 3 0 0.00 M M 4.5 12 270 M M 0 16 270
12 88 50 69 3 0 4 0.00 M M 7.2 15 100 M M 0 21 100
13 92 57 75 9 0 10 0.03 M M 6.5 25 190 M M 1 3 39 320
14 88 55 72 6 0 7 0.00 M M 5.4 15 120 M M 0 20 130
15 90 59 75 9 0 10 T M M 6.5 35 250 M M 1 3 44 240
16 91 55 73 6 0 8 0.00 M M 5.9 17 270 M M 0 24 290
17 101 56 79 12 0 14 0.00 M M 8.7 30 220 M M 1 40 220
18 88 55 72 5 0 7 T M M 10.6 30 320 M M 1 3 49 300
19 84 58 71 4 0 6 0.00 M M 11.8 30 260 M M 2 42 260
20 84 51 68 0 0 3 0.00 M M 6.8 17 300 M M 0 26 280
21 87 50 69 1 0 4 0.00 M M 7.2 18 290 M M 0 28 310
22 89 52 71 3 0 6 0.02 M M 7.6 21 340 M M 1 3 32 330
23 82 50 66 -2 0 1 0.00 M M 5.3 13 100 M M 1 18 10
24 85 53 69 1 0 4 0.03 M M 12.2 39 230 M M 1 3 53 230
25 83 49 66 -2 0 1 0.01 M M 7.1 17 350 M M 3 26 350
26 81 55 68 0 0 3 0.00 M M 6.2 13 210 M M 4 17 280
27 82 56 69 1 0 4 0.01 M M 5.3 12 360 M M 4 17 30
28 87 50 69 1 0 4 0.00 M M 4.7 10 360 M M 0 18 350
29 92 55 74 6 0 9 T M M 7.2 38 210 M M 2 55 230
30 90 56 73 5 0 8 T M M 7.9 20 300 M M 0 31 300
31 94 57 76 8 0 11 0.00 M M 7.4 22 290 M M 0 31 290
================================================================================
SM 2639 1648 10 147 2.62 M 222.5 M 52
================================================================================
AV 85.1 53.2 7.2 FASTST M M 2 MAX(MPH)
MISC ----> 39 230 55 230
================================================================================
NOTES:
# LAST OF SEVERAL OCCURRENCES
COLUMN 17 PEAK WIND IN M.P.H.
PRELIMINARY LOCAL CLIMATOLOGICAL DATA (WS FORM: F-6) , PAGE 2
STATION: LEWISTOWN MT
MONTH: JULY
YEAR: 2022
LATITUDE: 47 2 N
LONGITUDE: 109 28 W
[TEMPERATURE DATA] [PRECIPITATION DATA] SYMBOLS USED IN COLUMN 16
AVERAGE MONTHLY: 69.1 TOTAL FOR MONTH: 2.62 1 = FOG OR MIST
DPTR FM NORMAL: 3.0 DPTR FM NORMAL: 0.86 2 = FOG REDUCING VISIBILITY
HIGHEST: 101 ON 17 GRTST 24HR 1.02 ON 4- 5 TO 1/4 MILE OR LESS
LOWEST: 44 ON 1 3 = THUNDER
SNOW, ICE PELLETS, HAIL 4 = ICE PELLETS
TOTAL MONTH: M 5 = HAIL
GRTST 24HR M ON M 6 = FREEZING RAIN OR DRIZZLE
GRTST DEPTH: M ON M 7 = DUSTSTORM OR SANDSTORM:
VSBY 1/2 MILE OR LESS
8 = SMOKE OR HAZE
[NO. OF DAYS WITH] [WEATHER - DAYS WITH] 9 = BLOWING SNOW
X = TORNADO
MAX 32 OR BELOW: 0 0.01 INCH OR MORE: 14
MAX 90 OR ABOVE: 7 0.10 INCH OR MORE: 5
MIN 32 OR BELOW: 0 0.50 INCH OR MORE: 3
MIN 0 OR BELOW: 0 1.00 INCH OR MORE: 0
[HDD (BASE 65) ]
TOTAL THIS MO. 10 CLEAR (SCALE 0-3) 25
DPTR FM NORMAL -55 PTCLDY (SCALE 4-7) 6
TOTAL FM JUL 1 10 CLOUDY (SCALE 8-10) 0
DPTR FM NORMAL -55
[CDD (BASE 65) ]
TOTAL THIS MO. 147
DPTR FM NORMAL 46 [PRESSURE DATA]
TOTAL FM JAN 1 165 HIGHEST SLP 30.21 ON 11
DPTR FM NORMAL 46 LOWEST SLP 29.58 ON 18
[REMARKS]
#FINAL-07-22#