000
CXUS53 KGID 011220
CF6LXN
PRELIMINARY LOCAL CLIMATOLOGICAL DATA (WS FORM: F-6)
STATION: LEXINGTON NE
MONTH: MAY
YEAR: 2023
LATITUDE: 40 47 N
LONGITUDE: 99 46 W
TEMPERATURE IN F: :PCPN: SNOW: WIND :SUNSHINE: SKY :PK WND
================================================================================
1 2 3 4 5 6A 6B 7 8 9 10 11 12 13 14 15 16 17 18
12Z AVG MX 2MIN
DY MAX MIN AVG DEP HDD CDD WTR SNW DPTH SPD SPD DIR MIN PSBL S-S WX SPD DR
================================================================================
1 67 27 47 M 18 0 0.00 M M 7.7 16 330 M M 0 23 330
2 68 28 48 M 17 0 0.00 M M 5.3 9 30 M M 0 M M
3 78 31 55 M 10 0 0.00 M M 9.9 18 160 M M 0 25 180
4 83 49 66 M 0 1 0.00 M M 10.4 16 150 M M 0 24 160
5 79 50 65 M 0 0 0.77 M M 9.4 21 360 M M 3 138 38 150
6 76 52 64 M 1 0 0.11 M M 5.9 12 50 M M 3 27 140
7 76 52 64 M 1 0 T M M 14.3 38 310 M M 2 46 310
8 79 47 63 M 2 0 0.00 M M 4.8 12 290 M M 0 17 250
9 71 55 63 M 2 0 0.30 M M 11.1 21 90 M M 4 31 80
10 76 54 65 M 0 0 0.07 M M 10.2 24 250 M M 8 13 35 250
11 78 55 67 M 0 2 0.99 M M 13.9 25 110 M M 7 33 110
12 69 55 62 M 3 0 0.24 M M 14.5 24 140 M M 8 1 30 140
13 72 57 65 M 0 0 T M M 13.4 20 300 M M 8 23 300
14 61 53 57 M 8 0 T M M 11.4 16 10 M M 10 1 22 10
15 57 51 54 M 11 0 0.03 M M 9.8 13 360 M M 10 1 17 20
16 73 49 61 M 4 0 0.00 M M 4.5 8 300 M M 2 1 M M
17 78 44 61 M 4 0 0.06 M M 5.3 18 270 M M 1 23 270
18 73 51 62 M 3 0 0.00 M M 6.4 10 10 M M 3 18 M M
19 66 47 57 M 8 0 0.00 M M 12.4 20 350 M M 2 8 27 40
20 74 40 57 M 8 0 0.00 M M 4.1 8 170 M M 0 1 16 240
21 79 48 64 M 1 0 0.00 M M 7.6 14 170 M M 1 20 180
22 79 52 66 M 0 1 0.00 M M 7.8 15 170 M M 2 20 150
23 78 54 66 M 0 1 0.00 M M 8.7 15 160 M M 2 1 20 160
24 78 52 65 M 0 0 0.00 M M 8.0 14 140 M M 4 1 21 130
25 76 54 65 M 0 0 0.22 M M 9.7 21 150 M M 5 1 27 150
26 75 59 67 M 0 2 0.02 M M 8.7 13 140 M M 6 1 22 140
27 79 56 68 M 0 3 0.00 M M 15.4 22 160 M M 3 31 160
28 76 60 68 M 0 3 0.22 M M 10.5 16 160 M M 2 23 110
29 86 58 72 M 0 7 0.04 M M 10.7 29 300 M M 1 33 300
30 85 58 72 M 0 7 0.01 M M 6.8 15 140 M M 0 33 190
31 84 59 72 M 0 7 0.00 M M 6.5 16 330 M M 0 27 330
================================================================================
SM 2329 1557 101 34 3.08 M 285.1 M 97
================================================================================
AV 75.1 50.2 9.2 FASTST M M 3 MAX(MPH)
MISC ----> 38 310 M M
================================================================================
NOTES:
# LAST OF SEVERAL OCCURRENCES
COLUMN 17 PEAK WIND IN M.P.H.
PRELIMINARY LOCAL CLIMATOLOGICAL DATA (WS FORM: F-6) , PAGE 2
STATION: LEXINGTON NE
MONTH: MAY
YEAR: 2023
LATITUDE: 40 47 N
LONGITUDE: 99 46 W
[TEMPERATURE DATA] [PRECIPITATION DATA] SYMBOLS USED IN COLUMN 16
AVERAGE MONTHLY: 62.7 TOTAL FOR MONTH: 3.08 1 = FOG OR MIST
DPTR FM NORMAL: M DPTR FM NORMAL: M 2 = FOG REDUCING VISIBILITY
HIGHEST: 86 ON 29 GRTST 24HR 0.99 ON 11-11 TO 1/4 MILE OR LESS
LOWEST: 27 ON 1 3 = THUNDER
SNOW, ICE PELLETS, HAIL 4 = ICE PELLETS
TOTAL MONTH: M 5 = HAIL
GRTST 24HR M ON M 6 = FREEZING RAIN OR DRIZZLE
GRTST DEPTH: M ON M 7 = DUSTSTORM OR SANDSTORM:
VSBY 1/2 MILE OR LESS
8 = SMOKE OR HAZE
[NO. OF DAYS WITH] [WEATHER - DAYS WITH] 9 = BLOWING SNOW
X = TORNADO
MAX 32 OR BELOW: 0 0.01 INCH OR MORE: 13
MAX 90 OR ABOVE: 0 0.10 INCH OR MORE: 7
MIN 32 OR BELOW: 3 0.50 INCH OR MORE: 2
MIN 0 OR BELOW: 0 1.00 INCH OR MORE: 0
[HDD (BASE 65) ]
TOTAL THIS MO. 101 CLEAR (SCALE 0-3) 20
DPTR FM NORMAL M PTCLDY (SCALE 4-7) 8
TOTAL FM JUL 1 6264 CLOUDY (SCALE 8-10) 3
DPTR FM NORMAL M
[CDD (BASE 65) ]
TOTAL THIS MO. 34
DPTR FM NORMAL M [PRESSURE DATA]
TOTAL FM JAN 1 54 HIGHEST SLP M ON M
DPTR FM NORMAL M LOWEST SLP M ON M
[REMARKS]
#FINAL-05-23#