000
CXUS54 KMAF 132029
CF6MAF
PRELIMINARY LOCAL CLIMATOLOGICAL DATA (WS FORM: F-6)
STATION: MIDLAND INTERNATIONAL AIRPORT
MONTH: MARCH
YEAR: 2022
LATITUDE: 31 57 N
LONGITUDE: 102 11 W
TEMPERATURE IN F: :PCPN: SNOW: WIND :SUNSHINE: SKY :PK WND
================================================================================
1 2 3 4 5 6A 6B 7 8 9 10 11 12 13 14 15 16 17 18
12Z AVG MX 2MIN
DY MAX MIN AVG DEP HDD CDD WTR SNW DPTH SPD SPD DIR MIN PSBL S-S WX SPD DR
================================================================================
1 65 38 52 -2 13 0 0.00 0.0 0 4.4 9 120 M M 0 8 11 120
2 73 32 53 -1 12 0 0.00 0.0 0 4.6 13 130 M M 0 8 18 130
3 74 36 55 1 10 0 0.00 0.0 0 6.9 18 170 M M 0 8 22 170
4 81 47 64 10 1 0 0.00 0.0 0 13.7 28 170 M M 0 18 34 170
5 77 44 61 6 4 0 0.00 0.0 0 12.2 32 270 M M 0 18 40 270
6 83 35 59 4 6 0 0.00 0.0 0 12.9 33 270 M M 1 78 43 270
7 45 26 36 -19 29 0 0.00 0.0 0 12.3 21 50 M M 0 26 50
8 56 30 43 -13 22 0 0.00 0.0 0 7.3 14 80 M M 0 19 90
9 64 30 47 -9 18 0 0.00 0.0 0 13.0 24 170 M M 0 35 190
10 61 30 46 -10 19 0 0.00 0.0 0 11.8 30 50 M M 0 8 34 40
11 42 24 33 -24 32 0 0.00 0.0 0 16.0 28 30 M M 5 8 34 50
12 59 20 40 -17 25 0 0.00 0.0 0 10.7 22 190 M M 0 30 190
13 69 29 49 -8 16 0 0.00 0.0 0 13.5 26 170 M M 0 31 170
14 69 42 56 -2 9 0 0.00 0.0 0 15.2 30 340 M M 0 78 44 300
15 74 33 54 -4 11 0 0.00 0.0 0 6.4 13 270 M M 0 8 17 260
16 83 43 63 5 2 0 0.00 0.0 0 10.9 22 170 M M 0 28 210
17 74 40 57 -1 8 0 0.00 0.0 0 22.4 36 350 M M 3 78 47 260
18 63 31 47 -12 18 0 0.00 0.0 0 7.7 22 350 M M 0 26 350
19 74 32 53 -6 12 0 0.00 0.0 0 7.8 20 170 M M 0 8 27 180
20 77 43 60 1 5 0 0.00 0.0 0 21.6 36 170 M M 0 8 43 160
21 69 41 55 -5 10 0 0.00 0.0 0 22.3 36 260 M M 2 8 46 260
22 56 39 48 -12 17 0 0.00 0.0 0 18.9 32 20 M M 3 78 43 350
23 63 35 49 -11 16 0 0.00 0.0 0 12.6 30 330 M M 1 8 37 320
24 77 29 53 -7 12 0 0.00 0.0 0 9.2 22 300 M M 0 27 300
25 83 36 60 -1 5 0 0.00 0.0 0 5.3 16 210 M M 0 8 23 190
26 88 37 63 2 2 0 0.00 0.0 0 6.3 16 230 M M 0 8 21 240
27 91 57 74 13 0 9 0.00 0.0 0 10.1 18 160 M M 0 22 190
28 91 54 73 11 0 8 0.00 0.0 0 12.3 23 190 M M 0 28 180
29 90 63 77 15 0 12 0.00 0.0 0 17.6 33 300 M M 0 78 42 240
30 67 47 57 -5 8 0 0.06 0.0 0 14.6 33 270 M M 3 17 40 270
31 68 37 53 -9 12 0 0.00 0.0 0 6.9 20 340 M M 0 25 340
================================================================================
SM 2206 1160 354 29 0.06 0.0 367.4 M 18
================================================================================
AV 71.2 37.4 11.9 FASTST M M 1 MAX(MPH)
MISC ----> # 36 170 47 260
================================================================================
NOTES:
# LAST OF SEVERAL OCCURRENCES
COLUMN 17 PEAK WIND IN M.P.H.
PRELIMINARY LOCAL CLIMATOLOGICAL DATA (WS FORM: F-6) , PAGE 2
STATION: MIDLAND INTERNATIONAL AIRPORT
MONTH: MARCH
YEAR: 2022
LATITUDE: 31 57 N
LONGITUDE: 102 11 W
[TEMPERATURE DATA] [PRECIPITATION DATA] SYMBOLS USED IN COLUMN 16
AVERAGE MONTHLY: 54.3 TOTAL FOR MONTH: 0.06 1 = FOG OR MIST
DPTR FM NORMAL: -3.7 DPTR FM NORMAL: -0.62 2 = FOG REDUCING VISIBILITY
HIGHEST: 91 ON 28,27 GRTST 24HR 0.06 ON 30-30 TO 1/4 MILE OR LESS
LOWEST: 20 ON 12 3 = THUNDER
SNOW, ICE PELLETS, HAIL 4 = ICE PELLETS
TOTAL MONTH: 0.0 INCH 5 = HAIL
GRTST 24HR 0.0 6 = FREEZING RAIN OR DRIZZLE
GRTST DEPTH: 0 7 = DUSTSTORM OR SANDSTORM:
VSBY 1/2 MILE OR LESS
8 = SMOKE OR HAZE
[NO. OF DAYS WITH] [WEATHER - DAYS WITH] 9 = BLOWING SNOW
X = TORNADO
MAX 32 OR BELOW: 0 0.01 INCH OR MORE: 1
MAX 90 OR ABOVE: 3 0.10 INCH OR MORE: 0
MIN 32 OR BELOW: 11 0.50 INCH OR MORE: 0
MIN 0 OR BELOW: 0 1.00 INCH OR MORE: 0
[HDD (BASE 65) ]
TOTAL THIS MO. 354 CLEAR (SCALE 0-3) 29
DPTR FM NORMAL 105 PTCLDY (SCALE 4-7) 2
TOTAL FM JUL 1 2279 CLOUDY (SCALE 8-10) 0
DPTR FM NORMAL 9
[CDD (BASE 65) ]
TOTAL THIS MO. 29
DPTR FM NORMAL -4 [PRESSURE DATA]
TOTAL FM JAN 1 29 HIGHEST SLP 30.46 ON 12
DPTR FM NORMAL -8 LOWEST SLP 29.29 ON 29
[REMARKS]
#FINAL-03-22#