000
CXUS54 KMAF 011210
CF6MAF
PRELIMINARY LOCAL CLIMATOLOGICAL DATA (WS FORM: F-6)
STATION: MIDLAND INTERNATIONAL AIRPORT
MONTH: DECEMBER
YEAR: 2021
LATITUDE: 31 57 N
LONGITUDE: 102 11 W
TEMPERATURE IN F: :PCPN: SNOW: WIND :SUNSHINE: SKY :PK WND
================================================================================
1 2 3 4 5 6A 6B 7 8 9 10 11 12 13 14 15 16 17 18
12Z AVG MX 2MIN
DY MAX MIN AVG DEP HDD CDD WTR SNW DPTH SPD SPD DIR MIN PSBL S-S WX SPD DR
================================================================================
1 79 37 58 9 7 0 0.00 0.0 0 5.0 12 240 M M 0 8 13 230
2 81 39 60 11 5 0 0.00 0.0 0 5.9 18 260 M M 0 8 23 250
3 81 47 64 15 1 0 0.00 0.0 0 8.3 18 210 M M 0 8 22 210
4 69 39 54 6 11 0 0.00 0.0 0 6.9 16 350 M M 0 19 330
5 77 43 60 12 5 0 0.00 0.0 0 8.9 17 230 M M 0 8 22 210
6 55 32 44 -4 21 0 0.00 0.0 0 12.7 33 20 M M 1 8 42 20
7 72 31 52 4 13 0 0.00 0.0 0 9.2 20 260 M M 0 24 260
8 74 35 55 7 10 0 0.00 0.0 0 7.7 18 200 M M 0 8 23 210
9 75 55 65 18 0 0 0.00 0.0 0 14.4 28 240 M M 0 34 240
10 74 47 61 14 4 0 T 0.0 0 16.8 37 270 M M 3 78 45 250
11 54 28 41 -6 24 0 0.00 0.0 0 8.6 30 350 M M 0 8 39 350
12 66 31 49 2 16 0 0.00 0.0 0 9.2 15 210 M M 0 19 200
13 74 38 56 10 9 0 0.00 0.0 0 7.9 15 240 M M 0 19 210
14 76 37 57 11 8 0 0.00 0.0 0 9.3 21 180 M M 0 26 170
15 75 58 67 21 0 2 0.00 0.0 0 15.2 28 180 M M 1 33 180
16 68 38 53 7 12 0 0.00 0.0 0 7.1 15 10 M M 0 128 18 10
17 72 46 59 13 6 0 0.00 0.0 0 8.9 21 200 M M 6 1 24 190
18 59 40 50 4 15 0 0.00 0.0 0 17.7 29 30 M M 7 78 39 30
19 47 32 40 -6 25 0 0.00 0.0 0 8.2 16 170 M M 7 19 170
20 66 27 47 1 18 0 0.00 0.0 0 6.0 16 280 M M 0 8 22 270
21 70 25 48 2 17 0 0.00 0.0 0 8.7 18 240 M M 0 22 240
22 76 39 58 13 7 0 0.00 0.0 0 8.3 18 270 M M 0 24 270
23 80 41 61 16 4 0 0.00 0.0 0 10.0 23 260 M M 0 29 260
24 84 52 68 23 0 3 0.00 0.0 0 14.4 32 230 M M 0 78 42 240
25 78 46 62 17 3 0 0.00 0.0 0 7.7 25 250 M M 0 31 250
26 84 50 67 22 0 2 0.00 0.0 0 13.2 37 240 M M 0 78 44 250
27 79 49 64 19 1 0 0.00 0.0 0 7.0 23 220 M M 0 30 260
28 71 51 61 16 4 0 0.00 0.0 0 12.9 31 270 M M 1 8 37 250
29 69 43 56 11 9 0 0.00 0.0 0 10.8 32 260 M M 0 37 260
30 69 35 52 7 13 0 0.00 0.0 0 7.3 16 230 M M 1 21 260
31 67 45 56 11 9 0 0.04 0.0 0 6.7 24 320 M M 5 18 28 320
================================================================================
SM 2221 1256 277 7 0.04 0.0 300.9 M 32
================================================================================
AV 71.6 40.5 9.7 FASTST M M 1 MAX(MPH)
MISC ----> # 37 270 45 250
================================================================================
NOTES:
# LAST OF SEVERAL OCCURRENCES
COLUMN 17 PEAK WIND IN M.P.H.
PRELIMINARY LOCAL CLIMATOLOGICAL DATA (WS FORM: F-6) , PAGE 2
STATION: MIDLAND INTERNATIONAL AIRPORT
MONTH: DECEMBER
YEAR: 2021
LATITUDE: 31 57 N
LONGITUDE: 102 11 W
[TEMPERATURE DATA] [PRECIPITATION DATA] SYMBOLS USED IN COLUMN 16
AVERAGE MONTHLY: 56.1 TOTAL FOR MONTH: 0.04 1 = FOG OR MIST
DPTR FM NORMAL: 9.7 DPTR FM NORMAL: -0.55 2 = FOG REDUCING VISIBILITY
HIGHEST: 84 ON 26,24 GRTST 24HR 0.04 ON 31-31 TO 1/4 MILE OR LESS
LOWEST: 25 ON 21 3 = THUNDER
SNOW, ICE PELLETS, HAIL 4 = ICE PELLETS
TOTAL MONTH: 0.0 INCH 5 = HAIL
GRTST 24HR 0.0 6 = FREEZING RAIN OR DRIZZLE
GRTST DEPTH: 0 7 = DUSTSTORM OR SANDSTORM:
VSBY 1/2 MILE OR LESS
8 = SMOKE OR HAZE
[NO. OF DAYS WITH] [WEATHER - DAYS WITH] 9 = BLOWING SNOW
X = TORNADO
MAX 32 OR BELOW: 0 0.01 INCH OR MORE: 1
MAX 90 OR ABOVE: 0 0.10 INCH OR MORE: 0
MIN 32 OR BELOW: 7 0.50 INCH OR MORE: 0
MIN 0 OR BELOW: 0 1.00 INCH OR MORE: 0
[HDD (BASE 65) ]
TOTAL THIS MO. 277 CLEAR (SCALE 0-3) 27
DPTR FM NORMAL -300 PTCLDY (SCALE 4-7) 4
TOTAL FM JUL 1 613 CLOUDY (SCALE 8-10) 0
DPTR FM NORMAL -388
[CDD (BASE 65) ]
TOTAL THIS MO. 7
DPTR FM NORMAL 7 [PRESSURE DATA]
TOTAL FM JAN 1 2264 HIGHEST SLP 30.33 ON 18
DPTR FM NORMAL -408 LOWEST SLP 29.57 ON 28
[REMARKS]
#FINAL-12-21#