000
CXUS54 KMAF 011110
CF6MAF
PRELIMINARY LOCAL CLIMATOLOGICAL DATA (WS FORM: F-6)
STATION: MIDLAND INTERNATIONAL AIRPORT
MONTH: APRIL
YEAR: 2021
LATITUDE: 31 57 N
LONGITUDE: 102 11 W
TEMPERATURE IN F: :PCPN: SNOW: WIND :SUNSHINE: SKY :PK WND
================================================================================
1 2 3 4 5 6A 6B 7 8 9 10 11 12 13 14 15 16 17 18
12Z AVG MX 2MIN
DY MAX MIN AVG DEP HDD CDD WTR SNW DPTH SPD SPD DIR MIN PSBL S-S WX SPD DR
================================================================================
1 68 39 54 -6 11 0 0.00 0.0 0 11.8 23 160 M M 0 29 160
2 73 47 60 0 5 0 0.00 0.0 0 16.7 28 160 M M 0 38 150
3 73 52 63 3 2 0 T 0.0 0 13.9 26 150 M M 3 3 30 150
4 70 56 63 2 2 0 0.00 0.0 0 13.1 24 160 M M 9 1 28 160
5 83 52 68 7 0 3 0.00 0.0 M 16.4 25 160 M M 3 1 31 170
6 92 60 76 15 0 11 0.00 0.0 0 19.0 33 240 M M 0 41 240
7 83 50 67 5 0 2 0.00 0.0 0 10.1 24 270 M M 0 8 34 280
8 89 42 66 4 0 1 0.00 0.0 0 7.9 22 240 M M 0 8 26 240
9 91 59 75 13 0 10 0.00 0.0 0 18.0 31 30 M M 0 8 37 280
10 74 44 59 -3 6 0 0.00 0.0 0 9.5 25 40 M M 0 32 40
11 91 54 73 10 0 8 0.00 0.0 0 11.4 29 260 M M 0 34 280
12 75 55 65 2 0 0 0.00 0.0 0 13.9 24 40 M M 0 8 29 40
13 58 50 54 -9 11 0 0.00 0.0 M 14.6 25 40 M M 8 31 30
14 56 48 52 -12 13 0 0.03 0.0 0 12.7 18 60 M M 10 18 23 60
15 54 48 51 -13 14 0 0.00 0.0 0 9.4 17 60 M M 10 1 20 50
16 60 46 53 -11 12 0 0.00 0.0 0 13.7 28 40 M M 7 1 32 40
17 48 40 44 -21 21 0 0.03 0.0 0 11.0 25 40 M M 8 4 30 30
18 63 43 53 -12 12 0 0.00 0.0 0 4.4 13 30 M M 6 17 50
19 71 38 55 -10 10 0 0.00 0.0 0 8.6 18 180 M M 2 8 24 180
20 55 42 49 -17 16 0 0.00 0.0 M 16.3 32 30 M M 0 39 10
21 56 35 46 -20 19 0 0.00 0.0 M 14.6 24 100 M M 3 31 90
22 67 40 54 -12 11 0 0.00 0.0 0 14.8 28 160 M M 3 34 150
23 84 58 71 4 0 6 0.00 0.0 0 18.6 37 270 M M 4 78 47 270
24 80 47 64 -3 1 0 0.00 0.0 0 10.5 20 140 M M 0 25 10
25 92 54 73 6 0 8 0.00 0.0 0 17.8 29 160 M M 0 34 180
26 93 66 80 12 0 15 0.00 0.0 0 15.7 25 160 M M 0 34 180
27 92 65 79 11 0 14 0.55 0.0 0 14.2 32 210 M M 2 38 57 160
28 76 55 66 -2 0 1 0.10 0.0 0 13.6 30 150 M M 8 138 39 140
29 56 52 54 -14 11 0 1.49 0.0 0 12.9 29 330 M M 10 1 39 330
30 70 52 61 -8 4 0 0.05 0.0 0 11.2 24 30 M M 6 13 30 20
================================================================================
SM 2193 1489 181 79 2.25 0.0 396.3 M 102
================================================================================
AV 73.1 49.6 13.2 FASTST M M 3 MAX(MPH)
MISC ----> 37 270 57 160
================================================================================
NOTES:
# LAST OF SEVERAL OCCURRENCES
COLUMN 17 PEAK WIND IN M.P.H.
PRELIMINARY LOCAL CLIMATOLOGICAL DATA (WS FORM: F-6) , PAGE 2
STATION: MIDLAND INTERNATIONAL AIRPORT
MONTH: APRIL
YEAR: 2021
LATITUDE: 31 57 N
LONGITUDE: 102 11 W
[TEMPERATURE DATA] [PRECIPITATION DATA] SYMBOLS USED IN COLUMN 16
AVERAGE MONTHLY: 61.4 TOTAL FOR MONTH: 2.25 1 = FOG OR MIST
DPTR FM NORMAL: -2.8 DPTR FM NORMAL: 1.60 2 = FOG REDUCING VISIBILITY
HIGHEST: 93 ON 26 GRTST 24HR 1.49 ON 29-29 TO 1/4 MILE OR LESS
LOWEST: 35 ON 21 3 = THUNDER
SNOW, ICE PELLETS, HAIL 4 = ICE PELLETS
TOTAL MONTH: 0.0 INCH 5 = HAIL
GRTST 24HR 0.0 6 = FREEZING RAIN OR DRIZZLE
GRTST DEPTH: 0 7 = DUSTSTORM OR SANDSTORM:
VSBY 1/2 MILE OR LESS
8 = SMOKE OR HAZE
[NO. OF DAYS WITH] [WEATHER - DAYS WITH] 9 = BLOWING SNOW
X = TORNADO
MAX 32 OR BELOW: 0 0.01 INCH OR MORE: 6
MAX 90 OR ABOVE: 6 0.10 INCH OR MORE: 3
MIN 32 OR BELOW: 0 0.50 INCH OR MORE: 2
MIN 0 OR BELOW: 0 1.00 INCH OR MORE: 1
[HDD (BASE 65) ]
TOTAL THIS MO. 181 CLEAR (SCALE 0-3) 17
DPTR FM NORMAL 69 PTCLDY (SCALE 4-7) 8
TOTAL FM JUL 1 2779 CLOUDY (SCALE 8-10) 5
DPTR FM NORMAL 123
[CDD (BASE 65) ]
TOTAL THIS MO. 79
DPTR FM NORMAL -11 [PRESSURE DATA]
TOTAL FM JAN 1 97 HIGHEST SLP 30.48 ON 1
DPTR FM NORMAL -11 LOWEST SLP 29.47 ON 27
[REMARKS]
#FINAL-04-21#