000
CXUS54 KMAF 011852
CF6MAF
PRELIMINARY LOCAL CLIMATOLOGICAL DATA (WS FORM: F-6)
STATION: MIDLAND INTERNATIONAL AIRPORT
MONTH: DECEMBER
YEAR: 2020
LATITUDE: 31 57 N
LONGITUDE: 102 11 W
TEMPERATURE IN F: :PCPN: SNOW: WIND :SUNSHINE: SKY :PK WND
================================================================================
1 2 3 4 5 6A 6B 7 8 9 10 11 12 13 14 15 16 17 18
12Z AVG MX 2MIN
DY MAX MIN AVG DEP HDD CDD WTR SNW DPTH SPD SPD DIR MIN PSBL S-S WX SPD DR
================================================================================
1 65 35 50 3 15 0 0.00 0.0 0 12.4 23 220 M M 0 28 230
2 46 29 38 -9 27 0 0.00 0.0 0 15.4 30 350 M M 3 36 360
3 46 25 36 -10 29 0 0.00 0.0 0 10.0 20 20 M M 3 24 360
4 56 21 39 -7 26 0 0.00 0.0 0 4.3 10 300 M M 0 13 330
5 45 32 39 -7 26 0 T 0.0 0 6.5 14 260 M M 9 17 260
6 64 29 47 1 18 0 0.00 0.0 0 7.6 13 310 M M 0 16 310
7 68 30 49 3 16 0 0.00 0.0 0 5.3 10 360 M M 0 15 310
8 72 31 52 7 13 0 0.00 0.0 0 5.8 12 270 M M 0 14 310
9 70 35 53 8 12 0 0.00 0.0 0 7.8 16 240 M M 0 20 230
10 79 39 59 14 6 0 0.24 0.0 0 8.4 23 180 M M 3 1 30 180
11 65 43 54 9 11 0 0.01 0.0 0 12.3 24 260 M M 2 18 30 270
12 59 33 46 1 19 0 0.00 0.0 M 9.6 18 150 M M 0 22 160
13 50 27 39 -5 26 0 0.00 0.0 M 16.2 37 360 M M 3 78 45 10
14 51 22 37 -7 28 0 0.00 0.0 0 10.8 26 160 M M 0 31 160
15 49 27 38 -6 27 0 0.00 0.0 0 15.8 31 310 M M 1 78 39 310
16 55 21 38 -6 27 0 0.00 0.0 0 5.2 16 240 M M 0 19 240
17 59 23 41 -3 24 0 0.00 0.0 0 7.8 21 180 M M 0 29 180
18 62 39 51 7 14 0 0.00 0.0 0 13.0 23 170 M M 0 29 180
19 58 32 45 1 20 0 0.00 0.0 0 9.8 20 340 M M 1 8 23 350
20 60 34 47 3 18 0 0.00 0.0 0 9.4 18 10 M M 0 8 22 290
21 66 28 47 3 18 0 0.00 0.0 0 5.1 12 200 M M 0 14 200
22 69 30 50 6 15 0 0.00 0.0 0 9.2 21 210 M M 0 26 200
23 59 31 45 1 20 0 0.00 0.0 0 14.9 33 20 M M 1 78 40 30
24 57 20 39 -4 26 0 0.00 0.0 0 10.5 22 300 M M 0 8 30 310
25 61 26 44 1 21 0 0.00 0.0 0 8.1 17 200 M M 0 22 220
26 66 34 50 7 15 0 0.00 0.0 0 10.0 21 240 M M 0 26 200
27 70 33 52 9 13 0 0.00 0.0 0 7.1 18 80 M M 0 23 80
28 61 39 50 7 15 0 0.00 0.0 0 13.0 22 130 M M 1 26 130
29 70 51 61 18 4 0 0.00 0.0 0 17.5 30 170 M M 6 37 180
30 56 30 43 0 22 0 0.13 1.3 0 19.9 37 30 M M 10 1 46 30
31 34 28 31 -12 34 0 0.13 3.5 T 11.2 20 20 M M 10 1 23 20
================================================================================
SM 1848 957 605 0 0.51 4.8 319.9 M 53
================================================================================
AV 59.6 30.9 10.3 FASTST M M 2 MAX(MPH)
MISC ----> # 37 360 46 30
================================================================================
NOTES:
# LAST OF SEVERAL OCCURRENCES
COLUMN 17 PEAK WIND IN M.P.H.
PRELIMINARY LOCAL CLIMATOLOGICAL DATA (WS FORM: F-6) , PAGE 2
STATION: MIDLAND INTERNATIONAL AIRPORT
MONTH: DECEMBER
YEAR: 2020
LATITUDE: 31 57 N
LONGITUDE: 102 11 W
[TEMPERATURE DATA] [PRECIPITATION DATA] SYMBOLS USED IN COLUMN 16
AVERAGE MONTHLY: 45.2 TOTAL FOR MONTH: 0.51 1 = FOG OR MIST
DPTR FM NORMAL: 0.8 DPTR FM NORMAL: -0.09 2 = FOG REDUCING VISIBILITY
HIGHEST: 79 ON 10 GRTST 24HR 0.25 ON 10-11 TO 1/4 MILE OR LESS
LOWEST: 20 ON 24 3 = THUNDER
SNOW, ICE PELLETS, HAIL 4 = ICE PELLETS
TOTAL MONTH: 4.8 INCHES 5 = HAIL
GRTST 24HR 3.5 ON 31-31 6 = FREEZING RAIN OR DRIZZLE
GRTST DEPTH: T 7 = DUSTSTORM OR SANDSTORM:
VSBY 1/2 MILE OR LESS
8 = SMOKE OR HAZE
[NO. OF DAYS WITH] [WEATHER - DAYS WITH] 9 = BLOWING SNOW
X = TORNADO
MAX 32 OR BELOW: 0 0.01 INCH OR MORE: 4
MAX 90 OR ABOVE: 0 0.10 INCH OR MORE: 3
MIN 32 OR BELOW: 20 0.50 INCH OR MORE: 0
MIN 0 OR BELOW: 0 1.00 INCH OR MORE: 0
[HDD (BASE 65) ]
TOTAL THIS MO. 605 CLEAR (SCALE 0-3) 26
DPTR FM NORMAL -32 PTCLDY (SCALE 4-7) 2
TOTAL FM JUL 1 1021 CLOUDY (SCALE 8-10) 3
DPTR FM NORMAL -97
[CDD (BASE 65) ]
TOTAL THIS MO. 0
DPTR FM NORMAL 0 [PRESSURE DATA]
TOTAL FM JAN 1 2907 HIGHEST SLP 30.46 ON 24
DPTR FM NORMAL 628 LOWEST SLP 29.65 ON 29
[REMARKS]
#FINAL-12-20#