000
CXUS54 KMAF 012326
CF6MAF
PRELIMINARY LOCAL CLIMATOLOGICAL DATA (WS FORM: F-6)
STATION: MIDLAND INTERNATIONAL AIRPORT
MONTH: OCTOBER
YEAR: 2023
LATITUDE: 31 57 N
LONGITUDE: 102 11 W
TEMPERATURE IN F: :PCPN: SNOW: WIND :SUNSHINE: SKY :PK WND
================================================================================
1 2 3 4 5 6A 6B 7 8 9 10 11 12 13 14 15 16 17 18
12Z AVG MX 2MIN
DY MAX MIN AVG DEP HDD CDD WTR SNW DPTH SPD SPD DIR MIN PSBL S-S WX SPD DR
================================================================================
1 88 69 79 7 0 14 0.00 0.0 0 17.3 24 140 M M 2 40 170
2 86 68 77 5 0 12 0.01 0.0 0 17.6 29 160 M M 4 38 150
3 89 67 78 7 0 13 0.06 0.0 0 13.5 48 170 M M 6 138 50 160
4 87 67 77 6 0 12 0.17 0.0 0 10.9 37 210 M M 5 13 50 210
5 78 63 71 0 0 6 0.00 0.0 0 11.5 21 30 M M 4 26 30
6 81 55 68 -2 0 3 0.00 0.0 0 7.2 26 40 M M 0 35 40
7 73 49 61 -9 4 0 0.00 0.0 0 10.0 28 70 M M 0 37 70
8 81 52 67 -3 0 2 0.00 0.0 0 9.2 16 180 M M 0 22 180
9 85 51 68 -1 0 3 0.00 0.0 0 5.8 15 160 M M 0 19 170
10 82 56 69 0 0 4 T 0.0 0 10.3 22 170 M M 1 28 180
11 91 61 76 7 0 11 0.00 0.0 0 15.4 26 170 M M 2 33 180
12 91 63 77 9 0 12 0.00 0.0 0 17.3 32 240 M M 0 78 42 240
13 75 57 66 -2 0 1 0.00 0.0 0 10.3 25 10 M M 0 33 20
14 68 50 59 -9 6 0 0.00 0.0 0 8.6 20 60 M M 0 25 70
15 69 48 59 -8 6 0 0.00 0.0 0 8.4 17 40 M M 0 21 40
16 75 44 60 -7 5 0 0.00 0.0 0 4.5 10 150 M M 0 13 160
17 82 51 67 1 0 2 0.00 0.0 0 12.2 20 180 M M 0 26 170
18 95 56 76 10 0 11 0.00 0.0 0 11.7 26 20 M M 0 33 20
19 84 50 67 1 0 2 0.00 0.0 0 5.2 10 90 M M 0 14 90
20 89 50 70 5 0 5 0.00 0.0 0 5.6 14 170 M M 0 22 170
21 89 58 74 9 0 9 0.00 0.0 0 11.2 24 180 M M 0 31 160
22 81 67 74 10 0 9 T 0.0 0 13.1 25 160 M M 3 30 160
23 71 64 68 4 0 3 2.46 0.0 0 15.3 32 160 M M 9 1 39 160
24 78 66 72 8 0 7 T 0.0 0 12.6 18 160 M M 6 24 160
25 77 60 69 6 0 4 0.69 0.0 0 8.0 33 290 M M 4 13 42 310
26 80 57 69 6 0 4 0.00 0.0 0 9.8 18 200 M M 0 29 220
27 73 55 64 2 1 0 0.00 0.0 0 10.3 20 350 M M 3 24 360
28 74 53 64 2 1 0 0.02 0.0 0 10.8 21 60 M M 9 1 26 60
29 54 35 45 -16 20 0 0.11 0.0 0 20.1 28 20 M M 10 13 35 30
30 44 31 38 -23 27 0 0.00 0.0 0 12.3 29 20 M M 5 36 10
31 55 31 43 -17 22 0 0.00 0.0 0 4.1 10 360 M M 0 14 80
================================================================================
SM 2425 1704 92 149 3.52 0.0 340.1 M 73
================================================================================
AV 78.2 55.0 11.0 FASTST M M 2 MAX(MPH)
MISC ----> 48 170 # 50 160
================================================================================
NOTES:
# LAST OF SEVERAL OCCURRENCES
COLUMN 17 PEAK WIND IN M.P.H.
PRELIMINARY LOCAL CLIMATOLOGICAL DATA (WS FORM: F-6) , PAGE 2
STATION: MIDLAND INTERNATIONAL AIRPORT
MONTH: OCTOBER
YEAR: 2023
LATITUDE: 31 57 N
LONGITUDE: 102 11 W
[TEMPERATURE DATA] [PRECIPITATION DATA] SYMBOLS USED IN COLUMN 16
AVERAGE MONTHLY: 66.6 TOTAL FOR MONTH: 3.52 1 = FOG OR MIST
DPTR FM NORMAL: 0.1 DPTR FM NORMAL: 2.31 2 = FOG REDUCING VISIBILITY
HIGHEST: 95 ON 18 GRTST 24HR 2.46 ON 23-23 TO 1/4 MILE OR LESS
LOWEST: 31 ON 31,30 3 = THUNDER
SNOW, ICE PELLETS, HAIL 4 = ICE PELLETS
TOTAL MONTH: 0.0 INCH 5 = HAIL
GRTST 24HR 0.0 6 = FREEZING RAIN OR DRIZZLE
GRTST DEPTH: 0 7 = DUSTSTORM OR SANDSTORM:
VSBY 1/2 MILE OR LESS
8 = SMOKE OR HAZE
[NO. OF DAYS WITH] [WEATHER - DAYS WITH] 9 = BLOWING SNOW
X = TORNADO
MAX 32 OR BELOW: 0 0.01 INCH OR MORE: 7
MAX 90 OR ABOVE: 3 0.10 INCH OR MORE: 4
MIN 32 OR BELOW: 2 0.50 INCH OR MORE: 2
MIN 0 OR BELOW: 0 1.00 INCH OR MORE: 1
[HDD (BASE 65) ]
TOTAL THIS MO. 92 CLEAR (SCALE 0-3) 21
DPTR FM NORMAL 9 PTCLDY (SCALE 4-7) 7
TOTAL FM JUL 1 92 CLOUDY (SCALE 8-10) 3
DPTR FM NORMAL -1
[CDD (BASE 65) ]
TOTAL THIS MO. 149
DPTR FM NORMAL 20 [PRESSURE DATA]
TOTAL FM JAN 1 3055 HIGHEST SLP 30.52 ON 30
DPTR FM NORMAL 396 LOWEST SLP 29.41 ON 11
[REMARKS]
#FINAL-10-23#