000
CXUS53 KDTX 010635
CF6MBS
PRELIMINARY LOCAL CLIMATOLOGICAL DATA (WS FORM: F-6)
STATION: TRI CITIES MI
MONTH: SEPTEMBER
YEAR: 2020
LATITUDE: 43 31 N
LONGITUDE: 84 5 W
TEMPERATURE IN F: :PCPN: SNOW: WIND :SUNSHINE: SKY :PK WND
================================================================================
1 2 3 4 5 6A 6B 7 8 9 10 11 12 13 14 15 16 17 18
12Z AVG MX 2MIN
DY MAX MIN AVG DEP HDD CDD WTR SNW DPTH SPD SPD DIR MIN PSBL S-S WX SPD DR
================================================================================
1 78 64 71 5 0 6 0.02 0.0 0 4.8 12 120 M M 8 8 16 170
2 82 59 71 5 0 6 0.07 0.0 0 11.7 29 280 M M 3 8 38 270
3 85 56 71 5 0 6 0.05 0.0 0 12.2 31 230 M M 1 47 250
4 74 50 62 -4 3 0 0.00 0.0 0 10.7 25 260 M M 1 32 290
5 73 50 62 -3 3 0 T 0.0 0 5.1 10 210 M M 5 14 220
6 73 47 60 -5 5 0 1.46 0.0 0 9.7 29 200 M M 3 3 46 210
7 76 59 68 4 0 3 0.54 0.0 0 10.8 30 220 M M 4 38 40 210
8 60 54 57 -7 8 0 0.42 0.0 0 11.7 20 60 M M 10 8 27 70
9 62 52 57 -7 8 0 0.18 0.0 0 9.7 17 360 M M 10 8 22 10
10 63 52 58 -6 7 0 0.02 0.0 0 10.1 16 30 M M 9 18 21 340
11 67 51 59 -4 6 0 0.00 0.0 0 8.1 17 40 M M 5 21 20
12 73 52 63 0 2 0 0.53 0.0 0 5.4 16 140 M M 6 20 140
13 71 58 65 3 0 0 T 0.0 0 11.1 22 290 M M 6 8 31 270
14 65 50 58 -4 7 0 0.00 0.0 0 6.3 12 50 M M 3 16 50
15 72 49 61 -1 4 0 0.00 0.0 0 10.4 21 210 M M 1 27 220
16 79 55 67 6 0 2 T 0.0 0 11.7 22 230 M M 3 31 240
17 65 49 57 -4 8 0 0.00 0.0 0 9.1 17 350 M M 4 23 340
18 58 40 49 -11 16 0 0.00 0.0 0 10.3 23 10 M M 1 30 20
19 62 36 49 -11 16 0 0.00 0.0 0 3.2 10 180 M M 0 14 160
20 68 39 54 -6 11 0 0.00 0.0 0 6.1 13 150 M M 0 18 150
21 72 44 58 -1 7 0 0.00 0.0 0 6.1 13 190 M M 0 17 190
22 76 49 63 4 2 0 0.00 0.0 0 8.0 17 220 M M 0 22 210
23 80 51 66 8 0 1 0.00 0.0 0 7.3 16 240 M M 1 18 23 230
24 79 53 66 8 0 1 0.00 0.0 0 6.4 14 220 M M 2 28 17 220
25 81 55 68 10 0 3 0.00 0.0 0 6.2 16 200 M M 3 128 23 200
26 80 60 70 13 0 5 0.00 0.0 0 10.5 18 200 M M 0 25 200
27 79 64 72 15 0 7 0.00 0.0 0 10.9 23 220 M M 3 30 220
28 64 52 58 2 7 0 0.46 0.0 0 6.7 16 330 M M 8 8 21 330
29 62 47 55 -1 10 0 0.07 0.0 0 7.8 15 260 M M 5 20 240
30 62 46 54 -2 11 0 0.12 0.0 0 10.4 24 290 M M 7 3 31 280
================================================================================
SM 2141 1543 141 40 3.94 0.0 258.5 M 112
================================================================================
AV 71.4 51.4 8.6 FASTST M M 4 MAX(MPH)
MISC ----> 31 230 47 250
================================================================================
NOTES:
# LAST OF SEVERAL OCCURRENCES
COLUMN 17 PEAK WIND IN M.P.H.
PRELIMINARY LOCAL CLIMATOLOGICAL DATA (WS FORM: F-6) , PAGE 2
STATION: TRI CITIES MI
MONTH: SEPTEMBER
YEAR: 2020
LATITUDE: 43 31 N
LONGITUDE: 84 5 W
[TEMPERATURE DATA] [PRECIPITATION DATA] SYMBOLS USED IN COLUMN 16
AVERAGE MONTHLY: 61.4 TOTAL FOR MONTH: 3.94 1 = FOG OR MIST
DPTR FM NORMAL: 0.1 DPTR FM NORMAL: 0.11 2 = FOG REDUCING VISIBILITY
HIGHEST: 85 ON 3 GRTST 24HR 2.00 ON 6- 7 TO 1/4 MILE OR LESS
LOWEST: 36 ON 19 3 = THUNDER
SNOW, ICE PELLETS, HAIL 4 = ICE PELLETS
TOTAL MONTH: 0.0 INCH 5 = HAIL
GRTST 24HR 0.0 6 = FREEZING RAIN OR DRIZZLE
GRTST DEPTH: 0 7 = DUSTSTORM OR SANDSTORM:
VSBY 1/2 MILE OR LESS
8 = SMOKE OR HAZE
[NO. OF DAYS WITH] [WEATHER - DAYS WITH] 9 = BLOWING SNOW
X = TORNADO
MAX 32 OR BELOW: 0 0.01 INCH OR MORE: 12
MAX 90 OR ABOVE: 0 0.10 INCH OR MORE: 7
MIN 32 OR BELOW: 0 0.50 INCH OR MORE: 3
MIN 0 OR BELOW: 0 1.00 INCH OR MORE: 1
[HDD (BASE 65) ]
TOTAL THIS MO. 141 CLEAR (SCALE 0-3) 16
DPTR FM NORMAL -18 PTCLDY (SCALE 4-7) 10
TOTAL FM JUL 1 145 CLOUDY (SCALE 8-10) 4
DPTR FM NORMAL -54
[CDD (BASE 65) ]
TOTAL THIS MO. 40
DPTR FM NORMAL -8 [PRESSURE DATA]
TOTAL FM JAN 1 853 HIGHEST SLP M ON M
DPTR FM NORMAL 301 LOWEST SLP 29.47 ON 30
[REMARKS]
#FINAL-09-20#