000
CXUS54 KLIX 010910
CF6MCB
PRELIMINARY LOCAL CLIMATOLOGICAL DATA (WS FORM: F-6)
STATION: MCCOMB
MONTH: NOVEMBER
YEAR: 2023
LATITUDE: 31 10 N
LONGITUDE: 90 28 W
TEMPERATURE IN F: :PCPN: SNOW: WIND :SUNSHINE: SKY :PK WND
================================================================================
1 2 3 4 5 6A 6B 7 8 9 10 11 12 13 14 15 16 17 18
12Z AVG MX 2MIN
DY MAX MIN AVG DEP HDD CDD WTR SNW DPTH SPD SPD DIR MIN PSBL S-S WX SPD DR
================================================================================
1 58 36 47 -14 18 0 0.00 0.0 M 7.2 17 350 M M 0 25 360
2 67 31 49 -12 16 0 0.00 0.0 M 3.6 12 100 M M 0 18 130
3 75 34 55 -6 10 0 0.00 0.0 M 2.1 10 200 M M 0 14 200
4 79 40 60 0 5 0 0.00 0.0 M 1.5 10 190 M M 0 13 170
5 81 44 63 3 2 0 0.00 0.0 M 3.1 12 340 M M 0 15 330
6 82 49 66 6 0 1 0.00 0.0 M 4.4 13 180 M M 0 19 230
7 84 50 67 8 0 2 0.00 0.0 M 4.0 14 180 M M 2 12 20 210
8 83 56 70 11 0 5 0.00 0.0 M 6.7 17 190 M M 3 12 23 200
9 82 62 72 13 0 7 0.00 0.0 M 4.4 13 170 M M 7 12 17 160
10 69 57 63 5 2 0 0.08 0.0 M 5.5 12 10 M M 10 1 17 20
11 60 57 59 1 6 0 0.02 0.0 M 5.1 9 350 M M 10 1 17 30
12 71 57 64 6 1 0 0.00 0.0 M 5.4 12 30 M M 9 1 19 20
13 61 56 59 2 6 0 0.18 0.0 M 4.5 9 110 M M 10 1 16 110
14 61 55 58 1 7 0 0.25 0.0 M 5.0 12 100 M M 10 1 20 90
15 62 54 58 1 7 0 0.03 0.0 M 5.6 10 30 M M 10 1 19 60
16 68 55 62 6 3 0 0.01 0.0 M 3.7 10 80 M M 9 1 18 70
17 73 54 64 8 1 0 0.00 0.0 M 2.7 8 320 M M 8 1 11 320
18 73 49 61 5 4 0 0.00 0.0 M 6.3 15 330 M M 5 22 320
19 70 37 54 -2 11 0 0.00 0.0 M 3.0 8 140 M M 0 11 130
20 81 46 64 8 1 0 3.06 M M 11.1 25 270 M M 6 123 40 290
21 68 49 59 4 6 0 0.02 M M 9.7 18 330 M M 10 1 24 330
22 59 39 49 -6 16 0 0.00 0.0 M 6.9 17 340 M M 2 1 23 330
23 51 38 45 -10 20 0 0.08 M M 1.8 7 160 M M 3 1 10 140
24 58 42 50 -5 15 0 0.00 0.0 M 2.3 8 340 M M 8 1 11 340
25 67 42 55 1 10 0 0.00 0.0 M 3.8 8 110 M M 2 12 60
26 65 43 54 0 11 0 0.11 M M 8.6 20 340 M M 5 1 27 350
27 54 35 45 -9 20 0 0.00 0.0 M 6.9 15 330 M M 0 22 330
28 60 32 46 -8 19 0 0.00 0.0 M 4.5 13 340 M M 0 17 340
29 61 29 45 -9 20 0 0.00 0.0 M 1.9 8 160 M M 0 12 180
30 60 37 49 -5 16 0 0.45 M M 9.2 24 150 M M 5 1 37 130
================================================================================
SM 2043 1365 253 15 4.29 0.0 150.5 M 134
================================================================================
AV 68.1 45.5 5.0 FASTST M M 4 MAX(MPH)
MISC ----> 25 270 40 290
================================================================================
NOTES:
# LAST OF SEVERAL OCCURRENCES
COLUMN 17 PEAK WIND IN M.P.H.
PRELIMINARY LOCAL CLIMATOLOGICAL DATA (WS FORM: F-6) , PAGE 2
STATION: MCCOMB
MONTH: NOVEMBER
YEAR: 2023
LATITUDE: 31 10 N
LONGITUDE: 90 28 W
[TEMPERATURE DATA] [PRECIPITATION DATA] SYMBOLS USED IN COLUMN 16
AVERAGE MONTHLY: 56.8 TOTAL FOR MONTH: 4.29 1 = FOG OR MIST
DPTR FM NORMAL: -0.1 DPTR FM NORMAL: 0.38 2 = FOG REDUCING VISIBILITY
HIGHEST: 84 ON 7 GRTST 24HR 3.07 ON 20-21 TO 1/4 MILE OR LESS
LOWEST: 29 ON 29 3 = THUNDER
SNOW, ICE PELLETS, HAIL 4 = ICE PELLETS
TOTAL MONTH: 0.0 INCH 5 = HAIL
GRTST 24HR 0.0 6 = FREEZING RAIN OR DRIZZLE
GRTST DEPTH: M ON M 7 = DUSTSTORM OR SANDSTORM:
VSBY 1/2 MILE OR LESS
8 = SMOKE OR HAZE
[NO. OF DAYS WITH] [WEATHER - DAYS WITH] 9 = BLOWING SNOW
X = TORNADO
MAX 32 OR BELOW: 0 0.01 INCH OR MORE: 11
MAX 90 OR ABOVE: 0 0.10 INCH OR MORE: 5
MIN 32 OR BELOW: 3 0.50 INCH OR MORE: 1
MIN 0 OR BELOW: 0 1.00 INCH OR MORE: 1
[HDD (BASE 65) ]
TOTAL THIS MO. 253 CLEAR (SCALE 0-3) 14
DPTR FM NORMAL -13 PTCLDY (SCALE 4-7) 8
TOTAL FM JUL 1 316 CLOUDY (SCALE 8-10) 8
DPTR FM NORMAL -19
[CDD (BASE 65) ]
TOTAL THIS MO. 15
DPTR FM NORMAL -9 [PRESSURE DATA]
TOTAL FM JAN 1 2882 HIGHEST SLP 30.43 ON 1
DPTR FM NORMAL 526 LOWEST SLP 29.71 ON 20
[REMARKS]
#FINAL-11-23#