000
CXUS56 KHNX 031524
CF6MCE
PRELIMINARY LOCAL CLIMATOLOGICAL DATA (WS FORM: F-6)
STATION: MERCED CA AIRPORT
MONTH: JULY
YEAR: 2023
LATITUDE: 37 16 N
LONGITUDE: 120 36 W
TEMPERATURE IN F: :PCPN: SNOW: WIND :SUNSHINE: SKY :PK WND
================================================================================
1 2 3 4 5 6A 6B 7 8 9 10 11 12 13 14 15 16 17 18
12Z AVG MX 2MIN
DY MAX MIN AVG DEP HDD CDD WTR SNW DPTH SPD SPD DIR MIN PSBL S-S WX SPD DR
================================================================================
1 108 69 89 11 0 24 0.00 0.0 0 6.6 16 340 M M 0 20 340
2 107 71 89 11 0 24 0.00 0.0 0 7.6 16 310 M M 0 22 330
3 101 67 84 6 0 19 0.00 0.0 0 6.5 13 260 M M 0 17 270
4 97 63 80 2 0 15 0.00 0.0 0 7.2 13 340 M M 0 15 350
5 95 63 79 1 0 14 0.00 0.0 0 7.8 13 320 M M 0 16 330
6 91 59 75 -3 0 10 0.00 0.0 0 8.5 14 350 M M 0 18 320
7 89 57 73 -6 0 8 0.00 0.0 0 8.2 14 310 M M 0 18 310
8 88 56 72 -7 0 7 0.00 0.0 0 8.0 16 310 M M 0 23 320
9 85 54 70 -9 0 5 0.00 0.0 0 8.2 14 340 M M 0 17 340
10 90 55 73 -6 0 8 0.00 0.0 0 6.2 12 330 M M 0 14 300
11 98 58 78 -1 0 13 0.00 0.0 0 3.8 10 340 M M 0 12 330
12 99 63 81 2 0 16 0.00 0.0 0 6.3 12 360 M M 0 14 260
13 98 61 80 1 0 15 0.00 0.0 0 7.4 16 340 M M 0 19 350
14 100 63 82 3 0 17 0.00 0.0 0 6.6 14 350 M M 0 17 310
15 104 66 85 6 0 20 0.00 0.0 0 4.7 13 340 M M 0 15 310
16 109 69 89 10 0 24 0.00 0.0 0 3.4 9 320 M M 0 11 310
17 105 76 91 12 0 26 0.00 0.0 0 6.2 13 270 M M 0 17 260
18 101 73 87 8 0 22 0.02 0.0 0 5.1 12 300 M M 1 3 14 310
19 98 66 82 3 0 17 0.00 0.0 0 6.4 13 340 M M 0 8 15 340
20 99 63 81 1 0 16 0.00 0.0 0 6.9 14 340 M M 0 17 340
21 105 62 84 4 0 19 0.00 0.0 0 4.8 14 320 M M 0 8 18 310
22 105 65 85 6 0 20 0.00 0.0 0 4.3 10 310 M M 0 15 310
23 106 73 90 11 0 25 0.00 0.0 0 5.6 12 280 M M 0 14 290
24 99 67 83 4 0 18 0.00 0.0 0 8.4 14 330 M M 0 18 350
25 99 62 81 2 0 16 0.00 0.0 0 6.9 14 330 M M 0 18 310
26 100 66 83 4 0 18 0.00 0.0 0 5.3 13 330 M M 0 16 340
27 98 64 81 2 0 16 0.00 0.0 0 6.8 16 340 M M 0 19 340
28 96 60 78 -1 0 13 0.00 0.0 0 7.9 15 340 M M 0 18 330
29 99 62 81 2 0 16 0.00 0.0 0 6.9 15 330 M M 0 19 340
30 101 65 83 4 0 18 0.00 0.0 0 6.9 14 340 M M 0 17 330
31 98 64 81 2 0 16 0.00 0.0 0 5.9 12 360 M M 0 17 350
================================================================================
SM 3068 1982 0 515 0.02 0.0 201.3 M 1
================================================================================
AV 99.0 63.9 6.5 FASTST M M 0 MAX(MPH)
MISC ----> # 16 340 23 320
================================================================================
NOTES:
# LAST OF SEVERAL OCCURRENCES
COLUMN 17 PEAK WIND IN M.P.H.
PRELIMINARY LOCAL CLIMATOLOGICAL DATA (WS FORM: F-6) , PAGE 2
STATION: MERCED CA AIRPORT
MONTH: JULY
YEAR: 2023
LATITUDE: 37 16 N
LONGITUDE: 120 36 W
[TEMPERATURE DATA] [PRECIPITATION DATA] SYMBOLS USED IN COLUMN 16
AVERAGE MONTHLY: 81.5 TOTAL FOR MONTH: 0.02 1 = FOG OR MIST
DPTR FM NORMAL: 2.5 DPTR FM NORMAL: 0.02 2 = FOG REDUCING VISIBILITY
HIGHEST: 109 ON 16 GRTST 24HR 0.02 ON 18-18 TO 1/4 MILE OR LESS
LOWEST: 54 ON 9 3 = THUNDER
SNOW, ICE PELLETS, HAIL 4 = ICE PELLETS
TOTAL MONTH: 0.0 INCH 5 = HAIL
GRTST 24HR 0.0 6 = FREEZING RAIN OR DRIZZLE
GRTST DEPTH: 0 7 = DUSTSTORM OR SANDSTORM:
VSBY 1/2 MILE OR LESS
8 = SMOKE OR HAZE
[NO. OF DAYS WITH] [WEATHER - DAYS WITH] 9 = BLOWING SNOW
X = TORNADO
MAX 32 OR BELOW: 0 0.01 INCH OR MORE: 1
MAX 90 OR ABOVE: 28 0.10 INCH OR MORE: 0
MIN 32 OR BELOW: 0 0.50 INCH OR MORE: 0
MIN 0 OR BELOW: 0 1.00 INCH OR MORE: 0
[HDD (BASE 65) ]
TOTAL THIS MO. 0 CLEAR (SCALE 0-3) 31
DPTR FM NORMAL 0 PTCLDY (SCALE 4-7) 0
TOTAL FM JUL 1 0 CLOUDY (SCALE 8-10) 0
DPTR FM NORMAL 0
[CDD (BASE 65) ]
TOTAL THIS MO. 515
DPTR FM NORMAL 81 [PRESSURE DATA]
TOTAL FM JAN 1 885 HIGHEST SLP 30.00 ON 29
DPTR FM NORMAL 27 LOWEST SLP 29.71 ON 22
[REMARKS]
#FINAL-07-23#