000
CXUS56 KHNX 052252
CF6MCE
PRELIMINARY LOCAL CLIMATOLOGICAL DATA (WS FORM: F-6)
STATION: MERCED CA AIRPORT
MONTH: SEPTEMBER
YEAR: 2022
LATITUDE: 37 16 N
LONGITUDE: 120 36 W
TEMPERATURE IN F: :PCPN: SNOW: WIND :SUNSHINE: SKY :PK WND
================================================================================
1 2 3 4 5 6A 6B 7 8 9 10 11 12 13 14 15 16 17 18
12Z AVG MX 2MIN
DY MAX MIN AVG DEP HDD CDD WTR SNW DPTH SPD SPD DIR MIN PSBL S-S WX SPD DR
================================================================================
1 105 62 84 8 0 19 0.00 0.0 0 5.1 14 340 M M 0 17 350
2 107 68 88 12 0 23 0.00 0.0 0 7.4 16 340 M M 0 18 350
3 106 72 89 13 0 24 0.00 0.0 0 9.6 17 330 M M 0 8 22 320
4 106 67 87 11 0 22 0.00 0.0 0 4.9 12 330 M M 0 15 350
5 108 68 88 12 0 23 0.00 0.0 0 4.4 14 340 M M 0 17 340
6 116 74 95 19 0 30 0.00 0.0 0 4.4 10 250 M M 1 15 250
7 111 70 91 15 0 26 0.00 0.0 0 7.6 18 310 M M 0 8 22 310
8 109 70 90 15 0 25 0.00 0.0 0 6.6 16 340 M M 0 8 20 350
9 106 70 88 13 0 23 0.00 0.0 0 4.8 12 130 M M 0 14 270
10 93 75 84 9 0 19 0.00 0.0 0 7.1 17 330 M M 0 22 320
11 94 72 83 8 0 18 0.00 0.0 0 7.0 14 320 M M 0 8 18 330
12 97 68 83 8 0 18 0.00 0.0 0 6.6 14 340 M M 1 17 350
13 87 64 76 2 0 11 0.00 0.0 0 9.0 16 340 M M 2 22 330
14 84 57 71 -3 0 6 0.00 0.0 0 8.1 16 330 M M 0 20 330
15 83 59 71 -3 0 6 0.00 0.0 0 8.2 15 350 M M 0 18 340
16 85 54 70 -4 0 5 0.00 0.0 0 5.1 12 330 M M 0 18 15 320
17 84 56 70 -3 0 5 0.00 0.0 0 6.3 15 250 M M 0 19 250
18 80 59 70 -3 0 5 0.09 0.0 0 9.1 24 140 M M 6 29 140
19 76 63 70 -3 0 5 0.11 0.0 0 8.1 16 100 M M 8 21 100
20 81 57 69 -4 0 4 0.00 0.0 0 2.8 13 330 M M 4 128 16 330
21 82 59 71 -1 0 6 0.00 0.0 0 5.1 14 350 M M 2 18 340
22 85 58 72 0 0 7 0.00 0.0 0 8.2 16 320 M M 0 24 320
23 92 52 72 0 0 7 0.00 0.0 0 3.5 10 330 M M 0 13 330
24 97 55 76 4 0 11 0.00 0.0 0 3.5 13 330 M M 0 17 360
25 97 61 79 8 0 14 0.00 0.0 0 4.3 12 320 M M 0 14 340
26 97 63 80 9 0 15 0.00 0.0 0 6.6 10 340 M M 0 14 350
27 94 61 78 7 0 13 0.00 0.0 0 7.7 13 350 M M 0 16 350
28 92 56 74 4 0 9 0.00 0.0 0 8.4 16 330 M M 0 21 330
29 90 59 75 5 0 10 0.00 0.0 0 6.7 15 320 M M 0 19 340
30 92 56 74 4 0 9 0.00 0.0 0 3.3 10 340 M M 0 8 14 300
================================================================================
SM 2836 1885 0 418 0.20 0.0 189.5 M 24
================================================================================
AV 94.5 62.8 6.3 FASTST M M 1 MAX(MPH)
MISC ----> 24 140 29 140
================================================================================
NOTES:
# LAST OF SEVERAL OCCURRENCES
COLUMN 17 PEAK WIND IN M.P.H.
PRELIMINARY LOCAL CLIMATOLOGICAL DATA (WS FORM: F-6) , PAGE 2
STATION: MERCED CA AIRPORT
MONTH: SEPTEMBER
YEAR: 2022
LATITUDE: 37 16 N
LONGITUDE: 120 36 W
[TEMPERATURE DATA] [PRECIPITATION DATA] SYMBOLS USED IN COLUMN 16
AVERAGE MONTHLY: 78.7 TOTAL FOR MONTH: 0.20 1 = FOG OR MIST
DPTR FM NORMAL: 5.2 DPTR FM NORMAL: 0.15 2 = FOG REDUCING VISIBILITY
HIGHEST: 116 ON 6 GRTST 24HR 0.16 ON 18-19 TO 1/4 MILE OR LESS
LOWEST: 52 ON 23 3 = THUNDER
SNOW, ICE PELLETS, HAIL 4 = ICE PELLETS
TOTAL MONTH: 0.0 INCH 5 = HAIL
GRTST 24HR 0.0 6 = FREEZING RAIN OR DRIZZLE
GRTST DEPTH: 0 7 = DUSTSTORM OR SANDSTORM:
VSBY 1/2 MILE OR LESS
8 = SMOKE OR HAZE
[NO. OF DAYS WITH] [WEATHER - DAYS WITH] 9 = BLOWING SNOW
X = TORNADO
MAX 32 OR BELOW: 0 0.01 INCH OR MORE: 2
MAX 90 OR ABOVE: 20 0.10 INCH OR MORE: 1
MIN 32 OR BELOW: 0 0.50 INCH OR MORE: 0
MIN 0 OR BELOW: 0 1.00 INCH OR MORE: 0
[HDD (BASE 65) ]
TOTAL THIS MO. 0 CLEAR (SCALE 0-3) 27
DPTR FM NORMAL -7 PTCLDY (SCALE 4-7) 2
TOTAL FM JUL 1 0 CLOUDY (SCALE 8-10) 1
DPTR FM NORMAL -4
[CDD (BASE 65) ]
TOTAL THIS MO. 418
DPTR FM NORMAL 156 [PRESSURE DATA]
TOTAL FM JAN 1 2029 HIGHEST SLP 30.06 ON 22
DPTR FM NORMAL 511 LOWEST SLP 29.45 ON 9
[REMARKS]
#FINAL-09-22#